{"id":1002,"date":"2013-03-10T00:00:35","date_gmt":"2013-03-09T23:00:35","guid":{"rendered":"http:\/\/www.lusofonia-muenchen.de\/wordpress-2020\/archiv\/eu-negociando-sentidos\/"},"modified":"2020-09-11T11:33:02","modified_gmt":"2020-09-11T09:33:02","slug":"eu-negociando-sentidos","status":"publish","type":"archivbeitrag","link":"https:\/\/www.lusofonia-muenchen.de\/pt\/arquivo\/eu-negociando-sentidos\/","title":{"rendered":"EU &#8211; Negociando Sentidos"},"content":{"rendered":"<p>Espet\u00e1culo transm\u00eddia com formato in\u00e9dito no mundo, coloca o p\u00fablico em contato direto com os personagens da hist\u00f3ria, atrav\u00e9s de redes sociais e em encontros c\u00eanicos presenciais, misturando realidade e fic\u00e7\u00e3o. Voc\u00ea adiciona os perfis dos personagens no Facebook, <strong>descobre a hist\u00f3ria da pe\u00e7a em conversas no bate-papo, <\/strong>conhece os personagens pessoalmente e participa ativamente dos rumos da dramaturgia. Seja por onze dias parte de uma fic\u00e7\u00e3o \u2013 na vida real.<\/p>\n<p><span style=\"text-decoration: underline;\">Sinopse<\/span><strong><span style=\"text-decoration: underline;\">:<\/span><\/strong> Uma artista sonha com o rosto de uma mulher desconhecida frequentemente. Ela tem uma \u00fanica certeza: essa mulher existe e est\u00e1 em Munique&#8230;<\/p>\n<p><span style=\"text-decoration: underline;\">Lugares<\/span>: Facebook, cidade de Munique e Villa Waldberta<br \/>\n<span style=\"text-decoration: underline;\">Valor<\/span>: 10,00 \u20ac<br \/>\nInscri\u00e7\u00e3o: <a href=\"mailto:contato@excompanhiadeteatro.com.br\">contato@excompanhiadeteatro.com.br<\/a><\/p>\n<p>Dire\u00e7\u00e3o e idealiza\u00e7\u00e3o: <strong>ExCompanhia de Teatro<\/strong> (<strong>Bernardo Galegale<\/strong> e <strong>Gustavo Vaz<\/strong>)<br \/>\nElenco Alemanha: <strong>Camila Rhodi<\/strong> e <strong>Gabi Pinheiro<br \/>\n<\/strong><\/p>\n<p><span style=\"text-decoration: underline;\">Cronograma<br \/>\n<\/span>10 de mar\u00e7o: in\u00edcio do contato do p\u00fablico com os personagens pelo Facebook<br \/>\nEntre 10 e 20 de mar\u00e7o: contato dos personagens com o p\u00fablico via Facebook, Skype e transmiss\u00e3o de encontros c\u00eanicos via internet<br \/>\n21 de mar\u00e7o: encontro c\u00eanico presencial entre p\u00fablico e personagens na Villa Waldberta<\/p>\n<p>A<strong> ExCompanhia de Teatro<\/strong> tem como objetivo pesquisar e discutir a contemporaneidade no Teatro, nas rela\u00e7\u00f5es sociais e nos meios de produ\u00e7\u00e3o art\u00edsticos. Utilizando o <strong>Teatro de Acontecimento<\/strong>, que engloba imprevisibilidade e participa\u00e7\u00e3o direta do p\u00fablico na resultante art\u00edstica. O espet\u00e1culo estreou em S\u00e3o Paulo, tendo sido um dos trabalhos mais inovadores e potentes no ano de 2012. O espet\u00e1culo apresentado na Alemanha \u00e9 uma vers\u00e3o reduzida do formato transm\u00eddia utilizado na temporada brasileira.<\/p>\n<p>Informa\u00e7\u00f5es: <a href=\"http:\/\/www.excompanhiadeteatro.com.br\/\" target=\"_blank\" rel=\"noopener noreferrer\">www.excompanhiadeteatro.com.br<\/a><br \/>\nContato: <a href=\"mailto:contato@excompanhiadeteatro.com.br\">contato@excompanhiadeteatro.com.br<\/a><\/p>\n<p><strong>Bernardo Galegale<\/strong> integra o <strong>coletivo+br13<\/strong> convidado para resid\u00eancia art\u00edstica na Villa Waldberta, casa de artistas da cidade de Munique, e apoiado pelo Departamento Cultural da Cidade de Munique. <a title=\"p\" href=\"http:\/\/plusbrasil.org\/\" target=\"_blank\" rel=\"noopener noreferrer\">PLUSbrasil <\/a>\u00e9 um projeto da <a title=\"HumaVida\" href=\"http:\/\/www.humavida.com.br\" target=\"_blank\" rel=\"noopener noreferrer\">HumaVida<\/a> S\u00e3o Paulo e LUSOFONIA, Munique.<\/p>\n","protected":false},"excerpt":{"rendered":"<p>Espet\u00e1culo transm\u00eddia com a ExCompanhia de Teatro. Seja por onze dias parte de uma fic\u00e7\u00e3o \u2013 na vida real.<\/p>\n","protected":false},"author":8,"featured_media":0,"template":"","meta":{"_acf_changed":false,"inline_featured_image":false},"categories":[83],"autor":[],"land":[],"jahr":[80],"acf":[],"_links":{"self":[{"href":"https:\/\/www.lusofonia-muenchen.de\/pt\/wp-json\/wp\/v2\/archivbeitrag\/1002"}],"collection":[{"href":"https:\/\/www.lusofonia-muenchen.de\/pt\/wp-json\/wp\/v2\/archivbeitrag"}],"about":[{"href":"https:\/\/www.lusofonia-muenchen.de\/pt\/wp-json\/wp\/v2\/types\/archivbeitrag"}],"author":[{"embeddable":true,"href":"https:\/\/www.lusofonia-muenchen.de\/pt\/wp-json\/wp\/v2\/users\/8"}],"wp:attachment":[{"href":"https:\/\/www.lusofonia-muenchen.de\/pt\/wp-json\/wp\/v2\/media?parent=1002"}],"wp:term":[{"taxonomy":"category","embeddable":true,"href":"https:\/\/www.lusofonia-muenchen.de\/pt\/wp-json\/wp\/v2\/categories?post=1002"},{"taxonomy":"autor","embeddable":true,"href":"https:\/\/www.lusofonia-muenchen.de\/pt\/wp-json\/wp\/v2\/autor?post=1002"},{"taxonomy":"land","embeddable":true,"href":"https:\/\/www.lusofonia-muenchen.de\/pt\/wp-json\/wp\/v2\/land?post=1002"},{"taxonomy":"jahr","embeddable":true,"href":"https:\/\/www.lusofonia-muenchen.de\/pt\/wp-json\/wp\/v2\/jahr?post=1002"}],"curies":[{"name":"wp","href":"https:\/\/api.w.org\/{rel}","templated":true}]}}

<p>Espetáculo transmídia com formato inédito no mundo, coloca o público em contato direto com os personagens da história, através de redes sociais e em encontros cênicos presenciais, misturando realidade e ficção. Você adiciona os perfis dos personagens no Facebook, <strong>descobre a história da peça em conversas no bate-papo, </strong>conhece os personagens pessoalmente e participa ativamente dos rumos da dramaturgia. Seja por onze dias parte de uma ficção – na vida real.</p>
<p><span style="text-decoration: underline;">Sinopse</span><strong><span style="text-decoration: underline;">:</span></strong> Uma artista sonha com o rosto de uma mulher desconhecida frequentemente. Ela tem uma única certeza: essa mulher existe e está em Munique&#8230;</p>
<p><span style="text-decoration: underline;">Lugares</span>: Facebook, cidade de Munique e Villa Waldberta<br />
<span style="text-decoration: underline;">Valor</span>: 10,00 €<br />
Inscrição: <a href="mailto:contato@excompanhiadeteatro.com.br">contato@excompanhiadeteatro.com.br</a></p>
<p>Direção e idealização: <strong>ExCompanhia de Teatro</strong> (<strong>Bernardo Galegale</strong> e <strong>Gustavo Vaz</strong>)<br />
Elenco Alemanha: <strong>Camila Rhodi</strong> e <strong>Gabi Pinheiro<br />
</strong></p>
<p><span style="text-decoration: underline;">Cronograma<br />
</span>10 de março: início do contato do público com os personagens pelo Facebook<br />
Entre 10 e 20 de março: contato dos personagens com o público via Facebook, Skype e transmissão de encontros cênicos via internet<br />
21 de março: encontro cênico presencial entre público e personagens na Villa Waldberta</p>
<p>A<strong> ExCompanhia de Teatro</strong> tem como objetivo pesquisar e discutir a contemporaneidade no Teatro, nas relações sociais e nos meios de produção artísticos. Utilizando o <strong>Teatro de Acontecimento</strong>, que engloba imprevisibilidade e participação direta do público na resultante artística. O espetáculo estreou em São Paulo, tendo sido um dos trabalhos mais inovadores e potentes no ano de 2012. O espetáculo apresentado na Alemanha é uma versão reduzida do formato transmídia utilizado na temporada brasileira.</p>
<p>Informações: <a href="http://www.excompanhiadeteatro.com.br/" target="_blank" rel="noopener noreferrer">www.excompanhiadeteatro.com.br</a><br />
Contato: <a href="mailto:contato@excompanhiadeteatro.com.br">contato@excompanhiadeteatro.com.br</a></p>
<p><strong>Bernardo Galegale</strong> integra o <strong>coletivo+br13</strong> convidado para residência artística na Villa Waldberta, casa de artistas da cidade de Munique, e apoiado pelo Departamento Cultural da Cidade de Munique. <a title="p" href="http://plusbrasil.org/" target="_blank" rel="noopener noreferrer">PLUSbrasil </a>é um projeto da <a title="HumaVida" href="http://www.humavida.com.br" target="_blank" rel="noopener noreferrer">HumaVida</a> São Paulo e LUSOFONIA, Munique.</p>

<p>Espetáculo transmídia com a ExCompanhia de Teatro. Seja por onze dias parte de uma ficção – na vida real.</p>
