{"id":1089,"date":"2014-12-20T20:30:12","date_gmt":"2014-12-20T19:30:12","guid":{"rendered":"http:\/\/www.lusofonia-muenchen.de\/wordpress-2020\/archiv\/sabores-do-fado\/"},"modified":"2021-11-05T22:08:44","modified_gmt":"2021-11-05T21:08:44","slug":"sabores-do-fado","status":"publish","type":"archivbeitrag","link":"https:\/\/www.lusofonia-muenchen.de\/pt\/arquivo\/sabores-do-fado\/","title":{"rendered":"Sabores do Fado &#8211; Jantar e Fado"},"content":{"rendered":"<p>Jantar portugu\u00eas com o cozinheiro e fadista\u00a0<strong><span class=\"Apple-style-span\">Ant\u00f3nio de Brito<\/span><\/strong><\/p>\n<p>Sabores do Fado &#8211; Desfrute de uma ementa genuinamente portuguesa de 4 pratos. Seguem-se fados e guitarradas.<\/p>\n<p><span class=\"Apple-style-span\">Ant\u00f3nio de Brito<\/span>\u00a0vai encantar o seu paladar e o seu ouvido. Um cozinheiro dotado e um portugu\u00eas de raiz. Que ir\u00e1 tocar viola e cantar o fado, acompanhado \u00e0 guitarra por\u00a0<strong><span class=\"Apple-style-span\">Lu\u00eds Maria H\u00f6lzl<\/span><\/strong>.<\/p>\n<p>Deixe-se levar e venha ao encontro da saudade, da alegria e da dedica\u00e7\u00e3o no ambiente especial do Hollabusch:<br \/>\n<a href=\"http:\/\/www.derhollabusch.de\/\" target=\"_blank\" rel=\"noopener noreferrer\">www.derhollabusch.de<\/a><\/p>\n<p>Evento organizado em coopera\u00e7\u00e3o com a LUSOFONIA e.V.<\/p>\n","protected":false},"excerpt":{"rendered":"<p>Uma noite de fado com jantar portugu\u00eas. Desfrute de uma ementa genuinamente portuguesa de 4 pratos. Seguem-se fados e guitarradas.<\/p>\n<p>Com o cozinheiro e fadista Ant\u00f3nio de Brito e Lu\u00eds Maria H\u00f6lzl na guitarra.<\/p>\n","protected":false},"author":5,"featured_media":780,"template":"","meta":{"_acf_changed":false,"inline_featured_image":false},"categories":[38],"autor":[159,16],"land":[43],"jahr":[103],"acf":[],"_links":{"self":[{"href":"https:\/\/www.lusofonia-muenchen.de\/pt\/wp-json\/wp\/v2\/archivbeitrag\/1089"}],"collection":[{"href":"https:\/\/www.lusofonia-muenchen.de\/pt\/wp-json\/wp\/v2\/archivbeitrag"}],"about":[{"href":"https:\/\/www.lusofonia-muenchen.de\/pt\/wp-json\/wp\/v2\/types\/archivbeitrag"}],"author":[{"embeddable":true,"href":"https:\/\/www.lusofonia-muenchen.de\/pt\/wp-json\/wp\/v2\/users\/5"}],"wp:featuredmedia":[{"embeddable":true,"href":"https:\/\/www.lusofonia-muenchen.de\/pt\/wp-json\/wp\/v2\/media\/780"}],"wp:attachment":[{"href":"https:\/\/www.lusofonia-muenchen.de\/pt\/wp-json\/wp\/v2\/media?parent=1089"}],"wp:term":[{"taxonomy":"category","embeddable":true,"href":"https:\/\/www.lusofonia-muenchen.de\/pt\/wp-json\/wp\/v2\/categories?post=1089"},{"taxonomy":"autor","embeddable":true,"href":"https:\/\/www.lusofonia-muenchen.de\/pt\/wp-json\/wp\/v2\/autor?post=1089"},{"taxonomy":"land","embeddable":true,"href":"https:\/\/www.lusofonia-muenchen.de\/pt\/wp-json\/wp\/v2\/land?post=1089"},{"taxonomy":"jahr","embeddable":true,"href":"https:\/\/www.lusofonia-muenchen.de\/pt\/wp-json\/wp\/v2\/jahr?post=1089"}],"curies":[{"name":"wp","href":"https:\/\/api.w.org\/{rel}","templated":true}]}}

<p>Jantar português com o cozinheiro e fadista <strong><span class="Apple-style-span">António de Brito</span></strong></p>
<p>Sabores do Fado &#8211; Desfrute de uma ementa genuinamente portuguesa de 4 pratos. Seguem-se fados e guitarradas.</p>
<p><span class="Apple-style-span">António de Brito</span> vai encantar o seu paladar e o seu ouvido. Um cozinheiro dotado e um português de raiz. Que irá tocar viola e cantar o fado, acompanhado à guitarra por <strong><span class="Apple-style-span">Luís Maria Hölzl</span></strong>.</p>
<p>Deixe-se levar e venha ao encontro da saudade, da alegria e da dedicação no ambiente especial do Hollabusch:<br />
<a href="http://www.derhollabusch.de/" target="_blank" rel="noopener noreferrer">www.derhollabusch.de</a></p>
<p>Evento organizado em cooperação com a LUSOFONIA e.V.</p>

<p>Uma noite de fado com jantar português. Desfrute de uma ementa genuinamente portuguesa de 4 pratos. Seguem-se fados e guitarradas.</p>
<p>Com o cozinheiro e fadista António de Brito e Luís Maria Hölzl na guitarra.</p>
