{"id":1169,"date":"2017-05-20T20:00:11","date_gmt":"2017-05-20T18:00:11","guid":{"rendered":"http:\/\/www.lusofonia-muenchen.de\/wordpress-2020\/archiv\/movimento-i-parado-e-suspeito\/"},"modified":"2020-09-28T18:22:05","modified_gmt":"2020-09-28T16:22:05","slug":"movimento-i-parado-e-suspeito","status":"publish","type":"archivbeitrag","link":"https:\/\/www.lusofonia-muenchen.de\/pt\/arquivo\/movimento-i-parado-e-suspeito\/","title":{"rendered":"Movimento I, parado \u00e9 suspeito"},"content":{"rendered":"<p>Qual jovem negro perif\u00e9rico nunca ouviu a seguinte frase: negro parado \u00e9 suspeito, negro correndo \u00e9 ladr\u00e3o? Muitas vezes esta frase, recorrente entre as conversas, surgia como um conselho e preocupa\u00e7\u00e3o vinda dos mais velhos. Pois, \u00e9 a partir deste imagin\u00e1rio bem real da vida dos corpos negros que surge o ponto de partida para esta cria\u00e7\u00e3o coreogr\u00e1fica. Nela revelam-se os preconceitos racistas para com a popula\u00e7\u00e3o afro-brasileira. De que maneira reage o corpo \u00e0 discrimina\u00e7\u00e3o, viol\u00eancia e racismo institucionalizado? A pe\u00e7a\/performance integra elementos da di\u00e1spora africana, como os <em>griots <\/em>(contadores de hist\u00f3rias) sem voz nos livros de hist\u00f3ria, e as interven\u00e7\u00f5es da pol\u00edcia que sempre culpam os negros. A percuss\u00e3o tamb\u00e9m ocupa um papel importante, servindo de mem\u00f3ria atrav\u00e9s da qual o bailarino conta e reconta a hist\u00f3ria. A performance quer dar uma voz ao corpo e ao instrumento um corpo.<\/p>\n<p>A seguir, \u00a0artistas, especialistas e p\u00fablico ir\u00e3o debater sobre o racismo. A noite acaba com um concerto da cantora brasileira <strong>Dandara Modesto<\/strong>.<\/p>\n<p><span style=\"text-decoration: underline;\">Entrada<\/span>: 18\/10 \u20ac<\/p>\n<p><strong>Theater HochX M\u00fcnchen<br \/>\n<\/strong>Entenbachstra\u00dfe 37<br \/>\nTel. 089 \/ 90 155 102<br \/>\n<a href=\"http:\/\/theater-hochx.de\/lopes.html#movimento\" target=\"_blank\" rel=\"noopener noreferrer\">www.theater-hochx.de<\/a><\/p>\n<p>Performance com <strong>Denilson Oliveira<\/strong>, <strong>Lenna Bahule<\/strong>, <strong>Mario Lopes<\/strong>, <strong>Paulo Monarco<\/strong> | Coreografia: Mario Lopes | Concep\u00e7\u00e3o: Denilson Oliveira e Mario Lopes | V\u00eddeo: <strong>Victor Pardinho<\/strong> | Produ\u00e7\u00e3o: Clara Holzheimer<\/p>\n<p>O core\u00f3grafo brasileiro\u00a0<strong>Mario Lopes<\/strong>\u00a0apresenta de 18 a 20 de maio com a plattformPLUS \u2013 uma plataforma de interven\u00e7\u00f5es art\u00edsticas e encontro internacional \u2013 performances de dan\u00e7a e discuss\u00f5es sobre corpos estranhos, racismo e conflitos com normas.<\/p>\n<p><span style=\"text-decoration: underline;\">Programa<\/span>:<br \/>\n<a href=\"?id=2&amp;archiv_id=148&amp;lang=pt\" target=\"_blank\" rel=\"noopener noreferrer\"><strong>ALBUM kodex_feedback<\/strong>\u00a0<\/a><br \/>\nQuinta-feira, 18.05.2017 \u00e0s 20:00 horas \u2013\u00a0<strong>Estreia<br \/>\n<\/strong>&amp; Sexta-feira, 19.05.2017 \u00e0s 20:00 horas<\/p>\n<p><strong>\u00a0<\/strong>Uma produ\u00e7\u00e3o da plattformPLUS em coopera\u00e7\u00e3o com Tanztendenz M\u00fcnchen e.V.<\/p>\n<p>Com o apoio do Instituto Goethe Munique, do departamento cultural da cidade de Munique, de Lusofonia e.V. e da funda\u00e7\u00e3o Friedrich-Ebert.<\/p>\n<p><img loading=\"lazy\" decoding=\"async\" title=\"Logo_Tanztendenz\" src=\"bilder__news_und_archiv\/TT_Logo_40x60_72dpi.jpg\" alt=\"Logo_Tanztendenz\" width=\"60\" height=\"90\" \/>\u00a0\u00a0<img loading=\"lazy\" decoding=\"async\" title=\"Logo_Goethe_Institut\" src=\"bilder__news_und_archiv\/LOGO_1_Goethe_Logo_horizontal_grey_sRGB.jpg\" alt=\"Logo_Goethe_Institut\" width=\"128\" height=\"60\" \/><img loading=\"lazy\" decoding=\"async\" src=\"bilder__news_und_archiv\/kulturref-logo.jpg\" alt=\"\" width=\"176\" height=\"49\" \/>\u00a0\u00a0<img loading=\"lazy\" decoding=\"async\" title=\"Logo_Friedrich-Ebert-Stiftung\" src=\"bilder__news_und_archiv\/Bayernforum-Logo-RGB_22_7_09.jpg\" alt=\"Logo_Friedrich-Ebert-Stiftung\" width=\"90\" height=\"82\" \/><\/p>\n","protected":false},"excerpt":{"rendered":"<p>Espet&aacute;culo de dan&ccedil;a com <strong>Denilson Oliveira<\/strong>, <strong>Lenna Bahule<\/strong>, <strong>Mario Lopes<\/strong> e <strong>Paulo Monarco<\/strong>. Seguido por uma discuss&atilde;o sobre racismo e um concerto da cantora brasileira <strong>Dandara Modesto<\/strong>.<\/p>\n","protected":false},"author":8,"featured_media":684,"template":"","meta":{"_acf_changed":false,"inline_featured_image":false},"categories":[67,28,38],"autor":[185,85,106,162,164],"land":[72],"jahr":[182],"acf":[],"_links":{"self":[{"href":"https:\/\/www.lusofonia-muenchen.de\/pt\/wp-json\/wp\/v2\/archivbeitrag\/1169"}],"collection":[{"href":"https:\/\/www.lusofonia-muenchen.de\/pt\/wp-json\/wp\/v2\/archivbeitrag"}],"about":[{"href":"https:\/\/www.lusofonia-muenchen.de\/pt\/wp-json\/wp\/v2\/types\/archivbeitrag"}],"author":[{"embeddable":true,"href":"https:\/\/www.lusofonia-muenchen.de\/pt\/wp-json\/wp\/v2\/users\/8"}],"wp:featuredmedia":[{"embeddable":true,"href":"https:\/\/www.lusofonia-muenchen.de\/pt\/wp-json\/wp\/v2\/media\/684"}],"wp:attachment":[{"href":"https:\/\/www.lusofonia-muenchen.de\/pt\/wp-json\/wp\/v2\/media?parent=1169"}],"wp:term":[{"taxonomy":"category","embeddable":true,"href":"https:\/\/www.lusofonia-muenchen.de\/pt\/wp-json\/wp\/v2\/categories?post=1169"},{"taxonomy":"autor","embeddable":true,"href":"https:\/\/www.lusofonia-muenchen.de\/pt\/wp-json\/wp\/v2\/autor?post=1169"},{"taxonomy":"land","embeddable":true,"href":"https:\/\/www.lusofonia-muenchen.de\/pt\/wp-json\/wp\/v2\/land?post=1169"},{"taxonomy":"jahr","embeddable":true,"href":"https:\/\/www.lusofonia-muenchen.de\/pt\/wp-json\/wp\/v2\/jahr?post=1169"}],"curies":[{"name":"wp","href":"https:\/\/api.w.org\/{rel}","templated":true}]}}

Movimento I, parado é suspeito

<p>Qual jovem negro periférico nunca ouviu a seguinte frase: negro parado é suspeito, negro correndo é ladrão? Muitas vezes esta frase, recorrente entre as conversas, surgia como um conselho e preocupação vinda dos mais velhos. Pois, é a partir deste imaginário bem real da vida dos corpos negros que surge o ponto de partida para esta criação coreográfica. Nela revelam-se os preconceitos racistas para com a população afro-brasileira. De que maneira reage o corpo à discriminação, violência e racismo institucionalizado? A peça/performance integra elementos da diáspora africana, como os <em>griots </em>(contadores de histórias) sem voz nos livros de história, e as intervenções da polícia que sempre culpam os negros. A percussão também ocupa um papel importante, servindo de memória através da qual o bailarino conta e reconta a história. A performance quer dar uma voz ao corpo e ao instrumento um corpo.</p>
<p>A seguir,  artistas, especialistas e público irão debater sobre o racismo. A noite acaba com um concerto da cantora brasileira <strong>Dandara Modesto</strong>.</p>
<p><span style="text-decoration: underline;">Entrada</span>: 18/10 €</p>
<p><strong>Theater HochX München<br />
</strong>Entenbachstraße 37<br />
Tel. 089 / 90 155 102<br />
<a href="http://theater-hochx.de/lopes.html#movimento" target="_blank" rel="noopener noreferrer">www.theater-hochx.de</a></p>
<p>Performance com <strong>Denilson Oliveira</strong>, <strong>Lenna Bahule</strong>, <strong>Mario Lopes</strong>, <strong>Paulo Monarco</strong> | Coreografia: Mario Lopes | Concepção: Denilson Oliveira e Mario Lopes | Vídeo: <strong>Victor Pardinho</strong> | Produção: Clara Holzheimer</p>
<p>O coreógrafo brasileiro <strong>Mario Lopes</strong> apresenta de 18 a 20 de maio com a plattformPLUS – uma plataforma de intervenções artísticas e encontro internacional – performances de dança e discussões sobre corpos estranhos, racismo e conflitos com normas.</p>
<p><span style="text-decoration: underline;">Programa</span>:<br />
<a href="?id=2&amp;archiv_id=148&amp;lang=pt" target="_blank" rel="noopener noreferrer"><strong>ALBUM kodex_feedback</strong> </a><br />
Quinta-feira, 18.05.2017 às 20:00 horas – <strong>Estreia<br />
</strong>&amp; Sexta-feira, 19.05.2017 às 20:00 horas</p>
<p><strong> </strong>Uma produção da plattformPLUS em cooperação com Tanztendenz München e.V.</p>
<p>Com o apoio do Instituto Goethe Munique, do departamento cultural da cidade de Munique, de Lusofonia e.V. e da fundação Friedrich-Ebert.</p>
<p><img loading="lazy" decoding="async" title="Logo_Tanztendenz" src="bilder__news_und_archiv/TT_Logo_40x60_72dpi.jpg" alt="Logo_Tanztendenz" width="60" height="90" />  <img loading="lazy" decoding="async" title="Logo_Goethe_Institut" src="bilder__news_und_archiv/LOGO_1_Goethe_Logo_horizontal_grey_sRGB.jpg" alt="Logo_Goethe_Institut" width="128" height="60" /><img loading="lazy" decoding="async" src="bilder__news_und_archiv/kulturref-logo.jpg" alt="" width="176" height="49" />  <img loading="lazy" decoding="async" title="Logo_Friedrich-Ebert-Stiftung" src="bilder__news_und_archiv/Bayernforum-Logo-RGB_22_7_09.jpg" alt="Logo_Friedrich-Ebert-Stiftung" width="90" height="82" /></p>
