{"id":935,"date":"2019-11-16T18:30:34","date_gmt":"2019-11-16T17:30:34","guid":{"rendered":"http:\/\/www.lusofonia-muenchen.de\/wordpress-2020\/archiv\/homenagem-a-sophia-1919-2004\/"},"modified":"2020-09-10T23:54:35","modified_gmt":"2020-09-10T21:54:35","slug":"homenagem-a-sophia-1919-2004","status":"publish","type":"archivbeitrag","link":"https:\/\/www.lusofonia-muenchen.de\/pt\/arquivo\/homenagem-a-sophia-1919-2004\/","title":{"rendered":"Homenagem a Sophia (1919 \u2013 2004)"},"content":{"rendered":"<p>No centen\u00e1rio do nascimento de <strong>Sophia de Mello Breyner Andresen<\/strong> (1919 \u2013 2004) a comunidade de l\u00edngua portuguesa em Munique quer prestar homenagem a esta grande poeta. Gera\u00e7\u00f5es de crian\u00e7as portuguesas t\u00eam crescido com as figuras das suas hist\u00f3rias, como a Menina do Mar ou o Rapaz de Bronze. Plenos de sabedoria e encanto, os seus poemas marcaram tempos sombrios, mostrando como a literatura tem a capacidade e o dever de assumir posi\u00e7\u00f5es destemidas e lutar por justi\u00e7a e liberdade. Al\u00e9m deste exemplo de cidadania, Sophia legou-nos um mundo de imagens e de sons numa linguagem concisa e n\u00edtida em que cada palavra toca a nossa sensibilidade.<\/p>\n<p>\u00c0 volta de poemas, pequena prosa e m\u00fasica e petiscos vamos ouvir, saborear, lembrar e conviver.<\/p>\n<p>Lu\u00edsa Costa H\u00f6lzl \u00e9 docente de portugu\u00eas e agente cultural<br \/>\nLu\u00eds Maria H\u00f6lzl \u00e9 m\u00fasico (guitarra, guitarra portuguesa, violino)<\/p>\n<p>Lugar: \u00dcber dem Tellerrand, Caf\u00e9 im Einstein 28<br \/>\nEinsteinstr. 28, N\u00e4he Max-Weber-Platz<\/p>\n<p>Entrada livre<br \/>\nUm evento em l\u00edngua portuguesa de LUSOFONIA e.V.<\/p>\n","protected":false},"excerpt":{"rendered":"<p>Mesmo que eu morra o poema encontrar\u00e1\/<br \/>\nUma praia onde quebrar as suas ondas<\/p>\n<p>Um encontro cheio de poesia, m\u00fasica e petiscos com Lu\u00eds Maria H\u00f6lzl und Lu\u00edsa Costa H\u00f6lzl<\/p>\n","protected":false},"author":1,"featured_media":756,"template":"","meta":{"_acf_changed":false,"inline_featured_image":false},"categories":[33,38],"autor":[69],"land":[43],"jahr":[45],"acf":[],"_links":{"self":[{"href":"https:\/\/www.lusofonia-muenchen.de\/pt\/wp-json\/wp\/v2\/archivbeitrag\/935"}],"collection":[{"href":"https:\/\/www.lusofonia-muenchen.de\/pt\/wp-json\/wp\/v2\/archivbeitrag"}],"about":[{"href":"https:\/\/www.lusofonia-muenchen.de\/pt\/wp-json\/wp\/v2\/types\/archivbeitrag"}],"author":[{"embeddable":true,"href":"https:\/\/www.lusofonia-muenchen.de\/pt\/wp-json\/wp\/v2\/users\/1"}],"wp:featuredmedia":[{"embeddable":true,"href":"https:\/\/www.lusofonia-muenchen.de\/pt\/wp-json\/wp\/v2\/media\/756"}],"wp:attachment":[{"href":"https:\/\/www.lusofonia-muenchen.de\/pt\/wp-json\/wp\/v2\/media?parent=935"}],"wp:term":[{"taxonomy":"category","embeddable":true,"href":"https:\/\/www.lusofonia-muenchen.de\/pt\/wp-json\/wp\/v2\/categories?post=935"},{"taxonomy":"autor","embeddable":true,"href":"https:\/\/www.lusofonia-muenchen.de\/pt\/wp-json\/wp\/v2\/autor?post=935"},{"taxonomy":"land","embeddable":true,"href":"https:\/\/www.lusofonia-muenchen.de\/pt\/wp-json\/wp\/v2\/land?post=935"},{"taxonomy":"jahr","embeddable":true,"href":"https:\/\/www.lusofonia-muenchen.de\/pt\/wp-json\/wp\/v2\/jahr?post=935"}],"curies":[{"name":"wp","href":"https:\/\/api.w.org\/{rel}","templated":true}]}}

<p>No centenário do nascimento de <strong>Sophia de Mello Breyner Andresen</strong> (1919 – 2004) a comunidade de língua portuguesa em Munique quer prestar homenagem a esta grande poeta. Gerações de crianças portuguesas têm crescido com as figuras das suas histórias, como a Menina do Mar ou o Rapaz de Bronze. Plenos de sabedoria e encanto, os seus poemas marcaram tempos sombrios, mostrando como a literatura tem a capacidade e o dever de assumir posições destemidas e lutar por justiça e liberdade. Além deste exemplo de cidadania, Sophia legou-nos um mundo de imagens e de sons numa linguagem concisa e nítida em que cada palavra toca a nossa sensibilidade.</p>
<p>À volta de poemas, pequena prosa e música e petiscos vamos ouvir, saborear, lembrar e conviver.</p>
<p>Luísa Costa Hölzl é docente de português e agente cultural<br />
Luís Maria Hölzl é músico (guitarra, guitarra portuguesa, violino)</p>
<p>Lugar: Über dem Tellerrand, Café im Einstein 28<br />
Einsteinstr. 28, Nähe Max-Weber-Platz</p>
<p>Entrada livre<br />
Um evento em língua portuguesa de LUSOFONIA e.V.</p>

<p>Mesmo que eu morra o poema encontrará/<br />
Uma praia onde quebrar as suas ondas</p>
<p>Um encontro cheio de poesia, música e petiscos com Luís Maria Hölzl und Luísa Costa Hölzl</p>
