{"id":943,"date":"2019-03-10T20:00:34","date_gmt":"2019-03-10T19:00:34","guid":{"rendered":"http:\/\/www.lusofonia-muenchen.de\/wordpress-2020\/archiv\/aline-frazao\/"},"modified":"2021-11-05T18:20:20","modified_gmt":"2021-11-05T17:20:20","slug":"aline-frazao","status":"publish","type":"archivbeitrag","link":"https:\/\/www.lusofonia-muenchen.de\/pt\/arquivo\/aline-frazao\/","title":{"rendered":"Aline Fraz\u00e3o &#038; Band"},"content":{"rendered":"<p><strong>Aline Fraz\u00e3o<\/strong> \u00e9 um dos nomes sonantes da nova gera\u00e7\u00e3o de m\u00fasicos angolanos. Cantora, compositora, guitarrista e produtora, nasceu e cresceu em Luanda, em 1988, e vive atualmente em Lisboa. Em 2011 lan\u00e7ou o seu \u00e1lbum de estreia, <em>Clave Bantu<\/em>, e em 2013 o segundo \u00e1lbum <em>Movimento<\/em>. Come\u00e7aram ent\u00e3o as tourn\u00e9es internacionais e desde ent\u00e3o, Aline tem tido oportunidade de pisar palcos em pa\u00edses como Cabo-Verde, Qu\u00e9nia, Eti\u00f3pia, Tanz\u00e2nia, Alemanha, Brasil, Portugal, Su\u00ed\u00e7a, Noruega, \u00c1ustria.<\/p>\n<p>Com <em>Insular<\/em> editou o seu terceiro disco de originais. Gravado na pequena ilha escocesa de Jura, o disco conta com a produ\u00e7\u00e3o do brit\u00e2nico Giles Perring e com a decisiva participa\u00e7\u00e3o do guitarrista Pedro Geraldes (Linda Martini). Em <em>Insular<\/em> apresentam-se as novas parcerias, com a poetisa angolana Ana Paula Tavares e a rapper portuguesa Capicua, bem como uma vers\u00e3o de \u201cSusana\u201d, de Rosita Palma, com a participa\u00e7\u00e3o especial de Toty Sa&#8217;Med.<\/p>\n<p><a href=\"http:\/\/www.alinefrazao.com\/\" target=\"_blank\" rel=\"noopener\">www.alinefrazao.com<\/a><\/p>\n<p><a href=\"https:\/\/www.youtube.com\/watch?v=hcEiRmL-rtg\" target=\"_blank\" rel=\"noopener\">Youtube-Video \u201eInsular&#8221;<\/a><\/p>\n<p>Um evento do Muffatwerk com o apoio da LUSOFONIA e.V.<\/p>\n","protected":false},"excerpt":{"rendered":"<p>Aline Fraz\u00e3o \u00e9 um dos nomes sonantes da nova gera\u00e7\u00e3o de m\u00fasicos angolanos. Com Insular editou o seu terceiro disco de originais, uma mistura entre Jazz, Rock, Noise e m\u00fasica ac\u00fastica. \u201cUm disco para ser descoberto com o mesmo cuidado e carinho com que claramente foi feito.\u201d (Expresso)<\/p>\n","protected":false},"author":5,"featured_media":438,"template":"","meta":{"_acf_changed":false,"inline_featured_image":false},"categories":[38],"autor":[122,202],"land":[71],"jahr":[100],"acf":[],"_links":{"self":[{"href":"https:\/\/www.lusofonia-muenchen.de\/pt\/wp-json\/wp\/v2\/archivbeitrag\/943"}],"collection":[{"href":"https:\/\/www.lusofonia-muenchen.de\/pt\/wp-json\/wp\/v2\/archivbeitrag"}],"about":[{"href":"https:\/\/www.lusofonia-muenchen.de\/pt\/wp-json\/wp\/v2\/types\/archivbeitrag"}],"author":[{"embeddable":true,"href":"https:\/\/www.lusofonia-muenchen.de\/pt\/wp-json\/wp\/v2\/users\/5"}],"wp:featuredmedia":[{"embeddable":true,"href":"https:\/\/www.lusofonia-muenchen.de\/pt\/wp-json\/wp\/v2\/media\/438"}],"wp:attachment":[{"href":"https:\/\/www.lusofonia-muenchen.de\/pt\/wp-json\/wp\/v2\/media?parent=943"}],"wp:term":[{"taxonomy":"category","embeddable":true,"href":"https:\/\/www.lusofonia-muenchen.de\/pt\/wp-json\/wp\/v2\/categories?post=943"},{"taxonomy":"autor","embeddable":true,"href":"https:\/\/www.lusofonia-muenchen.de\/pt\/wp-json\/wp\/v2\/autor?post=943"},{"taxonomy":"land","embeddable":true,"href":"https:\/\/www.lusofonia-muenchen.de\/pt\/wp-json\/wp\/v2\/land?post=943"},{"taxonomy":"jahr","embeddable":true,"href":"https:\/\/www.lusofonia-muenchen.de\/pt\/wp-json\/wp\/v2\/jahr?post=943"}],"curies":[{"name":"wp","href":"https:\/\/api.w.org\/{rel}","templated":true}]}}

Aline Frazão &#038; Band

<p><strong>Aline Frazão</strong> é um dos nomes sonantes da nova geração de músicos angolanos. Cantora, compositora, guitarrista e produtora, nasceu e cresceu em Luanda, em 1988, e vive atualmente em Lisboa. Em 2011 lançou o seu álbum de estreia, <em>Clave Bantu</em>, e em 2013 o segundo álbum <em>Movimento</em>. Começaram então as tournées internacionais e desde então, Aline tem tido oportunidade de pisar palcos em países como Cabo-Verde, Quénia, Etiópia, Tanzânia, Alemanha, Brasil, Portugal, Suíça, Noruega, Áustria.</p>
<p>Com <em>Insular</em> editou o seu terceiro disco de originais. Gravado na pequena ilha escocesa de Jura, o disco conta com a produção do britânico Giles Perring e com a decisiva participação do guitarrista Pedro Geraldes (Linda Martini). Em <em>Insular</em> apresentam-se as novas parcerias, com a poetisa angolana Ana Paula Tavares e a rapper portuguesa Capicua, bem como uma versão de “Susana”, de Rosita Palma, com a participação especial de Toty Sa&#8217;Med.</p>
<p><a href="http://www.alinefrazao.com/" target="_blank" rel="noopener">www.alinefrazao.com</a></p>
<p><a href="https://www.youtube.com/watch?v=hcEiRmL-rtg" target="_blank" rel="noopener">Youtube-Video „Insular&#8221;</a></p>
<p>Um evento do Muffatwerk com o apoio da LUSOFONIA e.V.</p>

<p>Aline Frazão é um dos nomes sonantes da nova geração de músicos angolanos. Com Insular editou o seu terceiro disco de originais, uma mistura entre Jazz, Rock, Noise e música acústica. “Um disco para ser descoberto com o mesmo cuidado e carinho com que claramente foi feito.” (Expresso)</p>
