{"id":956,"date":"2017-09-05T20:30:34","date_gmt":"2017-09-05T18:30:34","guid":{"rendered":"http:\/\/www.lusofonia-muenchen.de\/wordpress-2020\/archiv\/para-que-o-ceu-nao-caia\/"},"modified":"2020-11-15T00:02:56","modified_gmt":"2020-11-14T23:02:56","slug":"para-que-o-ceu-nao-caia","status":"publish","type":"archivbeitrag","link":"https:\/\/www.lusofonia-muenchen.de\/pt\/arquivo\/para-que-o-ceu-nao-caia\/","title":{"rendered":"Para que o c\u00e9u n\u00e3o caia"},"content":{"rendered":"<p>O mito do fim do mundo, relatado pelo xam\u00e3 Yanomami Davi Kopenawa, diz que, rompida a harmonia da vida no universo, o c\u00e9u \u2013 que no idioma Yanomami \u00e9 entendido por \u201caquilo que est\u00e1 acima de n\u00f3s\u201d \u2013 desaba sobre todos os que est\u00e3o abaixo e n\u00e3o apenas sobre os povos das florestas. Diante de tantas cat\u00e1strofes e barb\u00e1ries que todos os dias nos assombram e emudecem, neste contexto de dr\u00e1sticas mudan\u00e7as clim\u00e1ticas que escurecem o futuro, o que nos resta a fazer? Como imaginar formas de continuar e agir? O que cada um de n\u00f3s pode fazer para, a seu modo, segurar o c\u00e9u? N\u00e3o h\u00e1 tempo a perder antes que tudo desabe. O c\u00e9u j\u00e1 est\u00e1 caindo e aqui estamos n\u00f3s a viver sob ele. Vamos juntar nossas for\u00e7as mais \u00edntimas para manter este c\u00e9u. Cada um a sua maneira. Na Mar\u00e9 n\u00f3s dan\u00e7amos no ritmo de m\u00e1quinas e carros, helic\u00f3pteros, sirenes, n\u00f3s dan\u00e7amos sob um calor escaldante, n\u00f3s dan\u00e7amos com chuva e tempestade, n\u00f3s dan\u00e7amos como uma oferenda e como um tributo, para n\u00e3o desaparecer, para durar e para apodrecer, para mover o ar e para se expandir, para sonhar e para visitar lugares sombrios, para virar vagalume, para sermos fracos e para resistir. N\u00f3s dan\u00e7amos para encontrar um jeito de sobreviver neste mundo virado de cabe\u00e7a para baixo. Dan\u00e7ar para segurar o c\u00e9u. \u00c9 o que podemos fazer. Para que o c\u00e9u n\u00e3o caia\u2026 dan\u00e7amos. (\u00a9 2017 Lia Rodrigues)<\/p>\n<p><span style=\"text-decoration: underline;\">Entrada<\/span>: pr\u00e9-venda 16 \u20ac (sem taxas), caixa 19 \u20ac, reduzido 12\u20ac<\/p>\n<p><strong>Muffathalle<br \/>\n<\/strong><span style=\"font-size: inherit;\">Zellstr. 7<br \/>\n<\/span><a title=\"Muffatwerk\" href=\"http:\/\/www.muffatwerk.de\/de\/events\/view\/3480\" target=\"_blank\" rel=\"noopener noreferrer\">www.muffatwerk.de<\/a><\/p>\n<p>Mais: <a title=\"Cia Lia Rodrigues\" href=\"http:\/\/www.liarodrigues.com\" target=\"_blank\" rel=\"noopener noreferrer\">www.liarodrigues.com<\/a><br \/>\nTrailer: <a title=\"Vimeo\" href=\"https:\/\/vimeo.com\/169761985\" target=\"_blank\" rel=\"noopener noreferrer\">https:\/\/vimeo.com\/169761985<\/a><\/p>\n<p><span style=\"text-decoration: underline;\">Imprensa<\/span>: &#8220;<a title=\"Kritik SZ\" href=\"http:\/\/www.sueddeutsche.de\/kultur\/kurzkritik-kurkuma-auf-der-haut-1.3655083\" target=\"_parent\" rel=\"noopener noreferrer\">Kurkuma auf der Haut<\/a>&#8221; &#8211; Cr\u00edtica de Carmen Kovacs no SZ<\/p>\n<p>Programa\u00e7\u00e3o de Muffatwerk no \u00e2mbito de Access to Dance, com apoio de Lusofonia e.V.<\/p>\n<p>Access To Dance \u00e9 financiado pelo departamento de cultura da cidade de Munique, BLZT e Bezirk Oberbayern<\/p>\n<p>Cria\u00e7\u00e3o e dire\u00e7\u00e3o: Lia Rodrigues<\/p>\n<p>Dan\u00e7ado e criado em estreita colabora\u00e7\u00e3o com Am\u00e1lia Lima, Leonardo Nunes, Gabriele Nascimento, Francisco Thiago Cavalcanti, Clara Castro, Clara Cavalcante, Dora Selva, Felipe Vian, Glaciel Farias, Luana Bezerra, Thiago de Souza<\/p>\n<p>Assistente de dire\u00e7\u00e3o e cria\u00e7\u00e3o: Am\u00e1lia Lima<\/p>\n<p>Dramaturgia: Silvia Soter<\/p>\n<p>Luz: Nicolas Boudier<\/p>\n<p>Colabora\u00e7\u00e3o art\u00edsitica e imagens: Sammi Landweer<\/p>\n<p>T\u00e9cnica: Nicolas St\u00e9phane Boudier, Magali Foubert<\/p>\n<p>Produ\u00e7\u00e3o: Th\u00e9r\u00e8se Barbanel<\/p>\n<p>Coprodu\u00e7\u00e3o: HAU Hebbel am Ufer, HELLERAU &#8211; Europ\u00e4isches Zentrum der K\u00fcnste Dresden, Kampnagel (Hamburg), K\u00fcnstlerhaus Mousonturm (Frankfurt am Main), tanzhaus nrw (D\u00fcsseldorf), Montpellier Danse Festival, Festival d\u2019Automne \u00e0 Paris, Centquatre (Paris), Prefeitura da Cidade do Rio de Janeiro\/Secretaria Municipal de Cultura programa Cultura Viva. Em coopera\u00e7\u00e3o com: Redes da Mar\u00e9. Com o apoio de: Kulturstiftung des Bundes<\/p>\n","protected":false},"excerpt":{"rendered":"<p>Diante de cat&aacute;strofes e barb&aacute;ries, neste contexto de dr&aacute;sticas mudan&ccedil;as clim&aacute;ticas que escurecem o futuro, o que nos resta a fazer? Dan&ccedil;ar para segurar o c&eacute;u. &Eacute; o que podemos fazer. Para que o c&eacute;u n&atilde;o caia&hellip; dan&ccedil;amos.<\/p>\n<p>Espet&aacute;culo de dan&ccedil;a com a <strong>Cia Lia Rodrigues<\/strong>.<\/p>\n","protected":false},"author":8,"featured_media":624,"template":"","meta":{"_acf_changed":false,"inline_featured_image":false},"categories":[67],"autor":[180],"land":[72],"jahr":[182],"acf":[],"_links":{"self":[{"href":"https:\/\/www.lusofonia-muenchen.de\/pt\/wp-json\/wp\/v2\/archivbeitrag\/956"}],"collection":[{"href":"https:\/\/www.lusofonia-muenchen.de\/pt\/wp-json\/wp\/v2\/archivbeitrag"}],"about":[{"href":"https:\/\/www.lusofonia-muenchen.de\/pt\/wp-json\/wp\/v2\/types\/archivbeitrag"}],"author":[{"embeddable":true,"href":"https:\/\/www.lusofonia-muenchen.de\/pt\/wp-json\/wp\/v2\/users\/8"}],"wp:featuredmedia":[{"embeddable":true,"href":"https:\/\/www.lusofonia-muenchen.de\/pt\/wp-json\/wp\/v2\/media\/624"}],"wp:attachment":[{"href":"https:\/\/www.lusofonia-muenchen.de\/pt\/wp-json\/wp\/v2\/media?parent=956"}],"wp:term":[{"taxonomy":"category","embeddable":true,"href":"https:\/\/www.lusofonia-muenchen.de\/pt\/wp-json\/wp\/v2\/categories?post=956"},{"taxonomy":"autor","embeddable":true,"href":"https:\/\/www.lusofonia-muenchen.de\/pt\/wp-json\/wp\/v2\/autor?post=956"},{"taxonomy":"land","embeddable":true,"href":"https:\/\/www.lusofonia-muenchen.de\/pt\/wp-json\/wp\/v2\/land?post=956"},{"taxonomy":"jahr","embeddable":true,"href":"https:\/\/www.lusofonia-muenchen.de\/pt\/wp-json\/wp\/v2\/jahr?post=956"}],"curies":[{"name":"wp","href":"https:\/\/api.w.org\/{rel}","templated":true}]}}

Para que o céu não caia

<p>O mito do fim do mundo, relatado pelo xamã Yanomami Davi Kopenawa, diz que, rompida a harmonia da vida no universo, o céu – que no idioma Yanomami é entendido por “aquilo que está acima de nós” – desaba sobre todos os que estão abaixo e não apenas sobre os povos das florestas. Diante de tantas catástrofes e barbáries que todos os dias nos assombram e emudecem, neste contexto de drásticas mudanças climáticas que escurecem o futuro, o que nos resta a fazer? Como imaginar formas de continuar e agir? O que cada um de nós pode fazer para, a seu modo, segurar o céu? Não há tempo a perder antes que tudo desabe. O céu já está caindo e aqui estamos nós a viver sob ele. Vamos juntar nossas forças mais íntimas para manter este céu. Cada um a sua maneira. Na Maré nós dançamos no ritmo de máquinas e carros, helicópteros, sirenes, nós dançamos sob um calor escaldante, nós dançamos com chuva e tempestade, nós dançamos como uma oferenda e como um tributo, para não desaparecer, para durar e para apodrecer, para mover o ar e para se expandir, para sonhar e para visitar lugares sombrios, para virar vagalume, para sermos fracos e para resistir. Nós dançamos para encontrar um jeito de sobreviver neste mundo virado de cabeça para baixo. Dançar para segurar o céu. É o que podemos fazer. Para que o céu não caia… dançamos. (© 2017 Lia Rodrigues)</p>
<p><span style="text-decoration: underline;">Entrada</span>: pré-venda 16 € (sem taxas), caixa 19 €, reduzido 12€</p>
<p><strong>Muffathalle<br />
</strong><span style="font-size: inherit;">Zellstr. 7<br />
</span><a title="Muffatwerk" href="http://www.muffatwerk.de/de/events/view/3480" target="_blank" rel="noopener noreferrer">www.muffatwerk.de</a></p>
<p>Mais: <a title="Cia Lia Rodrigues" href="http://www.liarodrigues.com" target="_blank" rel="noopener noreferrer">www.liarodrigues.com</a><br />
Trailer: <a title="Vimeo" href="https://vimeo.com/169761985" target="_blank" rel="noopener noreferrer">https://vimeo.com/169761985</a></p>
<p><span style="text-decoration: underline;">Imprensa</span>: &#8220;<a title="Kritik SZ" href="http://www.sueddeutsche.de/kultur/kurzkritik-kurkuma-auf-der-haut-1.3655083" target="_parent" rel="noopener noreferrer">Kurkuma auf der Haut</a>&#8221; &#8211; Crítica de Carmen Kovacs no SZ</p>
<p>Programação de Muffatwerk no âmbito de Access to Dance, com apoio de Lusofonia e.V.</p>
<p>Access To Dance é financiado pelo departamento de cultura da cidade de Munique, BLZT e Bezirk Oberbayern</p>
<p>Criação e direção: Lia Rodrigues</p>
<p>Dançado e criado em estreita colaboração com Amália Lima, Leonardo Nunes, Gabriele Nascimento, Francisco Thiago Cavalcanti, Clara Castro, Clara Cavalcante, Dora Selva, Felipe Vian, Glaciel Farias, Luana Bezerra, Thiago de Souza</p>
<p>Assistente de direção e criação: Amália Lima</p>
<p>Dramaturgia: Silvia Soter</p>
<p>Luz: Nicolas Boudier</p>
<p>Colaboração artísitica e imagens: Sammi Landweer</p>
<p>Técnica: Nicolas Stéphane Boudier, Magali Foubert</p>
<p>Produção: Thérèse Barbanel</p>
<p>Coprodução: HAU Hebbel am Ufer, HELLERAU &#8211; Europäisches Zentrum der Künste Dresden, Kampnagel (Hamburg), Künstlerhaus Mousonturm (Frankfurt am Main), tanzhaus nrw (Düsseldorf), Montpellier Danse Festival, Festival d’Automne à Paris, Centquatre (Paris), Prefeitura da Cidade do Rio de Janeiro/Secretaria Municipal de Cultura programa Cultura Viva. Em cooperação com: Redes da Maré. Com o apoio de: Kulturstiftung des Bundes</p>
