{"id":963,"date":"2016-03-17T19:00:35","date_gmt":"2016-03-17T18:00:35","guid":{"rendered":"http:\/\/www.lusofonia-muenchen.de\/wordpress-2020\/archiv\/noite-latino-americano-heimatabend-na-villa-waldberta\/"},"modified":"2021-11-05T19:43:08","modified_gmt":"2021-11-05T18:43:08","slug":"noite-latino-americano-heimatabend-na-villa-waldberta","status":"publish","type":"archivbeitrag","link":"https:\/\/www.lusofonia-muenchen.de\/pt\/arquivo\/noite-latino-americano-heimatabend-na-villa-waldberta\/","title":{"rendered":"Noite latino-americano (Heimatabend) na Villa Waldberta"},"content":{"rendered":"<p>A Villa Waldberta com sua arquitetura, hist\u00f3ria e situa\u00e7\u00e3o geogr\u00e1fica constitui um lugar muito especial que influenciou <strong>os processos de trabalho<\/strong> <strong>dos artistas da resid\u00eanciaPLUSbrasil16<\/strong> desde o primeiro momento. E como qualquer resid\u00eancia art\u00edstica j\u00e1 de si \u00e9 processual e experimental, os bolseiros latino-americanos insistem em convidar o p\u00fablico a tomar, tamb\u00e9m ele, parte dos processos e dos experimentos.<\/p>\n<p>Assim, seis de entre os bolseiros far\u00e3o uma mostra de trabalhos que foram surgindo ao longo da estadia na Villa Waldberta, que come\u00e7a agora a chegar a seu t\u00e9rmino:<\/p>\n<p>Performance \u201cHimanolo\u201d (dan\u00e7a) com <strong>Michelle Moura<\/strong><br \/>\nVideo de <strong>Danilo Oliveira<\/strong> e <strong>Mart\u00edn Lanz Land\u00e1zuri<\/strong><br \/>\n\u201cFen\u00f3meno\u201d (fragmento) com <strong>B\u00e1rbara Foulkes<\/strong><br \/>\nVideo \u201cEnjambre\/Enxame\u201d de <strong>Patricia Black<\/strong><br \/>\nSolo-performance (m\u00fasica) de <strong>Dandara<\/strong><\/p>\n<p>Ao mesmo tempo o ser\u00e3o oferece a possibilidade de conhecer de perto os artistas, sentir sua energia criativa e viver com todos os sentidos a atmosfera \u00fanica da Villa \u2013 eventualmente com algumas surpresas musicais&#8230;<\/p>\n<p>Um evento da plataforma PLUSbrasil, organizado pela HumaVida e Lusofonia e.V. com o apoio da casa de artistas Villa Waldberta, do departamento cultural da cidade de Munique e do Instituto Goethe.<\/p>\n","protected":false},"excerpt":{"rendered":"<p>Um ser\u00e3o muito especial far\u00e1 a ponte entre a Am\u00e9rica Latina e a regi\u00e3o dos cinco lagos b\u00e1varos: os bolseiros da Villa-Waldberta, oriundos da Argentina, do Brasil e do M\u00e9xico ir\u00e3o mostrar alguns dos projetos desenvolvidos durante sua estadia em Feldafing dentro da resid\u00eanciaPLUSbrasil16. Com m\u00fasica, vinho e petiscos.<\/p>\n","protected":false},"author":5,"featured_media":428,"template":"","meta":{"_acf_changed":false,"inline_featured_image":false},"categories":[65,67,66,33,38],"autor":[107,61,108,109,110,111],"land":[72],"jahr":[100],"acf":[],"_links":{"self":[{"href":"https:\/\/www.lusofonia-muenchen.de\/pt\/wp-json\/wp\/v2\/archivbeitrag\/963"}],"collection":[{"href":"https:\/\/www.lusofonia-muenchen.de\/pt\/wp-json\/wp\/v2\/archivbeitrag"}],"about":[{"href":"https:\/\/www.lusofonia-muenchen.de\/pt\/wp-json\/wp\/v2\/types\/archivbeitrag"}],"author":[{"embeddable":true,"href":"https:\/\/www.lusofonia-muenchen.de\/pt\/wp-json\/wp\/v2\/users\/5"}],"wp:featuredmedia":[{"embeddable":true,"href":"https:\/\/www.lusofonia-muenchen.de\/pt\/wp-json\/wp\/v2\/media\/428"}],"wp:attachment":[{"href":"https:\/\/www.lusofonia-muenchen.de\/pt\/wp-json\/wp\/v2\/media?parent=963"}],"wp:term":[{"taxonomy":"category","embeddable":true,"href":"https:\/\/www.lusofonia-muenchen.de\/pt\/wp-json\/wp\/v2\/categories?post=963"},{"taxonomy":"autor","embeddable":true,"href":"https:\/\/www.lusofonia-muenchen.de\/pt\/wp-json\/wp\/v2\/autor?post=963"},{"taxonomy":"land","embeddable":true,"href":"https:\/\/www.lusofonia-muenchen.de\/pt\/wp-json\/wp\/v2\/land?post=963"},{"taxonomy":"jahr","embeddable":true,"href":"https:\/\/www.lusofonia-muenchen.de\/pt\/wp-json\/wp\/v2\/jahr?post=963"}],"curies":[{"name":"wp","href":"https:\/\/api.w.org\/{rel}","templated":true}]}}

<p>A Villa Waldberta com sua arquitetura, história e situação geográfica constitui um lugar muito especial que influenciou <strong>os processos de trabalho</strong> <strong>dos artistas da residênciaPLUSbrasil16</strong> desde o primeiro momento. E como qualquer residência artística já de si é processual e experimental, os bolseiros latino-americanos insistem em convidar o público a tomar, também ele, parte dos processos e dos experimentos.</p>
<p>Assim, seis de entre os bolseiros farão uma mostra de trabalhos que foram surgindo ao longo da estadia na Villa Waldberta, que começa agora a chegar a seu término:</p>
<p>Performance “Himanolo” (dança) com <strong>Michelle Moura</strong><br />
Video de <strong>Danilo Oliveira</strong> e <strong>Martín Lanz Landázuri</strong><br />
“Fenómeno” (fragmento) com <strong>Bárbara Foulkes</strong><br />
Video “Enjambre/Enxame” de <strong>Patricia Black</strong><br />
Solo-performance (música) de <strong>Dandara</strong></p>
<p>Ao mesmo tempo o serão oferece a possibilidade de conhecer de perto os artistas, sentir sua energia criativa e viver com todos os sentidos a atmosfera única da Villa – eventualmente com algumas surpresas musicais&#8230;</p>
<p>Um evento da plataforma PLUSbrasil, organizado pela HumaVida e Lusofonia e.V. com o apoio da casa de artistas Villa Waldberta, do departamento cultural da cidade de Munique e do Instituto Goethe.</p>

<p>Um serão muito especial fará a ponte entre a América Latina e a região dos cinco lagos bávaros: os bolseiros da Villa-Waldberta, oriundos da Argentina, do Brasil e do México irão mostrar alguns dos projetos desenvolvidos durante sua estadia em Feldafing dentro da residênciaPLUSbrasil16. Com música, vinho e petiscos.</p>
