{"id":972,"date":"2015-11-17T20:00:35","date_gmt":"2015-11-17T19:00:35","guid":{"rendered":"http:\/\/www.lusofonia-muenchen.de\/wordpress-2020\/archiv\/klezmer-de-portugal-melech-mechaya\/"},"modified":"2020-09-16T00:59:13","modified_gmt":"2020-09-15T22:59:13","slug":"klezmer-de-portugal-melech-mechaya","status":"publish","type":"archivbeitrag","link":"https:\/\/www.lusofonia-muenchen.de\/pt\/arquivo\/klezmer-de-portugal-melech-mechaya\/","title":{"rendered":"Klezmer de Portugal: Melech Mechaya"},"content":{"rendered":"<p>Formados no final de 2006 com Jo\u00e3o Gra\u00e7a no violino, Miguel Ver\u00edssimo no clarinete, Andr\u00e9 Santos na guitarra, Jo\u00e3o Novais no contrabaixo e Francisco Caiado na percuss\u00e3o, os <strong>Melech Mechaya<\/strong> s\u00e3o hoje apontados como a primeira e mais proeminente banda de m\u00fasica Klezmer em Portugal. A sonoridade do grupo de Lisboa e Almada inspira-se ainda na m\u00fasicas portuguesa, balc\u00e2nica e \u00e1rabe, e Salvatore Esposito, da revista italiana BlogFoolk, considerou-os \u201cum dos casos mais interessantes da cena musical portuguesa\u201d.<\/p>\n<p><a href=\"http:\/\/www.melechmechaya.com\/\" target=\"_blank\" rel=\"noopener noreferrer\">www.melechmechaya.com<\/a><\/p>\n<p>O concerto acontece no \u00e2mbito dos J\u00fcdische Kulturtage M\u00fcnchen.<\/p>\n<p>Entrada 18 \u20ac (sem taxas)<\/p>\n<p><strong>Black Box<\/strong>, Gasteig<br \/>\nRosenheimerstr. 5<br \/>\n<a href=\"http:\/\/www.gasteig.de\/\" target=\"_blank\" rel=\"noopener noreferrer\">www.gasteig.de<\/a><\/p>\n<p><span style=\"text-decoration: underline;\">Bilhetes<\/span>: livraria do Museu Judaico, telefone 089\/23 23 07 60 e M\u00fcnchen Ticket, telefone 089\/54 81 81 81 ou www.muenchenticket.de<\/p>\n<p>Um evento da <a href=\"http:\/\/juedischekulturmuenchen.de\/de\/?p=1368\" target=\"_blank\" rel=\"noopener noreferrer\">Gesellschaft zur F\u00f6rderung j\u00fcdischer Kultur und Tradition e.V.<\/a>, M\u00fcnchen<br \/>\nEm coopera\u00e7\u00e3o com Lusofonia e. V.<\/p>\n","protected":false},"excerpt":{"rendered":"<p>Klezmer de Portugal: O grupo Melech Mechaya toca Klezmer inspirado na m\u00fasica portuguesa. Sem d\u00favida \u201eum dos casos mais interessantes da cena musical portuguesa\u201c (revista BlogFook).<\/p>\n","protected":false},"author":8,"featured_media":674,"template":"","meta":{"_acf_changed":false,"inline_featured_image":false},"categories":[38],"autor":[123],"land":[43],"jahr":[125],"acf":[],"_links":{"self":[{"href":"https:\/\/www.lusofonia-muenchen.de\/pt\/wp-json\/wp\/v2\/archivbeitrag\/972"}],"collection":[{"href":"https:\/\/www.lusofonia-muenchen.de\/pt\/wp-json\/wp\/v2\/archivbeitrag"}],"about":[{"href":"https:\/\/www.lusofonia-muenchen.de\/pt\/wp-json\/wp\/v2\/types\/archivbeitrag"}],"author":[{"embeddable":true,"href":"https:\/\/www.lusofonia-muenchen.de\/pt\/wp-json\/wp\/v2\/users\/8"}],"wp:featuredmedia":[{"embeddable":true,"href":"https:\/\/www.lusofonia-muenchen.de\/pt\/wp-json\/wp\/v2\/media\/674"}],"wp:attachment":[{"href":"https:\/\/www.lusofonia-muenchen.de\/pt\/wp-json\/wp\/v2\/media?parent=972"}],"wp:term":[{"taxonomy":"category","embeddable":true,"href":"https:\/\/www.lusofonia-muenchen.de\/pt\/wp-json\/wp\/v2\/categories?post=972"},{"taxonomy":"autor","embeddable":true,"href":"https:\/\/www.lusofonia-muenchen.de\/pt\/wp-json\/wp\/v2\/autor?post=972"},{"taxonomy":"land","embeddable":true,"href":"https:\/\/www.lusofonia-muenchen.de\/pt\/wp-json\/wp\/v2\/land?post=972"},{"taxonomy":"jahr","embeddable":true,"href":"https:\/\/www.lusofonia-muenchen.de\/pt\/wp-json\/wp\/v2\/jahr?post=972"}],"curies":[{"name":"wp","href":"https:\/\/api.w.org\/{rel}","templated":true}]}}

<p>Formados no final de 2006 com João Graça no violino, Miguel Veríssimo no clarinete, André Santos na guitarra, João Novais no contrabaixo e Francisco Caiado na percussão, os <strong>Melech Mechaya</strong> são hoje apontados como a primeira e mais proeminente banda de música Klezmer em Portugal. A sonoridade do grupo de Lisboa e Almada inspira-se ainda na músicas portuguesa, balcânica e árabe, e Salvatore Esposito, da revista italiana BlogFoolk, considerou-os “um dos casos mais interessantes da cena musical portuguesa”.</p>
<p><a href="http://www.melechmechaya.com/" target="_blank" rel="noopener noreferrer">www.melechmechaya.com</a></p>
<p>O concerto acontece no âmbito dos Jüdische Kulturtage München.</p>
<p>Entrada 18 € (sem taxas)</p>
<p><strong>Black Box</strong>, Gasteig<br />
Rosenheimerstr. 5<br />
<a href="http://www.gasteig.de/" target="_blank" rel="noopener noreferrer">www.gasteig.de</a></p>
<p><span style="text-decoration: underline;">Bilhetes</span>: livraria do Museu Judaico, telefone 089/23 23 07 60 e München Ticket, telefone 089/54 81 81 81 ou www.muenchenticket.de</p>
<p>Um evento da <a href="http://juedischekulturmuenchen.de/de/?p=1368" target="_blank" rel="noopener noreferrer">Gesellschaft zur Förderung jüdischer Kultur und Tradition e.V.</a>, München<br />
Em cooperação com Lusofonia e. V.</p>

<p>Klezmer de Portugal: O grupo Melech Mechaya toca Klezmer inspirado na música portuguesa. Sem dúvida „um dos casos mais interessantes da cena musical portuguesa“ (revista BlogFook).</p>
