{"id":989,"date":"2014-03-14T18:00:35","date_gmt":"2014-03-14T17:00:35","guid":{"rendered":"http:\/\/www.lusofonia-muenchen.de\/wordpress-2020\/archiv\/noite-luso-brasileira-na-universidade-popular-de-holzkirchen\/"},"modified":"2020-09-16T20:17:36","modified_gmt":"2020-09-16T18:17:36","slug":"noite-luso-brasileira-na-universidade-popular-de-holzkirchen","status":"publish","type":"archivbeitrag","link":"https:\/\/www.lusofonia-muenchen.de\/pt\/arquivo\/noite-luso-brasileira-na-universidade-popular-de-holzkirchen\/","title":{"rendered":"Noite luso-brasileira na Universidade Popular de Holzkirchen"},"content":{"rendered":"<p>Para marcar o in\u00edcio do semestre a <strong>Universidade Popular de Holzkirchen<\/strong> convida cordialmente para uma noite luso-brasileira, uma noite de m\u00fasica e cultura, muita dan\u00e7a e boa comida. A entrada \u00e9 de gra\u00e7a.<\/p>\n<p>O evento oferece a mostra do artista brasileiro Sergio, a apresenta\u00e7\u00e3o da antologia <em><strong>Microcontos <\/strong>\u2013 Minigeschichten aus Brasilien<\/em> (dtv 2013) com Lu\u00edsa Costa H\u00f6lzl e Wanda Jakob, um pequeno <strong>curso <\/strong>de introdu\u00e7\u00e3o \u00e0 <strong>l\u00edngua portuguesa<\/strong>, apresenta\u00e7\u00e3o de <strong>capoeira <\/strong>com &#8220;Linguado Capoeira&#8221; assim como a <strong>palestra com slides<\/strong> &#8220;Brasil de bicicleta&#8221; de Fabio Zander.<\/p>\n<p><span style=\"text-decoration: underline;\">Com:<\/span> Lu\u00edsa Costa H\u00f6lzl, Wanda Jakob, Sergio Gon\u00e7alves dos Santos, Linguado Capoeira, Fabio Zander<br \/>\n<span style=\"text-decoration: underline;\">M\u00fasica<\/span>: Marcio Tubino<br \/>\n<span style=\"text-decoration: underline;\">Culin\u00e1ria:<\/span> Eva Temperado<\/p>\n<p>Entrada de gra\u00e7a, comida e bebida extra.<br \/>\nFavor <a href=\"http:\/\/www.vhs-holzkirchen-otterfing.info\/index.php?id=52&amp;kathaupt=11&amp;knr=V51490&amp;kursname=Portugiesisch-brasilianischer+Abend\" target=\"_blank\" rel=\"noopener noreferrer\">reservar<\/a><\/p>\n<p><strong>VHS Holzkirchen<br \/>\n<\/strong>Max-Heimbucher-Stra\u00dfe 1<br \/>\n83607 Holzkirchen<br \/>\nTelefon 08024\/ 8024<br \/>\nMail <a href=\"mailto:info.holzkirchen@vhs-bayern.de\">info.holzkirchen@vhs-bayern.de<\/a><br \/>\n<a href=\"http:\/\/www.vhs-holzkirchen-otterfing.info\/index.php?id=52&amp;kathaupt=11&amp;knr=V51490&amp;kursname=Portugiesisch-brasilianischer+Abend\" target=\"_blank\" rel=\"noopener noreferrer\">www.vhs-holzkirchen-otterfing.info<\/a><\/p>\n<p><strong>\u00a0<\/strong>O evento faz parte do programa <a href=\"?id=2&amp;archiv_id=88&amp;lang=pt\" target=\"_blank\" rel=\"noopener noreferrer\"><strong>Portugu\u00eas de Amor<\/strong><\/a> <strong>da Universidade Popular de Holzkirchen \u2013 Otterfing<\/strong> em coopera\u00e7\u00e3o com LUSOFONIA e.V..<\/p>\n","protected":false},"excerpt":{"rendered":"<p>Sexta-feira, 14 de mar\u00e7o de 2014, \u00e0s 18h<\/p>\n<p>Para marcar o in\u00edcio do programa Portugu\u00eas de Amor a Universidade Popular de Holzkirchen convida cordialmente para uma noite luso-brasileira, uma noite de m\u00fasica e cultura, muita dan\u00e7a e boa comida. A entrada \u00e9 de gra\u00e7a, pedimos para reservar.<\/p>\n","protected":false},"author":8,"featured_media":0,"template":"","meta":{"_acf_changed":false,"inline_featured_image":false},"categories":[67,33,38],"autor":[],"land":[72],"jahr":[103],"acf":[],"_links":{"self":[{"href":"https:\/\/www.lusofonia-muenchen.de\/pt\/wp-json\/wp\/v2\/archivbeitrag\/989"}],"collection":[{"href":"https:\/\/www.lusofonia-muenchen.de\/pt\/wp-json\/wp\/v2\/archivbeitrag"}],"about":[{"href":"https:\/\/www.lusofonia-muenchen.de\/pt\/wp-json\/wp\/v2\/types\/archivbeitrag"}],"author":[{"embeddable":true,"href":"https:\/\/www.lusofonia-muenchen.de\/pt\/wp-json\/wp\/v2\/users\/8"}],"wp:attachment":[{"href":"https:\/\/www.lusofonia-muenchen.de\/pt\/wp-json\/wp\/v2\/media?parent=989"}],"wp:term":[{"taxonomy":"category","embeddable":true,"href":"https:\/\/www.lusofonia-muenchen.de\/pt\/wp-json\/wp\/v2\/categories?post=989"},{"taxonomy":"autor","embeddable":true,"href":"https:\/\/www.lusofonia-muenchen.de\/pt\/wp-json\/wp\/v2\/autor?post=989"},{"taxonomy":"land","embeddable":true,"href":"https:\/\/www.lusofonia-muenchen.de\/pt\/wp-json\/wp\/v2\/land?post=989"},{"taxonomy":"jahr","embeddable":true,"href":"https:\/\/www.lusofonia-muenchen.de\/pt\/wp-json\/wp\/v2\/jahr?post=989"}],"curies":[{"name":"wp","href":"https:\/\/api.w.org\/{rel}","templated":true}]}}

<p>Para marcar o início do semestre a <strong>Universidade Popular de Holzkirchen</strong> convida cordialmente para uma noite luso-brasileira, uma noite de música e cultura, muita dança e boa comida. A entrada é de graça.</p>
<p>O evento oferece a mostra do artista brasileiro Sergio, a apresentação da antologia <em><strong>Microcontos </strong>– Minigeschichten aus Brasilien</em> (dtv 2013) com Luísa Costa Hölzl e Wanda Jakob, um pequeno <strong>curso </strong>de introdução à <strong>língua portuguesa</strong>, apresentação de <strong>capoeira </strong>com &#8220;Linguado Capoeira&#8221; assim como a <strong>palestra com slides</strong> &#8220;Brasil de bicicleta&#8221; de Fabio Zander.</p>
<p><span style="text-decoration: underline;">Com:</span> Luísa Costa Hölzl, Wanda Jakob, Sergio Gonçalves dos Santos, Linguado Capoeira, Fabio Zander<br />
<span style="text-decoration: underline;">Música</span>: Marcio Tubino<br />
<span style="text-decoration: underline;">Culinária:</span> Eva Temperado</p>
<p>Entrada de graça, comida e bebida extra.<br />
Favor <a href="http://www.vhs-holzkirchen-otterfing.info/index.php?id=52&amp;kathaupt=11&amp;knr=V51490&amp;kursname=Portugiesisch-brasilianischer+Abend" target="_blank" rel="noopener noreferrer">reservar</a></p>
<p><strong>VHS Holzkirchen<br />
</strong>Max-Heimbucher-Straße 1<br />
83607 Holzkirchen<br />
Telefon 08024/ 8024<br />
Mail <a href="mailto:info.holzkirchen@vhs-bayern.de">info.holzkirchen@vhs-bayern.de</a><br />
<a href="http://www.vhs-holzkirchen-otterfing.info/index.php?id=52&amp;kathaupt=11&amp;knr=V51490&amp;kursname=Portugiesisch-brasilianischer+Abend" target="_blank" rel="noopener noreferrer">www.vhs-holzkirchen-otterfing.info</a></p>
<p><strong> </strong>O evento faz parte do programa <a href="?id=2&amp;archiv_id=88&amp;lang=pt" target="_blank" rel="noopener noreferrer"><strong>Português de Amor</strong></a> <strong>da Universidade Popular de Holzkirchen – Otterfing</strong> em cooperação com LUSOFONIA e.V..</p>

<p>Sexta-feira, 14 de março de 2014, às 18h</p>
<p>Para marcar o início do programa Português de Amor a Universidade Popular de Holzkirchen convida cordialmente para uma noite luso-brasileira, uma noite de música e cultura, muita dança e boa comida. A entrada é de graça, pedimos para reservar.</p>
