{"id":998,"date":"2013-09-18T00:00:35","date_gmt":"2013-09-17T22:00:35","guid":{"rendered":"http:\/\/www.lusofonia-muenchen.de\/wordpress-2020\/archiv\/programacao-em-torno-da-feira-de-livro-de-frankfurt-2013-pais-convidado-brasil\/"},"modified":"2020-09-15T20:14:02","modified_gmt":"2020-09-15T18:14:02","slug":"programacao-em-torno-da-feira-de-livro-de-frankfurt-2013-pais-convidado-brasil","status":"publish","type":"archivbeitrag","link":"https:\/\/www.lusofonia-muenchen.de\/pt\/arquivo\/programacao-em-torno-da-feira-de-livro-de-frankfurt-2013-pais-convidado-brasil\/","title":{"rendered":"Programa\u00e7\u00e3o em torno da Feira de Livro de Frankfurt 2013 \u2013 pa\u00eds convidado: Brasil"},"content":{"rendered":"<p>O Brasil foi o pa\u00eds convidado da Feira de Livro de Frankfurt 2013. 70 escritores vieram para expor a sua obra. A LUSOFONIA est\u00e1 feliz por ter apresentado alguns em Munique! Em coopera\u00e7\u00e3o com o Literaturhaus, as editoras respetivas, a livraria Glatteis e o Lyrik Kabinett oferecemos um vasto programa em torno da Feira de Livro em Frankfurt. Al\u00e9m de <strong>Luiz Ruffato<\/strong>, que inaugurou a Feira, <strong>Jo\u00e3o Paulo Cuenca<\/strong>, a quem acompanhamos desde 2011, <strong>Z\u00e9 do Rock<\/strong>, <strong>Ana Paula Maia<\/strong>, <strong>Edney Silvestre<\/strong>, <strong>F\u00e1bio Moon &amp; Gabriel B\u00e1<\/strong> e os poetas jovens <strong>Ricardo Domeneck<\/strong> e <strong>\u00c9rica Zingano<\/strong>, que estiveram pela primeira vez em Munique, foram os nossos convidados, junto com Anselmo Mancini num cinema-concerto.<\/p>\n<p>Veja a nossa programa\u00e7\u00e3o e aguarde com expetativa um outono cheio de literatura, novas tradu\u00e7\u00f5es em alem\u00e3o e conhe\u00e7a os escritores e artistas pessoalmente nas leituras em Munique!<\/p>\n<p>Mais informa\u00e7\u00e3o sobre os eventos no <a href=\"?id=5&amp;archiv_id=&amp;lang=pt\">archivo<\/a>.<\/p>\n<p>Saiba mais:<br \/>\n<a href=\"http:\/\/www.buchmesse.de\/\" target=\"_blank\" rel=\"noopener noreferrer\">www.buchmesse.de<\/a><br \/>\n<a href=\"http:\/\/www.literaturhaus-muenchen.de\/\" target=\"_blank\" rel=\"noopener noreferrer\">www.literaturhaus-muenchen.de<\/a><br \/>\n<a href=\"http:\/\/www.lyrik-kabinett.de\/\" target=\"_blank\" rel=\"noopener noreferrer\">www.lyrik-kabinett.de<\/a><br \/>\n<a href=\"http:\/\/www.glatteis.de\/\" target=\"_blank\" rel=\"noopener noreferrer\">www.glatteis.de<\/a><\/p>\n<h2>A LUSOFONIA recomenda:<\/h2>\n<h3>8 de outubro \/ Livraria Lehmkuhl<\/h3>\n<h4><a href=\"http:\/\/www.lehmkuhl.net\/\" target=\"_blank\" rel=\"noopener noreferrer\">A voz do Brasil &#8211; Um ser\u00e3o sobre Clarice Lispector<\/a><\/h4>\n<p>Organiza\u00e7\u00e3o: Livraria Lehmkuhl<\/p>\n<hr \/>\n<h3>16 at\u00e9 20 de outobro \/ Gasteig<\/h3>\n<h4><a href=\"https:\/\/www.facebook.com\/MostraBrasil?fref=ts\" target=\"_blank\" rel=\"noopener noreferrer\">MostraBrasil. Brasilianische Filmschau<\/a><\/h4>\n<p>Organiza\u00e7\u00e3o: Casa do Brasil e.V. e M\u00fcnchner Stadtbibliothek<\/p>\n","protected":false},"excerpt":{"rendered":"<p>O Brasil foi o pa\u00eds convidado da Feira de Livro de Frankfurt 2013. 70 escritores vieram para expor a sua obra. A LUSOFONIA est\u00e1 feliz por ter apresentado alguns em Munique! Em coopera\u00e7\u00e3o com o Literaturhaus, as editoras respetivas, a livraria Glatteis e o Lyrik Kabinett oferecemos um vasto programa em torno da Feira de [&hellip;]<\/p>\n","protected":false},"author":8,"featured_media":0,"template":"","meta":{"_acf_changed":false,"inline_featured_image":false},"categories":[33],"autor":[105,114,118,115,116,120,19,117,121],"land":[72],"jahr":[80],"acf":[],"_links":{"self":[{"href":"https:\/\/www.lusofonia-muenchen.de\/pt\/wp-json\/wp\/v2\/archivbeitrag\/998"}],"collection":[{"href":"https:\/\/www.lusofonia-muenchen.de\/pt\/wp-json\/wp\/v2\/archivbeitrag"}],"about":[{"href":"https:\/\/www.lusofonia-muenchen.de\/pt\/wp-json\/wp\/v2\/types\/archivbeitrag"}],"author":[{"embeddable":true,"href":"https:\/\/www.lusofonia-muenchen.de\/pt\/wp-json\/wp\/v2\/users\/8"}],"wp:attachment":[{"href":"https:\/\/www.lusofonia-muenchen.de\/pt\/wp-json\/wp\/v2\/media?parent=998"}],"wp:term":[{"taxonomy":"category","embeddable":true,"href":"https:\/\/www.lusofonia-muenchen.de\/pt\/wp-json\/wp\/v2\/categories?post=998"},{"taxonomy":"autor","embeddable":true,"href":"https:\/\/www.lusofonia-muenchen.de\/pt\/wp-json\/wp\/v2\/autor?post=998"},{"taxonomy":"land","embeddable":true,"href":"https:\/\/www.lusofonia-muenchen.de\/pt\/wp-json\/wp\/v2\/land?post=998"},{"taxonomy":"jahr","embeddable":true,"href":"https:\/\/www.lusofonia-muenchen.de\/pt\/wp-json\/wp\/v2\/jahr?post=998"}],"curies":[{"name":"wp","href":"https:\/\/api.w.org\/{rel}","templated":true}]}}

Programação em torno da Feira de Livro de Frankfurt 2013 – país convidado: Brasil

<p>O Brasil foi o país convidado da Feira de Livro de Frankfurt 2013. 70 escritores vieram para expor a sua obra. A LUSOFONIA está feliz por ter apresentado alguns em Munique! Em cooperação com o Literaturhaus, as editoras respetivas, a livraria Glatteis e o Lyrik Kabinett oferecemos um vasto programa em torno da Feira de Livro em Frankfurt. Além de <strong>Luiz Ruffato</strong>, que inaugurou a Feira, <strong>João Paulo Cuenca</strong>, a quem acompanhamos desde 2011, <strong>Zé do Rock</strong>, <strong>Ana Paula Maia</strong>, <strong>Edney Silvestre</strong>, <strong>Fábio Moon &amp; Gabriel Bá</strong> e os poetas jovens <strong>Ricardo Domeneck</strong> e <strong>Érica Zingano</strong>, que estiveram pela primeira vez em Munique, foram os nossos convidados, junto com Anselmo Mancini num cinema-concerto.</p>
<p>Veja a nossa programação e aguarde com expetativa um outono cheio de literatura, novas traduções em alemão e conheça os escritores e artistas pessoalmente nas leituras em Munique!</p>
<p>Mais informação sobre os eventos no <a href="?id=5&amp;archiv_id=&amp;lang=pt">archivo</a>.</p>
<p>Saiba mais:<br />
<a href="http://www.buchmesse.de/" target="_blank" rel="noopener noreferrer">www.buchmesse.de</a><br />
<a href="http://www.literaturhaus-muenchen.de/" target="_blank" rel="noopener noreferrer">www.literaturhaus-muenchen.de</a><br />
<a href="http://www.lyrik-kabinett.de/" target="_blank" rel="noopener noreferrer">www.lyrik-kabinett.de</a><br />
<a href="http://www.glatteis.de/" target="_blank" rel="noopener noreferrer">www.glatteis.de</a></p>
<h2>A LUSOFONIA recomenda:</h2>
<h3>8 de outubro / Livraria Lehmkuhl</h3>
<h4><a href="http://www.lehmkuhl.net/" target="_blank" rel="noopener noreferrer">A voz do Brasil &#8211; Um serão sobre Clarice Lispector</a></h4>
<p>Organização: Livraria Lehmkuhl</p>
<hr />
<h3>16 até 20 de outobro / Gasteig</h3>
<h4><a href="https://www.facebook.com/MostraBrasil?fref=ts" target="_blank" rel="noopener noreferrer">MostraBrasil. Brasilianische Filmschau</a></h4>
<p>Organização: Casa do Brasil e.V. e Münchner Stadtbibliothek</p>

<p>O Brasil foi o país convidado da Feira de Livro de Frankfurt 2013. 70 escritores vieram para expor a sua obra. A LUSOFONIA está feliz por ter apresentado alguns em Munique! Em cooperação com o Literaturhaus, as editoras respetivas, a livraria Glatteis e o Lyrik Kabinett oferecemos um vasto programa em torno da Feira de [&hellip;]</p>
