{"id":2239,"date":"2023-11-18T18:36:34","date_gmt":"2023-11-18T17:36:34","guid":{"rendered":"https:\/\/www.lusofonia-muenchen.de\/?page_id=2239"},"modified":"2024-11-22T21:12:06","modified_gmt":"2024-11-22T20:12:06","slug":"pagina-inicial","status":"publish","type":"page","link":"https:\/\/www.lusofonia-muenchen.de\/pt\/pagina-inicial\/","title":{"rendered":"p\u00e1gina inicial"},"content":{"rendered":"\n<div class=\"wp-block-columns is-layout-flex wp-container-core-columns-layout-1 wp-block-columns-is-layout-flex\">\n<div class=\"wp-block-column is-layout-flow wp-block-column-is-layout-flow\" style=\"flex-basis:60%\">\n<p class=\"has-large-font-size\">Lusofonia e.V.<\/p>\n\n\n\n<p style=\"font-size:47px\"><strong>Associa\u00e7\u00e3o para a divulga\u00e7\u00e3o das culturas em lingua portuguesa<\/strong><\/p>\n\n\n\n<div class=\"wp-block-group is-layout-constrained wp-block-group-is-layout-constrained\"><div class=\"wp-block-group__inner-container\">\n<div style=\"height:35px\" aria-hidden=\"true\" class=\"wp-block-spacer\"><\/div>\n\n\n\n<p>LUSOFONIA \u00e9 um grupo de pessoas de l\u00edngua portuguesa em Munique, Alemanha, empenhadas na divulga\u00e7\u00e3o das culturas dos pa\u00edses lus\u00f3fonos (Angola, Brasil, Cabo Verde, Guin\u00e9-Bissau, Mo\u00e7ambique, Portugal, S\u00e3o Tom\u00e9, Timor Leste).<\/p>\n\n\n\n<p>Nesta p\u00e1gina encontra informa\u00e7\u00f5es sobre os nossos eventos passados e futuros.<\/p>\n<\/div><\/div>\n\n\n\n<div style=\"height:36px\" aria-hidden=\"true\" class=\"wp-block-spacer\"><\/div>\n\n\n\n<div class=\"wp-block-buttons is-layout-flex wp-block-buttons-is-layout-flex\">\n<div class=\"wp-block-button\"><a class=\"wp-block-button__link has-orange-background-color has-background wp-element-button\" href=\"\/pt\/programacao\/\">programa\u00e7\u00e3o<\/a><\/div>\n\n\n\n<div class=\"wp-block-button\"><a class=\"wp-block-button__link has-orange-background-color has-background wp-element-button\" href=\"https:\/\/www.lusofonia-muenchen.de\/pt\/arquivo\/\" rel=\"\">arquivo<\/a><\/div>\n<\/div>\n\n\n\n<p><\/p>\n<\/div>\n\n\n\n<div class=\"wp-block-column is-layout-flow wp-block-column-is-layout-flow\" style=\"flex-basis:33.33%\">\n<div class=\"wp-block-emvy-blocks-slider emvy-slider\"><div class=\"emvy-slider-wrapper\">\n<div class=\"wp-block-emvy-blocks-slider-item emvy-slider-item\" orientation=\"landscape\"><div class=\"emvy-slider-item-wrapper\"><a><div class=\"emvy-slider-image-wrapper\"><img loading=\"lazy\" decoding=\"async\" width=\"327\" height=\"480\" src=\"https:\/\/www.lusofonia-muenchen.de\/wp-content\/uploads\/2020\/09\/186220-1-327x480.jpg\" class=\"wp-image-1472\"\/><\/div><\/a><div class=\"copyright\">\u00a9 Estive em Lisboa e lembrei de voc\u00ea<\/div><\/div><\/div>\n\n\n\n<div class=\"wp-block-emvy-blocks-slider-item emvy-slider-item\" orientation=\"landscape\"><div class=\"emvy-slider-item-wrapper\"><a><div class=\"emvy-slider-image-wrapper\"><img loading=\"lazy\" decoding=\"async\" width=\"480\" height=\"358\" src=\"https:\/\/www.lusofonia-muenchen.de\/wp-content\/uploads\/2020\/09\/zu-dritt-480x358.jpg\" class=\"wp-image-801\" srcset=\"https:\/\/www.lusofonia-muenchen.de\/wp-content\/uploads\/2020\/09\/zu-dritt-480x358.jpg 480w, https:\/\/www.lusofonia-muenchen.de\/wp-content\/uploads\/2020\/09\/zu-dritt.jpg 600w\" sizes=\"(max-width: 480px) 100vw, 480px\" \/><\/div><\/a><div class=\"copyright\">Foto by Marcia Huber<\/div><\/div><\/div>\n\n\n\n<div class=\"wp-block-emvy-blocks-slider-item emvy-slider-item\" orientation=\"portrait\"><div class=\"emvy-slider-item-wrapper\"><a><div class=\"emvy-slider-image-wrapper\"><img loading=\"lazy\" decoding=\"async\" width=\"338\" height=\"480\" src=\"https:\/\/www.lusofonia-muenchen.de\/wp-content\/uploads\/2022\/06\/Over-the-mine-flyer-capa-338x480.jpg\" class=\"wp-image-1917\" srcset=\"https:\/\/www.lusofonia-muenchen.de\/wp-content\/uploads\/2022\/06\/Over-the-mine-flyer-capa-338x480.jpg 338w, https:\/\/www.lusofonia-muenchen.de\/wp-content\/uploads\/2022\/06\/Over-the-mine-flyer-capa-722x1024.jpg 722w, https:\/\/www.lusofonia-muenchen.de\/wp-content\/uploads\/2022\/06\/Over-the-mine-flyer-capa-768x1090.jpg 768w, https:\/\/www.lusofonia-muenchen.de\/wp-content\/uploads\/2022\/06\/Over-the-mine-flyer-capa-1083x1536.jpg 1083w, https:\/\/www.lusofonia-muenchen.de\/wp-content\/uploads\/2022\/06\/Over-the-mine-flyer-capa-1444x2048.jpg 1444w, https:\/\/www.lusofonia-muenchen.de\/wp-content\/uploads\/2022\/06\/Over-the-mine-flyer-capa.jpg 1748w\" sizes=\"(max-width: 338px) 100vw, 338px\" \/><\/div><\/a><div class=\"copyright\">Aus der Serie Paisagens Mineiradas von Isabela Canela<\/div><\/div><\/div>\n\n\n\n<div class=\"wp-block-emvy-blocks-slider-item emvy-slider-item\" orientation=\"portrait\"><div class=\"emvy-slider-item-wrapper\"><a><div class=\"emvy-slider-image-wrapper\"><img loading=\"lazy\" decoding=\"async\" width=\"480\" height=\"480\" src=\"https:\/\/www.lusofonia-muenchen.de\/wp-content\/uploads\/2020\/09\/42090036_2200831590187492_1293371212973473792_n-480x480.jpg\" class=\"wp-image-425\" srcset=\"https:\/\/www.lusofonia-muenchen.de\/wp-content\/uploads\/2020\/09\/42090036_2200831590187492_1293371212973473792_n-480x480.jpg 480w, https:\/\/www.lusofonia-muenchen.de\/wp-content\/uploads\/2020\/09\/42090036_2200831590187492_1293371212973473792_n-180x180.jpg 180w, https:\/\/www.lusofonia-muenchen.de\/wp-content\/uploads\/2020\/09\/42090036_2200831590187492_1293371212973473792_n.jpg 600w\" sizes=\"(max-width: 480px) 100vw, 480px\" \/><\/div><\/a><div class=\"copyright\">\u00a9 ve\u00edculoSUR<\/div><\/div><\/div>\n\n\n\n<div class=\"wp-block-emvy-blocks-slider-item emvy-slider-item\" orientation=\"landscape\"><div class=\"emvy-slider-item-wrapper\"><a><div class=\"emvy-slider-image-wrapper\"><img loading=\"lazy\" decoding=\"async\" width=\"480\" height=\"318\" src=\"https:\/\/www.lusofonia-muenchen.de\/wp-content\/uploads\/2020\/09\/Movimento_1_Carvalho-1-480x318.jpg\" class=\"wp-image-683\" srcset=\"https:\/\/www.lusofonia-muenchen.de\/wp-content\/uploads\/2020\/09\/Movimento_1_Carvalho-1-480x318.jpg 480w, https:\/\/www.lusofonia-muenchen.de\/wp-content\/uploads\/2020\/09\/Movimento_1_Carvalho-1.jpg 600w\" sizes=\"(max-width: 480px) 100vw, 480px\" \/><\/div><\/a><div class=\"copyright\">\u00a9 Lara Carvalho<\/div><\/div><\/div>\n<\/div><\/div>\n<\/div>\n<\/div>\n","protected":false},"excerpt":{"rendered":"<p>Lusofonia e.V. Associa\u00e7\u00e3o para a divulga\u00e7\u00e3o das culturas em lingua portuguesa LUSOFONIA \u00e9 um grupo de pessoas de l\u00edngua portuguesa em Munique, Alemanha, empenhadas na divulga\u00e7\u00e3o das culturas dos pa\u00edses lus\u00f3fonos (Angola, Brasil, Cabo Verde, Guin\u00e9-Bissau, Mo\u00e7ambique, Portugal, S\u00e3o Tom\u00e9, Timor Leste). Nesta p\u00e1gina encontra informa\u00e7\u00f5es sobre os nossos eventos passados e futuros.<\/p>\n","protected":false},"author":8,"featured_media":0,"parent":0,"menu_order":0,"comment_status":"closed","ping_status":"closed","template":"","meta":{"_acf_changed":false,"inline_featured_image":false,"footnotes":""},"acf":[],"_links":{"self":[{"href":"https:\/\/www.lusofonia-muenchen.de\/pt\/wp-json\/wp\/v2\/pages\/2239"}],"collection":[{"href":"https:\/\/www.lusofonia-muenchen.de\/pt\/wp-json\/wp\/v2\/pages"}],"about":[{"href":"https:\/\/www.lusofonia-muenchen.de\/pt\/wp-json\/wp\/v2\/types\/page"}],"author":[{"embeddable":true,"href":"https:\/\/www.lusofonia-muenchen.de\/pt\/wp-json\/wp\/v2\/users\/8"}],"replies":[{"embeddable":true,"href":"https:\/\/www.lusofonia-muenchen.de\/pt\/wp-json\/wp\/v2\/comments?post=2239"}],"version-history":[{"count":7,"href":"https:\/\/www.lusofonia-muenchen.de\/pt\/wp-json\/wp\/v2\/pages\/2239\/revisions"}],"predecessor-version":[{"id":2403,"href":"https:\/\/www.lusofonia-muenchen.de\/pt\/wp-json\/wp\/v2\/pages\/2239\/revisions\/2403"}],"wp:attachment":[{"href":"https:\/\/www.lusofonia-muenchen.de\/pt\/wp-json\/wp\/v2\/media?parent=2239"}],"curies":[{"name":"wp","href":"https:\/\/api.w.org\/{rel}","templated":true}]}}

página inicial

<div class="wp-block-columns is-layout-flex wp-container-core-columns-layout-1 wp-block-columns-is-layout-flex">
<div class="wp-block-column is-layout-flow wp-block-column-is-layout-flow" style="flex-basis:60%">
<p class="has-large-font-size">Lusofonia e.V.</p>



<p style="font-size:47px"><strong>Associação para a divulgação das culturas em lingua portuguesa</strong></p>



<div class="wp-block-group is-layout-constrained wp-block-group-is-layout-constrained"><div class="wp-block-group__inner-container">
<div style="height:35px" aria-hidden="true" class="wp-block-spacer"></div>



<p>LUSOFONIA é um grupo de pessoas de língua portuguesa em Munique, Alemanha, empenhadas na divulgação das culturas dos países lusófonos (Angola, Brasil, Cabo Verde, Guiné-Bissau, Moçambique, Portugal, São Tomé, Timor Leste).</p>



<p>Nesta página encontra informações sobre os nossos eventos passados e futuros.</p>
</div></div>



<div style="height:36px" aria-hidden="true" class="wp-block-spacer"></div>



<div class="wp-block-buttons is-layout-flex wp-block-buttons-is-layout-flex">
<div class="wp-block-button"><a class="wp-block-button__link has-orange-background-color has-background wp-element-button" href="/pt/programacao/">programação</a></div>



<div class="wp-block-button"><a class="wp-block-button__link has-orange-background-color has-background wp-element-button" href="https://www.lusofonia-muenchen.de/pt/arquivo/" rel="">arquivo</a></div>
</div>



<p></p>
</div>



<div class="wp-block-column is-layout-flow wp-block-column-is-layout-flow" style="flex-basis:33.33%">
<div class="wp-block-emvy-blocks-slider emvy-slider"><div class="emvy-slider-wrapper">
<div class="wp-block-emvy-blocks-slider-item emvy-slider-item" orientation="landscape"><div class="emvy-slider-item-wrapper"><a><div class="emvy-slider-image-wrapper"><img loading="lazy" decoding="async" width="327" height="480" src="https://www.lusofonia-muenchen.de/wp-content/uploads/2020/09/186220-1-327x480.jpg" class="wp-image-1472"/></div></a><div class="copyright">© Estive em Lisboa e lembrei de você</div></div></div>



<div class="wp-block-emvy-blocks-slider-item emvy-slider-item" orientation="landscape"><div class="emvy-slider-item-wrapper"><a><div class="emvy-slider-image-wrapper"><img loading="lazy" decoding="async" width="480" height="358" src="https://www.lusofonia-muenchen.de/wp-content/uploads/2020/09/zu-dritt-480x358.jpg" class="wp-image-801" srcset="https://www.lusofonia-muenchen.de/wp-content/uploads/2020/09/zu-dritt-480x358.jpg 480w, https://www.lusofonia-muenchen.de/wp-content/uploads/2020/09/zu-dritt.jpg 600w" sizes="(max-width: 480px) 100vw, 480px" /></div></a><div class="copyright">Foto by Marcia Huber</div></div></div>



<div class="wp-block-emvy-blocks-slider-item emvy-slider-item" orientation="portrait"><div class="emvy-slider-item-wrapper"><a><div class="emvy-slider-image-wrapper"><img loading="lazy" decoding="async" width="338" height="480" src="https://www.lusofonia-muenchen.de/wp-content/uploads/2022/06/Over-the-mine-flyer-capa-338x480.jpg" class="wp-image-1917" srcset="https://www.lusofonia-muenchen.de/wp-content/uploads/2022/06/Over-the-mine-flyer-capa-338x480.jpg 338w, https://www.lusofonia-muenchen.de/wp-content/uploads/2022/06/Over-the-mine-flyer-capa-722x1024.jpg 722w, https://www.lusofonia-muenchen.de/wp-content/uploads/2022/06/Over-the-mine-flyer-capa-768x1090.jpg 768w, https://www.lusofonia-muenchen.de/wp-content/uploads/2022/06/Over-the-mine-flyer-capa-1083x1536.jpg 1083w, https://www.lusofonia-muenchen.de/wp-content/uploads/2022/06/Over-the-mine-flyer-capa-1444x2048.jpg 1444w, https://www.lusofonia-muenchen.de/wp-content/uploads/2022/06/Over-the-mine-flyer-capa.jpg 1748w" sizes="(max-width: 338px) 100vw, 338px" /></div></a><div class="copyright">Aus der Serie Paisagens Mineiradas von Isabela Canela</div></div></div>



<div class="wp-block-emvy-blocks-slider-item emvy-slider-item" orientation="portrait"><div class="emvy-slider-item-wrapper"><a><div class="emvy-slider-image-wrapper"><img loading="lazy" decoding="async" width="480" height="480" src="https://www.lusofonia-muenchen.de/wp-content/uploads/2020/09/42090036_2200831590187492_1293371212973473792_n-480x480.jpg" class="wp-image-425" srcset="https://www.lusofonia-muenchen.de/wp-content/uploads/2020/09/42090036_2200831590187492_1293371212973473792_n-480x480.jpg 480w, https://www.lusofonia-muenchen.de/wp-content/uploads/2020/09/42090036_2200831590187492_1293371212973473792_n-180x180.jpg 180w, https://www.lusofonia-muenchen.de/wp-content/uploads/2020/09/42090036_2200831590187492_1293371212973473792_n.jpg 600w" sizes="(max-width: 480px) 100vw, 480px" /></div></a><div class="copyright">© veículoSUR</div></div></div>



<div class="wp-block-emvy-blocks-slider-item emvy-slider-item" orientation="landscape"><div class="emvy-slider-item-wrapper"><a><div class="emvy-slider-image-wrapper"><img loading="lazy" decoding="async" width="480" height="318" src="https://www.lusofonia-muenchen.de/wp-content/uploads/2020/09/Movimento_1_Carvalho-1-480x318.jpg" class="wp-image-683" srcset="https://www.lusofonia-muenchen.de/wp-content/uploads/2020/09/Movimento_1_Carvalho-1-480x318.jpg 480w, https://www.lusofonia-muenchen.de/wp-content/uploads/2020/09/Movimento_1_Carvalho-1.jpg 600w" sizes="(max-width: 480px) 100vw, 480px" /></div></a><div class="copyright">© Lara Carvalho</div></div></div>
</div></div>
</div>
</div>

<p>Lusofonia e.V. Associação para a divulgação das culturas em lingua portuguesa LUSOFONIA é um grupo de pessoas de língua portuguesa em Munique, Alemanha, empenhadas na divulgação das culturas dos países lusófonos (Angola, Brasil, Cabo Verde, Guiné-Bissau, Moçambique, Portugal, São Tomé, Timor Leste). Nesta página encontra informações sobre os nossos eventos passados e futuros.</p>
