{"id":1853,"date":"2023-04-22T13:28:00","date_gmt":"2023-04-22T11:28:00","guid":{"rendered":"https:\/\/www.lusofonia-muenchen.de\/?post_type=termin&#038;p=1853"},"modified":"2023-05-31T16:12:25","modified_gmt":"2023-05-31T14:12:25","slug":"aline-frazao-band-uma-tour-2022","status":"publish","type":"termin","link":"https:\/\/www.lusofonia-muenchen.de\/pt\/programacao\/aline-frazao-band-uma-tour-2022\/","title":{"rendered":"ALINE FRAZ\u00c3O &#038; BAND &#8211; UMA Tour &#8211; Data remarcada"},"content":{"rendered":"\n<p>O novo \u00e1lbum da cantora e compositora angolana Aline Fraz\u00e3o \u00e9 o resultado de v\u00e1rios regressos: o regresso \u00e0 sua banda, a um conjunto afetivo de ritmos que v\u00e3o desde a massemba angolana ao batuku cabo-verdiano, passando pelo maracatu e o afox\u00e9 do Brasil, o regresso \u00e0 escrita e composi\u00e7\u00e3o de can\u00e7\u00f5es, \u00e0 busca incessante de uma voz que se exprima atrav\u00e9s das palavras, atrav\u00e9s da can\u00e7\u00e3o, mas tamb\u00e9m dentro da produ\u00e7\u00e3o musical como um todo.<\/p>\n\n\n\n<p>Aline Fraz\u00e3o cresceu em Luanda, capital de Angola, foi para Lisboa para estudar quando tinha dezoito anos, depois viveu em Espanha durante muito tempo para ent\u00e3o regressar a Luanda. Ela \u00e9 uma das vozes mais relevantes e internacionais da nova gera\u00e7\u00e3o de artistas de Angola. \u00c9 cantora, autora, compositora e produtora musical, contando com quatro \u00e1lbuns editados: &#8220;Clave Bantu&#8221; (2011), &#8220;Movimento&#8221; (2013), &#8220;Insular&#8221; (2015) e &#8220;Dentro da Chuva&#8221; (2018).&nbsp;Al\u00e9m do seu j\u00e1 extenso trabalho na m\u00fasica, escreve cr\u00f3nicas, ensaios e contos.<\/p>\n\n\n\n<p>Com:<\/p>\n\n\n\n<p>Aline Fraz\u00e3o &#8211; Guitars, vocals<br>Juninho Ibituruna &#8211; Drums, percussion<br>Trigo Santana &#8211; Electric bass, backing vocals<\/p>\n","protected":false},"excerpt":{"rendered":"<p>No seu novo alb\u00fam, Aline Fraz\u00e3o confirma a sua paix\u00e3o por ritmos de origem africana, encontrando novas formas de os reinterpretar, desconstruir e reinventar. UMA M\u00daSICA ANGOLANA \u00e9 um universo sonoro cheio de misturas e improvisa\u00e7\u00f5es de jazz, dan\u00e7ado a uma batida que vem de dentro do corpo, de dentro das emo\u00e7\u00f5es. Porque, mais do que nunca, \u00e9 necess\u00e1rio estarmos ligados de novo.<\/p>\n","protected":false},"author":5,"featured_media":1848,"template":"","meta":{"_acf_changed":false,"inline_featured_image":false},"categories":[38],"autor":[122,284,283,237],"land":[71],"jahr":[280],"acf":[],"_links":{"self":[{"href":"https:\/\/www.lusofonia-muenchen.de\/pt\/wp-json\/wp\/v2\/termin\/1853"}],"collection":[{"href":"https:\/\/www.lusofonia-muenchen.de\/pt\/wp-json\/wp\/v2\/termin"}],"about":[{"href":"https:\/\/www.lusofonia-muenchen.de\/pt\/wp-json\/wp\/v2\/types\/termin"}],"author":[{"embeddable":true,"href":"https:\/\/www.lusofonia-muenchen.de\/pt\/wp-json\/wp\/v2\/users\/5"}],"wp:featuredmedia":[{"embeddable":true,"href":"https:\/\/www.lusofonia-muenchen.de\/pt\/wp-json\/wp\/v2\/media\/1848"}],"wp:attachment":[{"href":"https:\/\/www.lusofonia-muenchen.de\/pt\/wp-json\/wp\/v2\/media?parent=1853"}],"wp:term":[{"taxonomy":"category","embeddable":true,"href":"https:\/\/www.lusofonia-muenchen.de\/pt\/wp-json\/wp\/v2\/categories?post=1853"},{"taxonomy":"autor","embeddable":true,"href":"https:\/\/www.lusofonia-muenchen.de\/pt\/wp-json\/wp\/v2\/autor?post=1853"},{"taxonomy":"land","embeddable":true,"href":"https:\/\/www.lusofonia-muenchen.de\/pt\/wp-json\/wp\/v2\/land?post=1853"},{"taxonomy":"jahr","embeddable":true,"href":"https:\/\/www.lusofonia-muenchen.de\/pt\/wp-json\/wp\/v2\/jahr?post=1853"}],"curies":[{"name":"wp","href":"https:\/\/api.w.org\/{rel}","templated":true}]}}

ALINE FRAZÃO &#038; BAND &#8211; UMA Tour &#8211; Data remarcada

<p>O novo álbum da cantora e compositora angolana Aline Frazão é o resultado de vários regressos: o regresso à sua banda, a um conjunto afetivo de ritmos que vão desde a massemba angolana ao batuku cabo-verdiano, passando pelo maracatu e o afoxé do Brasil, o regresso à escrita e composição de canções, à busca incessante de uma voz que se exprima através das palavras, através da canção, mas também dentro da produção musical como um todo.</p>



<p>Aline Frazão cresceu em Luanda, capital de Angola, foi para Lisboa para estudar quando tinha dezoito anos, depois viveu em Espanha durante muito tempo para então regressar a Luanda. Ela é uma das vozes mais relevantes e internacionais da nova geração de artistas de Angola. É cantora, autora, compositora e produtora musical, contando com quatro álbuns editados: &#8220;Clave Bantu&#8221; (2011), &#8220;Movimento&#8221; (2013), &#8220;Insular&#8221; (2015) e &#8220;Dentro da Chuva&#8221; (2018).&nbsp;Além do seu já extenso trabalho na música, escreve crónicas, ensaios e contos.</p>



<p>Com:</p>



<p>Aline Frazão &#8211; Guitars, vocals<br>Juninho Ibituruna &#8211; Drums, percussion<br>Trigo Santana &#8211; Electric bass, backing vocals</p>

<p>No seu novo albúm, Aline Frazão confirma a sua paixão por ritmos de origem africana, encontrando novas formas de os reinterpretar, desconstruir e reinventar. UMA MÚSICA ANGOLANA é um universo sonoro cheio de misturas e improvisações de jazz, dançado a uma batida que vem de dentro do corpo, de dentro das emoções. Porque, mais do que nunca, é necessário estarmos ligados de novo.</p>
