{"id":1869,"date":"2022-03-04T16:47:31","date_gmt":"2022-03-04T15:47:31","guid":{"rendered":"https:\/\/www.lusofonia-muenchen.de\/?post_type=termin&#038;p=1869"},"modified":"2022-11-22T11:38:49","modified_gmt":"2022-11-22T10:38:49","slug":"concerto-com-yamandu-costa","status":"publish","type":"termin","link":"https:\/\/www.lusofonia-muenchen.de\/pt\/programacao\/concerto-com-yamandu-costa\/","title":{"rendered":"Concerto com Yamandu Costa"},"content":{"rendered":"\n<p><strong>Concerto reposto do Festival de Ch\u00f4ro Munique<\/strong><\/p>\n\n\n\n<p>Yamandu Costa \u00e9 violonista talentoso e compositor do Brasil, nascido em 1980. \u00c9 considerado um dos maiores talentos no viol\u00e3o de 7 cordas. Sua criatividade se alia a uma t\u00e9cnica perfeita, suas performances em palco recriam a m\u00fasica brasileira. O viol\u00e3o \u00e9 seu lar, sua paix\u00e3o. <\/p>\n\n\n\n<p>O filme &#8220;Brasileirinho&#8221; e a crescente popularidade do Ch\u00f4ro fez que Yamandu Costa tamb\u00e9m se tornasse conhecido fora do Brasil. Por ocasi\u00e3o das estreias do filme em Berlim (Berlinale) e na B\u00e9lgica em 2005, Yamandu p\u00f4de ser apreciado a solo, bem como junto com outros grandes nomes como Bobby McFerrin, Richard Galliano, Baden Powell, Odair e Sergio Assad, Hermeto Pascoal, Richard Galliano, Nana Vasconcelos, Armandinho Macedo, Renato Borghetti, Toquinho, Jo\u00e3o Bosco, Dominguinhos, Hamilton de Holanda ou Paulo Moura. &nbsp;<\/p>\n\n\n\n<p>O concerto com Yamandu Costa&nbsp;foi adiado de Janeiro 2022 a Maio e acontece no \u00e2mbito do Festival de Ch\u00f4ro Munique.&nbsp;&nbsp;&nbsp;&nbsp;&nbsp;&nbsp;&nbsp;<\/p>\n\n\n\n<p>&#8220;Yamandu Costa \u00e9 o Paganini do viol\u00e3o 7 cordas&#8221;(Kurt Masur)<\/p>\n\n\n\n<p>Mais sobre Yamandu Costa no seu website: <a href=\"https:\/\/yamandu.com.br\/\">https:\/\/yamandu.com.br\/<\/a><\/p>\n","protected":false},"excerpt":{"rendered":"<p>Concerto reposto do Festival de Ch\u00f4ro Munique: Yamandu Costa, violonista talentoso e compositor do Brasil, vem tocar em Munique. \u00c9 considerado um dos maiores talentos no viol\u00e3o de 7 cordas.<\/p>\n","protected":false},"author":5,"featured_media":0,"template":"","meta":{"_acf_changed":false,"inline_featured_image":false},"categories":[],"autor":[290],"land":[48],"jahr":[280],"acf":[],"_links":{"self":[{"href":"https:\/\/www.lusofonia-muenchen.de\/pt\/wp-json\/wp\/v2\/termin\/1869"}],"collection":[{"href":"https:\/\/www.lusofonia-muenchen.de\/pt\/wp-json\/wp\/v2\/termin"}],"about":[{"href":"https:\/\/www.lusofonia-muenchen.de\/pt\/wp-json\/wp\/v2\/types\/termin"}],"author":[{"embeddable":true,"href":"https:\/\/www.lusofonia-muenchen.de\/pt\/wp-json\/wp\/v2\/users\/5"}],"wp:attachment":[{"href":"https:\/\/www.lusofonia-muenchen.de\/pt\/wp-json\/wp\/v2\/media?parent=1869"}],"wp:term":[{"taxonomy":"category","embeddable":true,"href":"https:\/\/www.lusofonia-muenchen.de\/pt\/wp-json\/wp\/v2\/categories?post=1869"},{"taxonomy":"autor","embeddable":true,"href":"https:\/\/www.lusofonia-muenchen.de\/pt\/wp-json\/wp\/v2\/autor?post=1869"},{"taxonomy":"land","embeddable":true,"href":"https:\/\/www.lusofonia-muenchen.de\/pt\/wp-json\/wp\/v2\/land?post=1869"},{"taxonomy":"jahr","embeddable":true,"href":"https:\/\/www.lusofonia-muenchen.de\/pt\/wp-json\/wp\/v2\/jahr?post=1869"}],"curies":[{"name":"wp","href":"https:\/\/api.w.org\/{rel}","templated":true}]}}

<p><strong>Concerto reposto do Festival de Chôro Munique</strong></p>



<p>Yamandu Costa é violonista talentoso e compositor do Brasil, nascido em 1980. É considerado um dos maiores talentos no violão de 7 cordas. Sua criatividade se alia a uma técnica perfeita, suas performances em palco recriam a música brasileira. O violão é seu lar, sua paixão. </p>



<p>O filme &#8220;Brasileirinho&#8221; e a crescente popularidade do Chôro fez que Yamandu Costa também se tornasse conhecido fora do Brasil. Por ocasião das estreias do filme em Berlim (Berlinale) e na Bélgica em 2005, Yamandu pôde ser apreciado a solo, bem como junto com outros grandes nomes como Bobby McFerrin, Richard Galliano, Baden Powell, Odair e Sergio Assad, Hermeto Pascoal, Richard Galliano, Nana Vasconcelos, Armandinho Macedo, Renato Borghetti, Toquinho, João Bosco, Dominguinhos, Hamilton de Holanda ou Paulo Moura. &nbsp;</p>



<p>O concerto com Yamandu Costa&nbsp;foi adiado de Janeiro 2022 a Maio e acontece no âmbito do Festival de Chôro Munique.&nbsp;&nbsp;&nbsp;&nbsp;&nbsp;&nbsp;&nbsp;</p>



<p>&#8220;Yamandu Costa é o Paganini do violão 7 cordas&#8221;(Kurt Masur)</p>



<p>Mais sobre Yamandu Costa no seu website: <a href="https://yamandu.com.br/">https://yamandu.com.br/</a></p>

<p>Concerto reposto do Festival de Chôro Munique: Yamandu Costa, violonista talentoso e compositor do Brasil, vem tocar em Munique. É considerado um dos maiores talentos no violão de 7 cordas.</p>
