{"id":1903,"date":"2022-04-29T21:48:40","date_gmt":"2022-04-29T19:48:40","guid":{"rendered":"https:\/\/www.lusofonia-muenchen.de\/?post_type=termin&#038;p=1903"},"modified":"2022-11-20T11:23:22","modified_gmt":"2022-11-20T10:23:22","slug":"gisela-joao-aurora","status":"publish","type":"termin","link":"https:\/\/www.lusofonia-muenchen.de\/pt\/programacao\/gisela-joao-aurora\/","title":{"rendered":"Gisela Jo\u00e3o \u2013 AuRora"},"content":{"rendered":"\n<p>Nascida em Barcelos, <strong>Gisela Jo\u00e3o<\/strong> vive atualmente em Lisboa, onde gravou em 2013 o seu primeiro disco. O seu \u00e1lbum de estreia \u201c<em>Gisela Jo\u00e3o<\/em>\u201c foi recebido entusiasticamente pela cr\u00edtica e considerado o melhor \u00e1lbum nacional do ano por publica\u00e7\u00f5es de refer\u00eancia como a Blitz, o Expresso e o P\u00fablico, entre outros. As vendas valeram-lhe o Disco de Platina e o disco foi considerado o mais importante disco de estreia de um artista portugu\u00eas no s\u00e9culo XXI. Foi com ele que ganhou o pr\u00e9mio revela\u00e7\u00e3o Am\u00e1lia. Em 2016 lan\u00e7a o segundo \u00e1lbum \u201cNUA\u201d. Na tourn\u00e9e atual apresenta o novo disco \u201cAuRora\u201d.<\/p>\n\n\n\n<p>Fado \u00e9 o g\u00e9nero musical que n\u00e3o \u00e9 s\u00f3 g\u00e9nero. \u201eFado \u00e9 um sentimento.\u201c, diz <strong>Gisela Jo\u00e3o<\/strong>, ela que incorporou inteiramente esse sentimento. A cantora premiada (entre outros o Golden Globe pela melhor artista portuguesa) representa com a sua voz e tonalidade \u00fanica uma figura central e uma das artistas mais importantes no panorama musical de Portugal. O seu primeiro \u00e1lbum foi considerado o mais importante disco de estreia de um artista portugu\u00eas no s\u00e9culo XXI. Junto com o produtor americano Michael League, l\u00edder da banda Snarky Puppy, produziu o novo \u00e1lbum que leva o fado aos seus limites.<\/p>\n\n\n\n<blockquote class=\"wp-block-quote\"><p>\u201cNada em Gisela Jo\u00e3o faz lembrar uma fadista, nada parece lig\u00e1-la a uma tradi\u00e7\u00e3o. Exceto a voz. E \u00e9 a voz que a torna uma fadista maior.\u201d <\/p><cite>Jo\u00e3o Bonif\u00e1cio, P\u00daBLICO<\/cite><\/blockquote>\n\n\n\n<blockquote class=\"wp-block-quote\"><p>\u201ePortugal\u2019s most widely acclaimed fado singer to emerge in this decade!\u201c<\/p><cite>New York Times<\/cite><\/blockquote>\n","protected":false},"excerpt":{"rendered":"<p>\u201eFado \u00e9 um sentimento.\u201c, diz Gisela Jo\u00e3o. A fadista de Barcelos apresenta o novo \u00e1lbum \u201eAuRora\u201d. <\/p>\n","protected":false},"author":3,"featured_media":1900,"template":"","meta":{"_acf_changed":false,"inline_featured_image":false},"categories":[],"autor":[168],"land":[43,70],"jahr":[280],"acf":[],"_links":{"self":[{"href":"https:\/\/www.lusofonia-muenchen.de\/pt\/wp-json\/wp\/v2\/termin\/1903"}],"collection":[{"href":"https:\/\/www.lusofonia-muenchen.de\/pt\/wp-json\/wp\/v2\/termin"}],"about":[{"href":"https:\/\/www.lusofonia-muenchen.de\/pt\/wp-json\/wp\/v2\/types\/termin"}],"author":[{"embeddable":true,"href":"https:\/\/www.lusofonia-muenchen.de\/pt\/wp-json\/wp\/v2\/users\/3"}],"wp:featuredmedia":[{"embeddable":true,"href":"https:\/\/www.lusofonia-muenchen.de\/pt\/wp-json\/wp\/v2\/media\/1900"}],"wp:attachment":[{"href":"https:\/\/www.lusofonia-muenchen.de\/pt\/wp-json\/wp\/v2\/media?parent=1903"}],"wp:term":[{"taxonomy":"category","embeddable":true,"href":"https:\/\/www.lusofonia-muenchen.de\/pt\/wp-json\/wp\/v2\/categories?post=1903"},{"taxonomy":"autor","embeddable":true,"href":"https:\/\/www.lusofonia-muenchen.de\/pt\/wp-json\/wp\/v2\/autor?post=1903"},{"taxonomy":"land","embeddable":true,"href":"https:\/\/www.lusofonia-muenchen.de\/pt\/wp-json\/wp\/v2\/land?post=1903"},{"taxonomy":"jahr","embeddable":true,"href":"https:\/\/www.lusofonia-muenchen.de\/pt\/wp-json\/wp\/v2\/jahr?post=1903"}],"curies":[{"name":"wp","href":"https:\/\/api.w.org\/{rel}","templated":true}]}}

Gisela João – AuRora

<p>Nascida em Barcelos, <strong>Gisela João</strong> vive atualmente em Lisboa, onde gravou em 2013 o seu primeiro disco. O seu álbum de estreia “<em>Gisela João</em>“ foi recebido entusiasticamente pela crítica e considerado o melhor álbum nacional do ano por publicações de referência como a Blitz, o Expresso e o Público, entre outros. As vendas valeram-lhe o Disco de Platina e o disco foi considerado o mais importante disco de estreia de um artista português no século XXI. Foi com ele que ganhou o prémio revelação Amália. Em 2016 lança o segundo álbum “NUA”. Na tournée atual apresenta o novo disco “AuRora”.</p>



<p>Fado é o género musical que não é só género. „Fado é um sentimento.“, diz <strong>Gisela João</strong>, ela que incorporou inteiramente esse sentimento. A cantora premiada (entre outros o Golden Globe pela melhor artista portuguesa) representa com a sua voz e tonalidade única uma figura central e uma das artistas mais importantes no panorama musical de Portugal. O seu primeiro álbum foi considerado o mais importante disco de estreia de um artista português no século XXI. Junto com o produtor americano Michael League, líder da banda Snarky Puppy, produziu o novo álbum que leva o fado aos seus limites.</p>



<blockquote class="wp-block-quote"><p>“Nada em Gisela João faz lembrar uma fadista, nada parece ligá-la a uma tradição. Exceto a voz. E é a voz que a torna uma fadista maior.” </p><cite>João Bonifácio, PÚBLICO</cite></blockquote>



<blockquote class="wp-block-quote"><p>„Portugal’s most widely acclaimed fado singer to emerge in this decade!“</p><cite>New York Times</cite></blockquote>

<p>„Fado é um sentimento.“, diz Gisela João. A fadista de Barcelos apresenta o novo álbum „AuRora”. </p>
