{"id":1947,"date":"2023-03-16T11:23:46","date_gmt":"2023-03-16T10:23:46","guid":{"rendered":"https:\/\/www.lusofonia-muenchen.de\/?post_type=termin&#038;p=1947"},"modified":"2023-05-31T16:13:36","modified_gmt":"2023-05-31T14:13:36","slug":"miroca-paris-o-ritmo-das-ilhas-de-cabo-verde","status":"publish","type":"termin","link":"https:\/\/www.lusofonia-muenchen.de\/pt\/programacao\/miroca-paris-o-ritmo-das-ilhas-de-cabo-verde\/","title":{"rendered":"Miroca Paris \u2013 O ritmo das Ilhas de Cabo Verde &#8211; Data remarcada"},"content":{"rendered":"\n<p>O multi-instrumentista cabo-verdiano Miroca Paris ocupa finalmente em nome pr\u00f3prio o centro do palco e demonstra ser um dos int\u00e9rpretes mais fortes do mundo da m\u00fasica lus\u00f3fona. Ao lado de personalidades c\u00e9nicas famosas, o cantor, percussionista e guitarrista atuou durante muitos anos com a lenda musical Ces\u00e1ria \u00c9vora e fez digress\u00f5es com Madonna. Agora brilha em palco com a sua pr\u00f3pria m\u00fasica em quatro continentes. Com base no seu extenso conhecimento r\u00edtmico, Miroca Paris desenvolveu uma t\u00e9cnica \u00fanica de tocar guitarra: uma forma inovadora, l\u00fadica, surpreendente e fresca.<\/p>\n\n\n\n<p>Ele combina a sua voz cava com um trompete fant\u00e1stico, baixos e baterias crioulas, duas guitarras e, deste modo, a sua fabulosa percuss\u00e3o resulta numa experi\u00eancia de concerto \u00fanica que nos transporta \u00e0s ilhas vulc\u00e2nicas cabo-verdianas e a sua cultura crioula-portuguesa-africana.<\/p>\n\n\n\n<p><em>&#8220;Sensacional!&#8221; &#8211; Afropop Worldwide<\/em><\/p>\n\n\n\n<p><em>&#8220;Apaixon\u00e1mo-nos de novo pelo ritmo&#8221;! &#8211; El Pais<\/em><\/p>\n\n\n\n<p><em>&#8220;Um mestre em grooves, na precis\u00e3o e no fasc\u00ednio&#8221;. &#8211; Revista WOXX<\/em><\/p>\n\n\n\n<p><em>&#8220;Um homem de muitos talentos, cantor-compositor, guitarrista talentoso e percussionista&#8221;.&nbsp; &#8211; PRI o Mundo<\/em><\/p>\n\n\n\n<p><strong>Miroca Paris<\/strong> nasceu na lend\u00e1ria &#8220;fam\u00edlia de m\u00fasicos <em>parisienses<\/em>&#8221; de Cabo Verde. Come\u00e7ou pela bateria aos sete anos de idade. A partir da\u00ed ficou claro que a m\u00fasica era a for\u00e7a motriz da sua vida. Por dez anos acompanhou a mundialmente famosa artista cabo-verdiana Ces\u00e1ria \u00c9vora em palcos por todo o mundo e permaneceu com ela at\u00e9 ao fim. A longa carreira musical de Miroca Paris tem sido marcada pelo acompanhamento de outras artistas de renome, incluindo Sara Tavares, Ang\u00e9lique Kidjo, Bonga, Mariza, seu t\u00edo Tito Paris e Madonna. O cantor, percussionista e guitarrista pertence \u00e0 nova gera\u00e7\u00e3o de artistas cabo-verdianos que encontraram a sua segunda casa em Portugal.<\/p>\n\n\n\n<p>Mais informa\u00e7\u00f5es aqui: <a href=\"https:\/\/globalgrooves.de\/miroca-paris.html\" target=\"_blank\" rel=\"noreferrer noopener\">https:\/\/globalgrooves.de\/miroca-paris.html<\/a><\/p>\n\n\n\n<p>V\u00eddeos:<\/p>\n\n\n\n<p><a href=\"https:\/\/www.youtube.com\/watch?v=XBeBZ7q42uM&amp;feature=emb_title\" target=\"_blank\" rel=\"noreferrer noopener\">Miroca Paris Live in Berlin &#8211; Wassermusik Black Atlantic Festival<\/a><\/p>\n","protected":false},"excerpt":{"rendered":"<p>Miroca Paris, inovador musical cabo-verdiano, foi fazendo um percurso pessoal ao lado de grandes personalidades da m\u00fasica. Como instrumentalista e cantor acompanhou a lenda musical Ces\u00e1ria \u00c9vora durante muitos anos; tamb\u00e9m fez digress\u00f5es com Madonna e gravou um \u00e1lbum vencedor do Grammy.<\/p>\n","protected":false},"author":5,"featured_media":2005,"template":"","meta":{"_acf_changed":false,"inline_featured_image":false},"categories":[38],"autor":[296],"land":[29],"jahr":[280,292],"acf":[],"_links":{"self":[{"href":"https:\/\/www.lusofonia-muenchen.de\/pt\/wp-json\/wp\/v2\/termin\/1947"}],"collection":[{"href":"https:\/\/www.lusofonia-muenchen.de\/pt\/wp-json\/wp\/v2\/termin"}],"about":[{"href":"https:\/\/www.lusofonia-muenchen.de\/pt\/wp-json\/wp\/v2\/types\/termin"}],"author":[{"embeddable":true,"href":"https:\/\/www.lusofonia-muenchen.de\/pt\/wp-json\/wp\/v2\/users\/5"}],"wp:featuredmedia":[{"embeddable":true,"href":"https:\/\/www.lusofonia-muenchen.de\/pt\/wp-json\/wp\/v2\/media\/2005"}],"wp:attachment":[{"href":"https:\/\/www.lusofonia-muenchen.de\/pt\/wp-json\/wp\/v2\/media?parent=1947"}],"wp:term":[{"taxonomy":"category","embeddable":true,"href":"https:\/\/www.lusofonia-muenchen.de\/pt\/wp-json\/wp\/v2\/categories?post=1947"},{"taxonomy":"autor","embeddable":true,"href":"https:\/\/www.lusofonia-muenchen.de\/pt\/wp-json\/wp\/v2\/autor?post=1947"},{"taxonomy":"land","embeddable":true,"href":"https:\/\/www.lusofonia-muenchen.de\/pt\/wp-json\/wp\/v2\/land?post=1947"},{"taxonomy":"jahr","embeddable":true,"href":"https:\/\/www.lusofonia-muenchen.de\/pt\/wp-json\/wp\/v2\/jahr?post=1947"}],"curies":[{"name":"wp","href":"https:\/\/api.w.org\/{rel}","templated":true}]}}

<p>O multi-instrumentista cabo-verdiano Miroca Paris ocupa finalmente em nome próprio o centro do palco e demonstra ser um dos intérpretes mais fortes do mundo da música lusófona. Ao lado de personalidades cénicas famosas, o cantor, percussionista e guitarrista atuou durante muitos anos com a lenda musical Cesária Évora e fez digressões com Madonna. Agora brilha em palco com a sua própria música em quatro continentes. Com base no seu extenso conhecimento rítmico, Miroca Paris desenvolveu uma técnica única de tocar guitarra: uma forma inovadora, lúdica, surpreendente e fresca.</p>



<p>Ele combina a sua voz cava com um trompete fantástico, baixos e baterias crioulas, duas guitarras e, deste modo, a sua fabulosa percussão resulta numa experiência de concerto única que nos transporta às ilhas vulcânicas cabo-verdianas e a sua cultura crioula-portuguesa-africana.</p>



<p><em>&#8220;Sensacional!&#8221; &#8211; Afropop Worldwide</em></p>



<p><em>&#8220;Apaixonámo-nos de novo pelo ritmo&#8221;! &#8211; El Pais</em></p>



<p><em>&#8220;Um mestre em grooves, na precisão e no fascínio&#8221;. &#8211; Revista WOXX</em></p>



<p><em>&#8220;Um homem de muitos talentos, cantor-compositor, guitarrista talentoso e percussionista&#8221;.&nbsp; &#8211; PRI o Mundo</em></p>



<p><strong>Miroca Paris</strong> nasceu na lendária &#8220;família de músicos <em>parisienses</em>&#8221; de Cabo Verde. Começou pela bateria aos sete anos de idade. A partir daí ficou claro que a música era a força motriz da sua vida. Por dez anos acompanhou a mundialmente famosa artista cabo-verdiana Cesária Évora em palcos por todo o mundo e permaneceu com ela até ao fim. A longa carreira musical de Miroca Paris tem sido marcada pelo acompanhamento de outras artistas de renome, incluindo Sara Tavares, Angélique Kidjo, Bonga, Mariza, seu tío Tito Paris e Madonna. O cantor, percussionista e guitarrista pertence à nova geração de artistas cabo-verdianos que encontraram a sua segunda casa em Portugal.</p>



<p>Mais informações aqui: <a href="https://globalgrooves.de/miroca-paris.html" target="_blank" rel="noreferrer noopener">https://globalgrooves.de/miroca-paris.html</a></p>



<p>Vídeos:</p>



<p><a href="https://www.youtube.com/watch?v=XBeBZ7q42uM&amp;feature=emb_title" target="_blank" rel="noreferrer noopener">Miroca Paris Live in Berlin &#8211; Wassermusik Black Atlantic Festival</a></p>

<p>Miroca Paris, inovador musical cabo-verdiano, foi fazendo um percurso pessoal ao lado de grandes personalidades da música. Como instrumentalista e cantor acompanhou a lenda musical Cesária Évora durante muitos anos; também fez digressões com Madonna e gravou um álbum vencedor do Grammy.</p>
