{"id":1991,"date":"2022-11-22T11:35:39","date_gmt":"2022-11-22T10:35:39","guid":{"rendered":"https:\/\/www.lusofonia-muenchen.de\/?post_type=termin&#038;p=1991"},"modified":"2022-11-22T11:55:37","modified_gmt":"2022-11-22T10:55:37","slug":"peripherien-periferias","status":"publish","type":"termin","link":"https:\/\/www.lusofonia-muenchen.de\/pt\/programacao\/peripherien-periferias\/","title":{"rendered":"Peripherien \/ periferias"},"content":{"rendered":"\n<p><strong>Time-based media na intersec\u00e7\u00e3o entre as artes-visuais e o cinema<\/strong><\/p>\n\n\n\n<p>Os artistas atualmente residentes na Villa Waldberta em Feldafing d\u00e3o a conhecer as suas obras em desenvolvimen\u00adto, mostrando material bruto e fragmentos de trabalhos atuais, assim como obras completas mais antigas.<\/p>\n\n\n\n<p>O elemento comum \u00e9 a reflex\u00e3o art\u00edstica sobre a periferia: um <em>glitch<\/em> digital no espa\u00e7o virtual, a observa\u00e7\u00e3o documental nos sub\u00farbios da cidade, assim como uma experi\u00eancia mental para explorar \u00e1reas fronteiri\u00e7as.<br><br>Com: <strong>Inti Gallardo, Ygor Gama, Sarah Messerschmidt, Filipe Nunes Branco, Patrik Thomas e Mathias R. Zausinger<\/strong><\/p>\n\n\n\n<p><\/p>\n","protected":false},"excerpt":{"rendered":"<p>Bolseiros da Villa Waldberta ir\u00e3o mostrar o seu trabalho na intersec\u00e7\u00e3o entre as artes visuais e o cinema durante dois ser\u00f5es em dezembro.<\/p>\n<p>Com: Inti Gallardo , Ygor Gama, Sarah Messerschmidt, Filipe Nunes Branco, Patrik Thomas e Mathias R. Zausinger<\/p>\n","protected":false},"author":5,"featured_media":1981,"template":"","meta":{"_acf_changed":false,"inline_featured_image":false},"categories":[65,66],"autor":[306,303,308,307,305,304],"land":[72,43],"jahr":[280],"acf":[],"_links":{"self":[{"href":"https:\/\/www.lusofonia-muenchen.de\/pt\/wp-json\/wp\/v2\/termin\/1991"}],"collection":[{"href":"https:\/\/www.lusofonia-muenchen.de\/pt\/wp-json\/wp\/v2\/termin"}],"about":[{"href":"https:\/\/www.lusofonia-muenchen.de\/pt\/wp-json\/wp\/v2\/types\/termin"}],"author":[{"embeddable":true,"href":"https:\/\/www.lusofonia-muenchen.de\/pt\/wp-json\/wp\/v2\/users\/5"}],"wp:featuredmedia":[{"embeddable":true,"href":"https:\/\/www.lusofonia-muenchen.de\/pt\/wp-json\/wp\/v2\/media\/1981"}],"wp:attachment":[{"href":"https:\/\/www.lusofonia-muenchen.de\/pt\/wp-json\/wp\/v2\/media?parent=1991"}],"wp:term":[{"taxonomy":"category","embeddable":true,"href":"https:\/\/www.lusofonia-muenchen.de\/pt\/wp-json\/wp\/v2\/categories?post=1991"},{"taxonomy":"autor","embeddable":true,"href":"https:\/\/www.lusofonia-muenchen.de\/pt\/wp-json\/wp\/v2\/autor?post=1991"},{"taxonomy":"land","embeddable":true,"href":"https:\/\/www.lusofonia-muenchen.de\/pt\/wp-json\/wp\/v2\/land?post=1991"},{"taxonomy":"jahr","embeddable":true,"href":"https:\/\/www.lusofonia-muenchen.de\/pt\/wp-json\/wp\/v2\/jahr?post=1991"}],"curies":[{"name":"wp","href":"https:\/\/api.w.org\/{rel}","templated":true}]}}

<p><strong>Time-based media na intersecção entre as artes-visuais e o cinema</strong></p>



<p>Os artistas atualmente residentes na Villa Waldberta em Feldafing dão a conhecer as suas obras em desenvolvimen­to, mostrando material bruto e fragmentos de trabalhos atuais, assim como obras completas mais antigas.</p>



<p>O elemento comum é a reflexão artística sobre a periferia: um <em>glitch</em> digital no espaço virtual, a observação documental nos subúrbios da cidade, assim como uma experiência mental para explorar áreas fronteiriças.<br><br>Com: <strong>Inti Gallardo, Ygor Gama, Sarah Messerschmidt, Filipe Nunes Branco, Patrik Thomas e Mathias R. Zausinger</strong></p>



<p></p>

<p>Bolseiros da Villa Waldberta irão mostrar o seu trabalho na intersecção entre as artes visuais e o cinema durante dois serões em dezembro.</p>
<p>Com: Inti Gallardo , Ygor Gama, Sarah Messerschmidt, Filipe Nunes Branco, Patrik Thomas e Mathias R. Zausinger</p>
