{"id":2115,"date":"2023-06-19T10:47:41","date_gmt":"2023-06-19T08:47:41","guid":{"rendered":"https:\/\/www.lusofonia-muenchen.de\/programm\/ceu-tour-fenix-do-amor\/"},"modified":"2024-02-22T16:57:36","modified_gmt":"2024-02-22T15:57:36","slug":"ceu-tour-fenix-do-amor","status":"publish","type":"termin","link":"https:\/\/www.lusofonia-muenchen.de\/pt\/programacao\/ceu-tour-fenix-do-amor\/","title":{"rendered":"<strong>C\u00c9U \u2013 Tour F\u00e9nix do Amor<\/strong>"},"content":{"rendered":"\n<p>Com mais de quinze anos de carreira, a cantora e compositora brasileira <strong>C\u00e9u<\/strong> \u00e9 considerada uma das artistas brasileiras mais influentes e importantes deste s\u00e9culo e uma das maiores cantoras da sua gera\u00e7\u00e3o. Come\u00e7ou a sua carreira em 2005 com a sua mistura de poesia do samba, triphop e eletr\u00f3nica e uma nomea\u00e7\u00e3o para os Grammy americanos, pouco depois de mudar a cena no seu pr\u00f3prio pa\u00eds como l\u00edder de uma nova gera\u00e7\u00e3o de cantoras que escreviam as suas pr\u00f3prias can\u00e7\u00f5es.<\/p>\n\n\n\n<p>Desde o in\u00edcio, C\u00e9u fez turn\u00eas internacionais e tocou ao vivo em quatro continentes, incluindo os mais importantes festivais brasileiros, como o Rock in Rio e o Lollapalooza (BRA), al\u00e9m do Montreal Jazz Festival (CH), North Sea Jazz (NL), Coachella (EUA), Roskilde (DK), Jazzopen e Rudolstadt (DE).<\/p>\n\n\n\n<p>Com os seus \u00e1lbuns &#8220;Tropix&#8221; (2016) e &#8220;APK\u00c1&#8221; (2020) ganhou tr\u00eas Grammys Latinos (no total, foi nomeada 9 vezes para os Grammy&#8217;s e Grammy&#8217;s Latinos at\u00e9 agora), al\u00e9m de v\u00e1rios pr\u00e9mios brasileiros. As m\u00fasicas de C\u00e9u tamb\u00e9m s\u00e3o trilha sonora de filmes, s\u00e9ries de TV e comerciais em todo o mundo.<\/p>\n\n\n\n<p>Durante a pandemia, em 2021, C\u00e9u lan\u00e7ou o LP &#8220;Ac\u00fastico&#8221;, gravado apenas com viol\u00e3o e voz. Em 2021, foi lan\u00e7ado &#8220;Um Gosto de Sol&#8221;, um \u00e1lbum de covers com cl\u00e1ssicos dos Beastie Boys, Jimi Hendrix, Fiona Apple at\u00e9 Jo\u00e3o Gilberto, Rita Lee e Milton Nascimento.<\/p>\n\n\n\n<p><\/p>\n","protected":false},"excerpt":{"rendered":"<p>Com esta turn\u00eas, C\u00e9u celebra os 18 anos de carreira, interpretando todos os \u00eaxitos, bem como alguns covers do seu \u00faltimo \u00e1lbum. M\u00fasica do Brasil sobre o Brasil.<\/p>\n","protected":false},"author":6,"featured_media":2110,"template":"","meta":{"_acf_changed":false,"inline_featured_image":false},"categories":[38],"autor":[174],"land":[72],"jahr":[],"acf":[],"_links":{"self":[{"href":"https:\/\/www.lusofonia-muenchen.de\/pt\/wp-json\/wp\/v2\/termin\/2115"}],"collection":[{"href":"https:\/\/www.lusofonia-muenchen.de\/pt\/wp-json\/wp\/v2\/termin"}],"about":[{"href":"https:\/\/www.lusofonia-muenchen.de\/pt\/wp-json\/wp\/v2\/types\/termin"}],"author":[{"embeddable":true,"href":"https:\/\/www.lusofonia-muenchen.de\/pt\/wp-json\/wp\/v2\/users\/6"}],"wp:featuredmedia":[{"embeddable":true,"href":"https:\/\/www.lusofonia-muenchen.de\/pt\/wp-json\/wp\/v2\/media\/2110"}],"wp:attachment":[{"href":"https:\/\/www.lusofonia-muenchen.de\/pt\/wp-json\/wp\/v2\/media?parent=2115"}],"wp:term":[{"taxonomy":"category","embeddable":true,"href":"https:\/\/www.lusofonia-muenchen.de\/pt\/wp-json\/wp\/v2\/categories?post=2115"},{"taxonomy":"autor","embeddable":true,"href":"https:\/\/www.lusofonia-muenchen.de\/pt\/wp-json\/wp\/v2\/autor?post=2115"},{"taxonomy":"land","embeddable":true,"href":"https:\/\/www.lusofonia-muenchen.de\/pt\/wp-json\/wp\/v2\/land?post=2115"},{"taxonomy":"jahr","embeddable":true,"href":"https:\/\/www.lusofonia-muenchen.de\/pt\/wp-json\/wp\/v2\/jahr?post=2115"}],"curies":[{"name":"wp","href":"https:\/\/api.w.org\/{rel}","templated":true}]}}

<strong>CÉU – Tour Fénix do Amor</strong>

<p>Com mais de quinze anos de carreira, a cantora e compositora brasileira <strong>Céu</strong> é considerada uma das artistas brasileiras mais influentes e importantes deste século e uma das maiores cantoras da sua geração. Começou a sua carreira em 2005 com a sua mistura de poesia do samba, triphop e eletrónica e uma nomeação para os Grammy americanos, pouco depois de mudar a cena no seu próprio país como líder de uma nova geração de cantoras que escreviam as suas próprias canções.</p>



<p>Desde o início, Céu fez turnês internacionais e tocou ao vivo em quatro continentes, incluindo os mais importantes festivais brasileiros, como o Rock in Rio e o Lollapalooza (BRA), além do Montreal Jazz Festival (CH), North Sea Jazz (NL), Coachella (EUA), Roskilde (DK), Jazzopen e Rudolstadt (DE).</p>



<p>Com os seus álbuns &#8220;Tropix&#8221; (2016) e &#8220;APKÁ&#8221; (2020) ganhou três Grammys Latinos (no total, foi nomeada 9 vezes para os Grammy&#8217;s e Grammy&#8217;s Latinos até agora), além de vários prémios brasileiros. As músicas de Céu também são trilha sonora de filmes, séries de TV e comerciais em todo o mundo.</p>



<p>Durante a pandemia, em 2021, Céu lançou o LP &#8220;Acústico&#8221;, gravado apenas com violão e voz. Em 2021, foi lançado &#8220;Um Gosto de Sol&#8221;, um álbum de covers com clássicos dos Beastie Boys, Jimi Hendrix, Fiona Apple até João Gilberto, Rita Lee e Milton Nascimento.</p>



<p></p>

<p>Com esta turnês, Céu celebra os 18 anos de carreira, interpretando todos os êxitos, bem como alguns covers do seu último álbum. Música do Brasil sobre o Brasil.</p>
