{"id":2211,"date":"2023-09-10T18:34:36","date_gmt":"2023-09-10T16:34:36","guid":{"rendered":"https:\/\/www.lusofonia-muenchen.de\/?post_type=termin&#038;p=2211"},"modified":"2023-09-14T17:42:42","modified_gmt":"2023-09-14T15:42:42","slug":"o-brasil-num-ponto-de-viragem-a-dificil-luta-pela-democracia","status":"publish","type":"termin","link":"https:\/\/www.lusofonia-muenchen.de\/pt\/programacao\/o-brasil-num-ponto-de-viragem-a-dificil-luta-pela-democracia\/","title":{"rendered":"<strong>O Brasil num ponto de viragem \u2013 A dif\u00edcil luta pela democracia<\/strong>"},"content":{"rendered":"\n<p>Desde que Lula da Silva assumiu a Presid\u00eancia no lugar de Ja\u00edr Bolsonaro, no in\u00edcio de 2023, a democracia parece ter se fortalecido novamente no Brasil. Mas a influ\u00eancia da extrema-direita na pol\u00edtica e na sociedade continua forte, limitando as conquistas democr\u00e1ticas e e prosseguindo a agenda de viol\u00eancia antifeminista, racista e exacerbadora da desigualdade social. E, por princ\u00edpio, a direita subordina as preocupa\u00e7\u00f5es ecol\u00f3gicas aos interesses econ\u00f4micos. Que atores se op\u00f5em ent\u00e3o \u00e0 extrema-direita no Brasil? Onde as for\u00e7as democr\u00e1ticas conseguiram se consolidar? E quais grupos e conquistas sociais, por outro lado, continuam amea\u00e7ados?<\/p>\n\n\n\n<p>A perda de confian\u00e7a na pol\u00edtica n\u00e3o \u00e9 um problema apenas do Brasil, pois tamb\u00e9m pode ser observada internacionalmente, assim como a ascens\u00e3o dos atores de direita nas redes sociais. Que semelhan\u00e7as podem ser detectadas entre a maior democracia da Am\u00e9rica do Sul e a Europa? E que papel desempenham efetivamente as muitas empresas alem\u00e3s que apoiam o poderoso agroneg\u00f3cio brasileiro? O que podemos aprender uns com os outros para defender a democracia com solu\u00e7\u00f5es progressistas?<\/p>\n\n\n\n<p><strong>Biancka Arruda Miranda<\/strong> e <strong>Niklas Franzen<\/strong> querem discutir isso com o p\u00fablico.<\/p>\n\n\n\n<p><strong>Biancka Arruda Miranda<\/strong> \u00e9 cientista pol\u00edtica, ativista ambiental e de direitos humanos e presidente da KoBra Kooperation Brasilien e.V., Munique, e da Commit e.V..<\/p>\n\n\n\n<p><strong>Niklas Franzen<\/strong> \u00e9 jornalista e especialista em temas ligados ao Brasil. Viveu durante v\u00e1rios anos em S\u00e3o Paulo, onde trabalhou como correspondente para v\u00e1rios jornais e revistas. Em maio de 2022 foi publicado o seu livro &#8220;Brasil acima de tudo. Bolsonaro e a revolta da direita&#8221; (Associa\u00e7\u00e3o A, Berlim).<\/p>\n","protected":false},"excerpt":{"rendered":"<p>Atualmente, a democracia parece estar novamente fortalecida no Brasil. Mas a influ\u00eancia da extrema-direita na pol\u00edtica e na sociedade continua a ser perigosa. Quem est\u00e1 a fazer frente \u00e0 extrema-direita no Brasil? Como \u00e9 que as institui\u00e7\u00f5es e os movimentos sociais conseguem enfrentar a amea\u00e7a e salvaguardar o que foi alcan\u00e7ado? E que pontos comuns podemos observar entre o Brasil e a Europa?<br \/>\nA cientista pol\u00edtica e ativista Biancka Arruda Miranda e o jornalista e autor Niklas Franzen discutem com o p\u00fablico estas e outras quest\u00f5es relativas ao estado da democracia no Brasil.<\/p>\n","protected":false},"author":5,"featured_media":2206,"template":"","meta":{"_acf_changed":false,"inline_featured_image":false},"categories":[28],"autor":[330,331],"land":[72],"jahr":[292],"acf":[],"_links":{"self":[{"href":"https:\/\/www.lusofonia-muenchen.de\/pt\/wp-json\/wp\/v2\/termin\/2211"}],"collection":[{"href":"https:\/\/www.lusofonia-muenchen.de\/pt\/wp-json\/wp\/v2\/termin"}],"about":[{"href":"https:\/\/www.lusofonia-muenchen.de\/pt\/wp-json\/wp\/v2\/types\/termin"}],"author":[{"embeddable":true,"href":"https:\/\/www.lusofonia-muenchen.de\/pt\/wp-json\/wp\/v2\/users\/5"}],"wp:featuredmedia":[{"embeddable":true,"href":"https:\/\/www.lusofonia-muenchen.de\/pt\/wp-json\/wp\/v2\/media\/2206"}],"wp:attachment":[{"href":"https:\/\/www.lusofonia-muenchen.de\/pt\/wp-json\/wp\/v2\/media?parent=2211"}],"wp:term":[{"taxonomy":"category","embeddable":true,"href":"https:\/\/www.lusofonia-muenchen.de\/pt\/wp-json\/wp\/v2\/categories?post=2211"},{"taxonomy":"autor","embeddable":true,"href":"https:\/\/www.lusofonia-muenchen.de\/pt\/wp-json\/wp\/v2\/autor?post=2211"},{"taxonomy":"land","embeddable":true,"href":"https:\/\/www.lusofonia-muenchen.de\/pt\/wp-json\/wp\/v2\/land?post=2211"},{"taxonomy":"jahr","embeddable":true,"href":"https:\/\/www.lusofonia-muenchen.de\/pt\/wp-json\/wp\/v2\/jahr?post=2211"}],"curies":[{"name":"wp","href":"https:\/\/api.w.org\/{rel}","templated":true}]}}

<strong>O Brasil num ponto de viragem – A difícil luta pela democracia</strong>

<p>Desde que Lula da Silva assumiu a Presidência no lugar de Jaír Bolsonaro, no início de 2023, a democracia parece ter se fortalecido novamente no Brasil. Mas a influência da extrema-direita na política e na sociedade continua forte, limitando as conquistas democráticas e e prosseguindo a agenda de violência antifeminista, racista e exacerbadora da desigualdade social. E, por princípio, a direita subordina as preocupações ecológicas aos interesses econômicos. Que atores se opõem então à extrema-direita no Brasil? Onde as forças democráticas conseguiram se consolidar? E quais grupos e conquistas sociais, por outro lado, continuam ameaçados?</p>



<p>A perda de confiança na política não é um problema apenas do Brasil, pois também pode ser observada internacionalmente, assim como a ascensão dos atores de direita nas redes sociais. Que semelhanças podem ser detectadas entre a maior democracia da América do Sul e a Europa? E que papel desempenham efetivamente as muitas empresas alemãs que apoiam o poderoso agronegócio brasileiro? O que podemos aprender uns com os outros para defender a democracia com soluções progressistas?</p>



<p><strong>Biancka Arruda Miranda</strong> e <strong>Niklas Franzen</strong> querem discutir isso com o público.</p>



<p><strong>Biancka Arruda Miranda</strong> é cientista política, ativista ambiental e de direitos humanos e presidente da KoBra Kooperation Brasilien e.V., Munique, e da Commit e.V..</p>



<p><strong>Niklas Franzen</strong> é jornalista e especialista em temas ligados ao Brasil. Viveu durante vários anos em São Paulo, onde trabalhou como correspondente para vários jornais e revistas. Em maio de 2022 foi publicado o seu livro &#8220;Brasil acima de tudo. Bolsonaro e a revolta da direita&#8221; (Associação A, Berlim).</p>

<p>Atualmente, a democracia parece estar novamente fortalecida no Brasil. Mas a influência da extrema-direita na política e na sociedade continua a ser perigosa. Quem está a fazer frente à extrema-direita no Brasil? Como é que as instituições e os movimentos sociais conseguem enfrentar a ameaça e salvaguardar o que foi alcançado? E que pontos comuns podemos observar entre o Brasil e a Europa?<br />
A cientista política e ativista Biancka Arruda Miranda e o jornalista e autor Niklas Franzen discutem com o público estas e outras questões relativas ao estado da democracia no Brasil.</p>
