{"id":2293,"date":"2024-01-27T14:43:49","date_gmt":"2024-01-27T13:43:49","guid":{"rendered":"https:\/\/www.lusofonia-muenchen.de\/?post_type=termin&#038;p=2293"},"modified":"2024-02-22T16:55:21","modified_gmt":"2024-02-22T15:55:21","slug":"festival-de-choro-munique-2024","status":"publish","type":"termin","link":"https:\/\/www.lusofonia-muenchen.de\/pt\/programacao\/festival-de-choro-munique-2024\/","title":{"rendered":"Festival de Ch\u00f4ro Munique 2024"},"content":{"rendered":"\n<p><strong><strong>CALEND\u00c1RIO DO FESTIVAL<\/strong><\/strong><\/p>\n\n\n\n<p>Quinta-feira, 15 de fevereiro, 19 hrs:<br><strong>Concerto com Caiana Duo e Bavasch\u00f4ro<\/strong><br>O concerto de abertura vai prolongar o Carnaval! O Duo Caiana e o Bavasch\u00f4ro s\u00e3o a ess\u00eancia do choro em Munique. Jo\u00e3o Ara\u00fajo (pandeiro) e Abdallah Harati (viol\u00e3o de 7 cordas) transportam a tradi\u00e7\u00e3o brasileira para o exterior e, como chor\u00f5es apaixonados, organizam a &#8220;Roda de Choro de Munique&#8221;. O grupo Bavasch\u00f4ro, por sua vez, rompe com muitas tradi\u00e7\u00f5es e traz o choro para solo b\u00e1varo. O som pr\u00f3prio desta banda cruza habilmente reputados choros brasileiros com letras e cita\u00e7\u00f5es de pe\u00e7as da Baviera, e interpreta estas composi\u00e7\u00f5es em instrumentos at\u00edpicos do choro, como a corneta, a guitarra portuguesa, o filicorne e a tuba. A abertura de festival \u00e9 dedicada aos verdadeiros amantes do choro e vai, certamente, ganhar novos adeptos.<br>Com: Jo\u00e3o Ara\u00fajo (pandeiro), Abdallah Harati (viol\u00e3o de 7 cordas), Henrique de Miranda Rebou\u00e7as (viol\u00e3o de 7 cordas), Ludwig Himpsl (corneta, tuba, percuss\u00e3o \/ pandeiro), Xaver Himpsl (trompete, filicorne), Lu\u00eds Maria H\u00f6lzl (guitarra portuguesa, cavaquinho, violino)<br>Mais sobre <a href=\"https:\/\/caianaduo.com\/\">Caiana Duo<\/a> und <a href=\"https:\/\/bavaschoro.de\/\">Bavasch\u00f4ro<\/a><\/p>\n\n\n\n<p><\/p>\n\n\n\n<p><\/p>\n\n\n\n<p>Sexta-feira, 16 de fevereiro, das 9 \u00e0s 12hrs:<br><strong>Tr\u00eas oficinas instrumentais<\/strong><br>Instrumentos de guitarra\/melodia\/percuss\u00e3o <br>Com: Abdallah Harati (guitarra), Cris Gavazzoni (percuss\u00e3o), Marcio Schuster (saxofone)<\/p>\n\n\n\n<p><\/p>\n\n\n\n<p><\/p>\n\n\n\n<p>13:30 \u00e0s 16:30hrs:<br><strong>Band\u00e3o (orquestra de choro) com S\u00e9rgio Albach<\/strong><br>Esta oficina ensina a tocar em conjunto. Uma experi\u00eancia musical maravilhosa para todo o tipo de grupos instrumentais.<\/p>\n\n\n\n<p><\/p>\n\n\n\n<p><\/p>\n\n\n\n<p>17hrs:<br><strong>Concerto com Marcio Schuster (saxofone\/eletr\u00f4nica)<\/strong> <br>O saxofonista Marcio Schuster apresenta um incompar\u00e1vel concerto solo. O saxofone se funde com elementos electr\u00f3nicos que harmonizam com a m\u00fasica brasileira, especialmente com o choro.<br>Mais sobre <a href=\"https:\/\/www.marcioschuster.de\/\">Marcio Schuster<\/a><\/p>\n\n\n\n<p><\/p>\n\n\n\n<p><\/p>\n\n\n\n<p>18:30hrs:<br><strong>Concerto com S\u00e9rgio Albach (clarinete, clarinete baixo) e Henrique de Miranda Rebou\u00e7as (viol\u00e3o 7 cordas)<\/strong><br>O talentoso S\u00e9rgio Albach, virtuoso do clarinete, participa pela primeira vez no Festival de Ch\u00f4ro de Munique. S\u00e9rgio n\u00e3o s\u00f3 dar\u00e1 uma grandiosa oficina <em>masterclass<\/em> para band\u00e3o \u2013 a orquestra para choro \u2013 mas tamb\u00e9m apresentar\u00e1 um concerto de tirar o f\u00f4lego. A sua impressionante carreira musical, o seu compromisso com a m\u00fasica brasileira, especialmente com o choro, e a sua vasta colabora\u00e7\u00e3o com artistas de renome fazem dele um dos destaques do festival. Acompanha o clarinetista o viol\u00e3o de Henrique de Miranda Rebou\u00e7as, artista de Munique.<br>Mais sobre <a href=\"https:\/\/www.sergioalbach.com\/\">S\u00e9rgio Albach<\/a><\/p>\n\n\n\n<p><\/p>\n\n\n\n<p><\/p>\n\n\n\n<p>20hrs:<br><strong><strong>Concerto com Batucalina<\/strong><\/strong><br>&#8220;Batucalina\u201d \u00e9 composto do verbo &#8220;batucar&#8221; e das duas \u00faltimas s\u00edlabas de violino, no feminino. A combina\u00e7\u00e3o ex\u00f3tica de violino e percuss\u00e3o cria uma experi\u00eancia sonora \u00fanica, rica em cores e ritmos.<br>Com: Priscila Baggio Simeoni (violino), Cris Gavazzoni (percuss\u00e3o)<br>Mais sobre <a href=\"https:\/\/www.batucalina.de\/\">Bataculina<\/a><\/p>\n\n\n\n<p><\/p>\n\n\n\n<p><\/p>\n\n\n\n<p>S\u00e1bado, 17 de fevereiro, das 9 \u00e0s 12hrs:<br><strong>Tr\u00eas oficinas instrumentais<\/strong><br>Instrumentos de guitarra\/melodia\/percuss\u00e3o<br>Com: Abdallah Harati (guitarra), Cris Gavazzoni (percuss\u00e3o), Marcio Schuster (saxofone)<\/p>\n\n\n\n<p><\/p>\n\n\n\n<p><\/p>\n\n\n\n<p>13:30 \u00e0s 16:30hrs:<br><strong>Band\u00e3o (orquestra de choro) com S\u00e9rgio Albach<\/strong><br>Esta oficina ensina a tocar em conjunto. Uma experi\u00eancia musical maravilhosa para todo o tipo de grupos instrumentais.<\/p>\n\n\n\n<p><\/p>\n\n\n\n<p><\/p>\n\n\n\n<p>17hrs:<br><strong>Concerto com Pedro Aguiar (viol\u00e3o)<\/strong><br>O excecional guitarrista Pedro Aguiar toca choro na guitarra cl\u00e1ssica. Pedro Aguiar ganhou v\u00e1rios concursos, incluindo o concurso internacional de guitarra Alhambra. Para al\u00e9m dos seus compromissos como solista, \u00e9 muito solicitado como parceiro de m\u00fasica de c\u00e2mara e docente.<br>Mais sobre <a href=\"https:\/\/pedroaguiarguitar.com\/\">Pedro Aguiar<\/a><\/p>\n\n\n\n<p><\/p>\n\n\n\n<p><\/p>\n\n\n\n<p>19hrs:<br><strong>Choro Tuiui\u00fa<\/strong><br>O quinteto de Nuremberg apresenta uma das formas mais originais desta m\u00fasica com flauta transversal, clarinete, bandolim, viol\u00e3o de sete cordas e percuss\u00e3o (pandeiro). Os cinco m\u00fasicos evocam em palco os sons dos bares e botecos do Rio de Janeiro. Chorinho no seu melhor.<br>Com: Aron Hantke (pandeiro), Jo\u00e3o Lucas Moreira (bandolim), Marie-Kristin Burger (flauta), Marcus Milian (viol\u00e3o de 7 cordas), Lars Groeneveld (clarinete)<br>Mais sobre <a href=\"https:\/\/www.aron-hantke.de\/quinteto-tuiuiu\/\">Tuiui\u00fa<\/a><\/p>\n\n\n\n<p><\/p>\n\n\n\n<p><\/p>\n\n\n\n<p>Domingo, 18 de fevereiro, 11hrs:\u00a0<br><strong>Concerto com Saideira e Amigos<\/strong><br>Os m\u00fasicos s\u00e3o membros fi\u00e9is das Rodas de Choro de Munique, nossos <em>Chor\u00f5es B\u00e1varos<\/em>.<br>Com: Claudia G\u00f3ndola-Hackl (flauta), Andrea Breyer Bartsch (viol\u00e3o de 7 cordas), Hans Erdt (viol\u00e3o e mel\u00f3dica), Georg Wiedmann (pandeiro e percuss\u00e3o), Hermann Kehrer (cavaquinho e bandolim), Pit Weininger (bandolim)<\/p>\n\n\n\n<p><\/p>\n\n\n\n<p><\/p>\n\n\n\n<p>12 hrs:<br><strong>Apresenta\u00e7\u00e3o do Band\u00e3o (orquestra de choro)<\/strong><\/p>\n\n\n\n<p>Em seguida:<br><strong>Roda de Choro e Caldo de Feij\u00e3o<\/strong><br>No final, uma roda de choro para todos com comes e bebes!<\/p>\n","protected":false},"excerpt":{"rendered":"<p>O choro, irm\u00e3o mais velho do samba, \u00e9 amado, tocado e celebrado n\u00e3o s\u00f3 em todo o Brasil, como tamb\u00e9m em muitos outros lugares do mundo.<br \/>\nDe 15 a 18 de fevereiro de 2024, Munique tornar-se-\u00e1, pela terceira vez, a capital europeia do choro, ao apresentar um festival no centro cultural LUISE: haver\u00e1 concertos, palestras, oficinas, rodas de choro e comida brasileira. O festival deste ano \u00e9 tamb\u00e9m uma homenagem \u00e0 primeira mulher pianista chorona e primeira maestrina brasileira, Chiquinha Gonzaga. Os seus choros ser\u00e3o ouvidos em todos os concertos. Vamos celebrar a m\u00fasica e a cultura com artistas do Brasil e talentos locais do choro!<\/p>\n","protected":false},"author":5,"featured_media":2022,"template":"","meta":{"_acf_changed":false,"inline_featured_image":false},"categories":[38],"autor":[279,344,338,334,62,309,343,333,346,345,15,275,339,342,235,16,234,341,340,336,348,335,332,337,236],"land":[72],"jahr":[349],"acf":[],"_links":{"self":[{"href":"https:\/\/www.lusofonia-muenchen.de\/pt\/wp-json\/wp\/v2\/termin\/2293"}],"collection":[{"href":"https:\/\/www.lusofonia-muenchen.de\/pt\/wp-json\/wp\/v2\/termin"}],"about":[{"href":"https:\/\/www.lusofonia-muenchen.de\/pt\/wp-json\/wp\/v2\/types\/termin"}],"author":[{"embeddable":true,"href":"https:\/\/www.lusofonia-muenchen.de\/pt\/wp-json\/wp\/v2\/users\/5"}],"wp:featuredmedia":[{"embeddable":true,"href":"https:\/\/www.lusofonia-muenchen.de\/pt\/wp-json\/wp\/v2\/media\/2022"}],"wp:attachment":[{"href":"https:\/\/www.lusofonia-muenchen.de\/pt\/wp-json\/wp\/v2\/media?parent=2293"}],"wp:term":[{"taxonomy":"category","embeddable":true,"href":"https:\/\/www.lusofonia-muenchen.de\/pt\/wp-json\/wp\/v2\/categories?post=2293"},{"taxonomy":"autor","embeddable":true,"href":"https:\/\/www.lusofonia-muenchen.de\/pt\/wp-json\/wp\/v2\/autor?post=2293"},{"taxonomy":"land","embeddable":true,"href":"https:\/\/www.lusofonia-muenchen.de\/pt\/wp-json\/wp\/v2\/land?post=2293"},{"taxonomy":"jahr","embeddable":true,"href":"https:\/\/www.lusofonia-muenchen.de\/pt\/wp-json\/wp\/v2\/jahr?post=2293"}],"curies":[{"name":"wp","href":"https:\/\/api.w.org\/{rel}","templated":true}]}}

Festival de Chôro Munique 2024

<p><strong><strong>CALENDÁRIO DO FESTIVAL</strong></strong></p>



<p>Quinta-feira, 15 de fevereiro, 19 hrs:<br><strong>Concerto com Caiana Duo e Bavaschôro</strong><br>O concerto de abertura vai prolongar o Carnaval! O Duo Caiana e o Bavaschôro são a essência do choro em Munique. João Araújo (pandeiro) e Abdallah Harati (violão de 7 cordas) transportam a tradição brasileira para o exterior e, como chorões apaixonados, organizam a &#8220;Roda de Choro de Munique&#8221;. O grupo Bavaschôro, por sua vez, rompe com muitas tradições e traz o choro para solo bávaro. O som próprio desta banda cruza habilmente reputados choros brasileiros com letras e citações de peças da Baviera, e interpreta estas composições em instrumentos atípicos do choro, como a corneta, a guitarra portuguesa, o filicorne e a tuba. A abertura de festival é dedicada aos verdadeiros amantes do choro e vai, certamente, ganhar novos adeptos.<br>Com: João Araújo (pandeiro), Abdallah Harati (violão de 7 cordas), Henrique de Miranda Rebouças (violão de 7 cordas), Ludwig Himpsl (corneta, tuba, percussão / pandeiro), Xaver Himpsl (trompete, filicorne), Luís Maria Hölzl (guitarra portuguesa, cavaquinho, violino)<br>Mais sobre <a href="https://caianaduo.com/">Caiana Duo</a> und <a href="https://bavaschoro.de/">Bavaschôro</a></p>



<p></p>



<p></p>



<p>Sexta-feira, 16 de fevereiro, das 9 às 12hrs:<br><strong>Três oficinas instrumentais</strong><br>Instrumentos de guitarra/melodia/percussão <br>Com: Abdallah Harati (guitarra), Cris Gavazzoni (percussão), Marcio Schuster (saxofone)</p>



<p></p>



<p></p>



<p>13:30 às 16:30hrs:<br><strong>Bandão (orquestra de choro) com Sérgio Albach</strong><br>Esta oficina ensina a tocar em conjunto. Uma experiência musical maravilhosa para todo o tipo de grupos instrumentais.</p>



<p></p>



<p></p>



<p>17hrs:<br><strong>Concerto com Marcio Schuster (saxofone/eletrônica)</strong> <br>O saxofonista Marcio Schuster apresenta um incomparável concerto solo. O saxofone se funde com elementos electrónicos que harmonizam com a música brasileira, especialmente com o choro.<br>Mais sobre <a href="https://www.marcioschuster.de/">Marcio Schuster</a></p>



<p></p>



<p></p>



<p>18:30hrs:<br><strong>Concerto com Sérgio Albach (clarinete, clarinete baixo) e Henrique de Miranda Rebouças (violão 7 cordas)</strong><br>O talentoso Sérgio Albach, virtuoso do clarinete, participa pela primeira vez no Festival de Chôro de Munique. Sérgio não só dará uma grandiosa oficina <em>masterclass</em> para bandão – a orquestra para choro – mas também apresentará um concerto de tirar o fôlego. A sua impressionante carreira musical, o seu compromisso com a música brasileira, especialmente com o choro, e a sua vasta colaboração com artistas de renome fazem dele um dos destaques do festival. Acompanha o clarinetista o violão de Henrique de Miranda Rebouças, artista de Munique.<br>Mais sobre <a href="https://www.sergioalbach.com/">Sérgio Albach</a></p>



<p></p>



<p></p>



<p>20hrs:<br><strong><strong>Concerto com Batucalina</strong></strong><br>&#8220;Batucalina” é composto do verbo &#8220;batucar&#8221; e das duas últimas sílabas de violino, no feminino. A combinação exótica de violino e percussão cria uma experiência sonora única, rica em cores e ritmos.<br>Com: Priscila Baggio Simeoni (violino), Cris Gavazzoni (percussão)<br>Mais sobre <a href="https://www.batucalina.de/">Bataculina</a></p>



<p></p>



<p></p>



<p>Sábado, 17 de fevereiro, das 9 às 12hrs:<br><strong>Três oficinas instrumentais</strong><br>Instrumentos de guitarra/melodia/percussão<br>Com: Abdallah Harati (guitarra), Cris Gavazzoni (percussão), Marcio Schuster (saxofone)</p>



<p></p>



<p></p>



<p>13:30 às 16:30hrs:<br><strong>Bandão (orquestra de choro) com Sérgio Albach</strong><br>Esta oficina ensina a tocar em conjunto. Uma experiência musical maravilhosa para todo o tipo de grupos instrumentais.</p>



<p></p>



<p></p>



<p>17hrs:<br><strong>Concerto com Pedro Aguiar (violão)</strong><br>O excecional guitarrista Pedro Aguiar toca choro na guitarra clássica. Pedro Aguiar ganhou vários concursos, incluindo o concurso internacional de guitarra Alhambra. Para além dos seus compromissos como solista, é muito solicitado como parceiro de música de câmara e docente.<br>Mais sobre <a href="https://pedroaguiarguitar.com/">Pedro Aguiar</a></p>



<p></p>



<p></p>



<p>19hrs:<br><strong>Choro Tuiuiú</strong><br>O quinteto de Nuremberg apresenta uma das formas mais originais desta música com flauta transversal, clarinete, bandolim, violão de sete cordas e percussão (pandeiro). Os cinco músicos evocam em palco os sons dos bares e botecos do Rio de Janeiro. Chorinho no seu melhor.<br>Com: Aron Hantke (pandeiro), João Lucas Moreira (bandolim), Marie-Kristin Burger (flauta), Marcus Milian (violão de 7 cordas), Lars Groeneveld (clarinete)<br>Mais sobre <a href="https://www.aron-hantke.de/quinteto-tuiuiu/">Tuiuiú</a></p>



<p></p>



<p></p>



<p>Domingo, 18 de fevereiro, 11hrs: <br><strong>Concerto com Saideira e Amigos</strong><br>Os músicos são membros fiéis das Rodas de Choro de Munique, nossos <em>Chorões Bávaros</em>.<br>Com: Claudia Góndola-Hackl (flauta), Andrea Breyer Bartsch (violão de 7 cordas), Hans Erdt (violão e melódica), Georg Wiedmann (pandeiro e percussão), Hermann Kehrer (cavaquinho e bandolim), Pit Weininger (bandolim)</p>



<p></p>



<p></p>



<p>12 hrs:<br><strong>Apresentação do Bandão (orquestra de choro)</strong></p>



<p>Em seguida:<br><strong>Roda de Choro e Caldo de Feijão</strong><br>No final, uma roda de choro para todos com comes e bebes!</p>

<p>O choro, irmão mais velho do samba, é amado, tocado e celebrado não só em todo o Brasil, como também em muitos outros lugares do mundo.<br />
De 15 a 18 de fevereiro de 2024, Munique tornar-se-á, pela terceira vez, a capital europeia do choro, ao apresentar um festival no centro cultural LUISE: haverá concertos, palestras, oficinas, rodas de choro e comida brasileira. O festival deste ano é também uma homenagem à primeira mulher pianista chorona e primeira maestrina brasileira, Chiquinha Gonzaga. Os seus choros serão ouvidos em todos os concertos. Vamos celebrar a música e a cultura com artistas do Brasil e talentos locais do choro!</p>
