{"id":2316,"date":"2024-02-28T11:53:18","date_gmt":"2024-02-28T10:53:18","guid":{"rendered":"https:\/\/www.lusofonia-muenchen.de\/?post_type=termin&#038;p=2316"},"modified":"2024-04-05T10:07:36","modified_gmt":"2024-04-05T08:07:36","slug":"multicolor-concerto-com-lura-cabo-verde","status":"publish","type":"termin","link":"https:\/\/www.lusofonia-muenchen.de\/pt\/programacao\/multicolor-concerto-com-lura-cabo-verde\/","title":{"rendered":"Multicolor \u2013 Concerto com Lura (Cabo Verde)"},"content":{"rendered":"\n<p><strong>Maria de Lurdes Assun\u00e7\u00e3o Pina<\/strong>, cujo nome art\u00edstico \u00e9 <strong>Lura<\/strong>, nasceu em Lisboa em 1975. Filha de pais cabo-verdianos, as culturas portuguesa e cabo-verdiana caracterizam a sua vida, as suas melodias e o seu percurso art\u00edstico.<\/p>\n\n\n\n<p>Lura iniciou-se como cantora quando Juka, um cantor de S\u00e3o Tom\u00e9, a convidou para participar no seu \u00e1lbum. No entanto, apesar do grande sucesso, ela continuou a perseguir o seu sonho de se tornar atleta profissional e bailarina. Aos 21 anos, um produtor portugu\u00eas ajudou-a a gravar o seu primeiro \u00e1lbum, de cariz comercial. A can\u00e7\u00e3o &#8220;Nha Vida&#8221; foi inclu\u00edda na compila\u00e7\u00e3o <em>Red Hot + Lisbon<\/em> (1998) da Red Hot Organization e tornou-se um \u00eaxito.<\/p>\n\n\n\n<p>Em 2004, assinou contrato com a editora Lusafrica, de Ces\u00e1ria \u00c9vora, e lan\u00e7ou o \u00e1lbum <em>Di Korpu Ku Alma<\/em>, nomeado para os pr\u00e9mios BBC World Music Awards no Reino Unido, entre outros. O escritor angolano Jos\u00e9 Eduardo Agualusa comentou: &#8220;\u2026 o futuro da m\u00fasica cabo-verdiana j\u00e1 tem nome e esse nome \u00e9 Lura&#8221;.<\/p>\n\n\n\n<p>O seu \u00e1lbum seguinte, <em>M&#8217;bem di Fora<\/em>, foi nomeado para o pr\u00e9mio musical franc\u00eas &#8220;Victoires de la Musique&#8221; na categoria de Melhor \u00c1lbum. Lura fez ent\u00e3o uma digress\u00e3o mundial. Tr\u00eas anos depois, foi editado o \u00e1lbum <em>Eclipse<\/em>, seguido de <em>The Best of Lura<\/em> em 2010, que incluiu o \u00eaxito &#8220;Moda B\u00f4&#8221; \u2013 uma can\u00e7\u00e3o que escreveu em homenagem a Ces\u00e1ria \u00c9vora e na qual a diva ainda participou.<\/p>\n\n\n\n<p>Em 2015, Lura decidiu mudar-se para a capital de Cabo Verde, Praia, para viver a realidade cabo-verdiana. No mesmo ano, gravou o \u00e1lbum <em>Heran\u00e7a<\/em>, de sucesso internacional. Teve uma filha em 2016 e regressou \u00e0 sua cidade natal, Lisboa, em 2018.<\/p>\n\n\n\n<p>Em 2021 Lura iniciou a produ\u00e7\u00e3o e grava\u00e7\u00e3o de um novo \u00e1lbum. <em>Multicolor<\/em> foi lan\u00e7ado em setembro de 2023. Nas dez novas faixas Lura escreve e interpreta temas como a condi\u00e7\u00e3o da mulher, a autoestima, o racismo e a toler\u00e2ncia.<\/p>\n","protected":false},"excerpt":{"rendered":"<p>Lura \u00e9 uma das maiores cantoras de Cabo Verde. Combina sons r\u00edtmicos com melodias e harmonias melanc\u00f3licas. O seu \u00e1lbum Heran\u00e7a foi um sucesso internacional.<br \/>\nAgora vem a Munique com o seu novo \u00e1lbum Multicolor, vers\u00e1til e intenso: no meio da sua excelente banda de quatro m\u00fasicos (piano, guitarra, baixo, bateria), Lura apresenta um programa ao vivo arrebatador, no qual cativa o p\u00fablico desde a primeira can\u00e7\u00e3o. A energia e a intensidade de Lura s\u00e3o impressionantes, a sua voz quente de uma enorme versatilidade. Toca a dan\u00e7ar! <\/p>\n","protected":false},"author":5,"featured_media":2310,"template":"","meta":{"_acf_changed":false,"inline_featured_image":false},"categories":[38],"autor":[350,351],"land":[29],"jahr":[349],"acf":[],"_links":{"self":[{"href":"https:\/\/www.lusofonia-muenchen.de\/pt\/wp-json\/wp\/v2\/termin\/2316"}],"collection":[{"href":"https:\/\/www.lusofonia-muenchen.de\/pt\/wp-json\/wp\/v2\/termin"}],"about":[{"href":"https:\/\/www.lusofonia-muenchen.de\/pt\/wp-json\/wp\/v2\/types\/termin"}],"author":[{"embeddable":true,"href":"https:\/\/www.lusofonia-muenchen.de\/pt\/wp-json\/wp\/v2\/users\/5"}],"wp:featuredmedia":[{"embeddable":true,"href":"https:\/\/www.lusofonia-muenchen.de\/pt\/wp-json\/wp\/v2\/media\/2310"}],"wp:attachment":[{"href":"https:\/\/www.lusofonia-muenchen.de\/pt\/wp-json\/wp\/v2\/media?parent=2316"}],"wp:term":[{"taxonomy":"category","embeddable":true,"href":"https:\/\/www.lusofonia-muenchen.de\/pt\/wp-json\/wp\/v2\/categories?post=2316"},{"taxonomy":"autor","embeddable":true,"href":"https:\/\/www.lusofonia-muenchen.de\/pt\/wp-json\/wp\/v2\/autor?post=2316"},{"taxonomy":"land","embeddable":true,"href":"https:\/\/www.lusofonia-muenchen.de\/pt\/wp-json\/wp\/v2\/land?post=2316"},{"taxonomy":"jahr","embeddable":true,"href":"https:\/\/www.lusofonia-muenchen.de\/pt\/wp-json\/wp\/v2\/jahr?post=2316"}],"curies":[{"name":"wp","href":"https:\/\/api.w.org\/{rel}","templated":true}]}}

<p><strong>Maria de Lurdes Assunção Pina</strong>, cujo nome artístico é <strong>Lura</strong>, nasceu em Lisboa em 1975. Filha de pais cabo-verdianos, as culturas portuguesa e cabo-verdiana caracterizam a sua vida, as suas melodias e o seu percurso artístico.</p>



<p>Lura iniciou-se como cantora quando Juka, um cantor de São Tomé, a convidou para participar no seu álbum. No entanto, apesar do grande sucesso, ela continuou a perseguir o seu sonho de se tornar atleta profissional e bailarina. Aos 21 anos, um produtor português ajudou-a a gravar o seu primeiro álbum, de cariz comercial. A canção &#8220;Nha Vida&#8221; foi incluída na compilação <em>Red Hot + Lisbon</em> (1998) da Red Hot Organization e tornou-se um êxito.</p>



<p>Em 2004, assinou contrato com a editora Lusafrica, de Cesária Évora, e lançou o álbum <em>Di Korpu Ku Alma</em>, nomeado para os prémios BBC World Music Awards no Reino Unido, entre outros. O escritor angolano José Eduardo Agualusa comentou: &#8220;… o futuro da música cabo-verdiana já tem nome e esse nome é Lura&#8221;.</p>



<p>O seu álbum seguinte, <em>M&#8217;bem di Fora</em>, foi nomeado para o prémio musical francês &#8220;Victoires de la Musique&#8221; na categoria de Melhor Álbum. Lura fez então uma digressão mundial. Três anos depois, foi editado o álbum <em>Eclipse</em>, seguido de <em>The Best of Lura</em> em 2010, que incluiu o êxito &#8220;Moda Bô&#8221; – uma canção que escreveu em homenagem a Cesária Évora e na qual a diva ainda participou.</p>



<p>Em 2015, Lura decidiu mudar-se para a capital de Cabo Verde, Praia, para viver a realidade cabo-verdiana. No mesmo ano, gravou o álbum <em>Herança</em>, de sucesso internacional. Teve uma filha em 2016 e regressou à sua cidade natal, Lisboa, em 2018.</p>



<p>Em 2021 Lura iniciou a produção e gravação de um novo álbum. <em>Multicolor</em> foi lançado em setembro de 2023. Nas dez novas faixas Lura escreve e interpreta temas como a condição da mulher, a autoestima, o racismo e a tolerância.</p>

<p>Lura é uma das maiores cantoras de Cabo Verde. Combina sons rítmicos com melodias e harmonias melancólicas. O seu álbum Herança foi um sucesso internacional.<br />
Agora vem a Munique com o seu novo álbum Multicolor, versátil e intenso: no meio da sua excelente banda de quatro músicos (piano, guitarra, baixo, bateria), Lura apresenta um programa ao vivo arrebatador, no qual cativa o público desde a primeira canção. A energia e a intensidade de Lura são impressionantes, a sua voz quente de uma enorme versatilidade. Toca a dançar! </p>
