{"id":2325,"date":"2024-02-05T14:40:53","date_gmt":"2024-02-05T13:40:53","guid":{"rendered":"https:\/\/www.lusofonia-muenchen.de\/?post_type=termin&#038;p=2325"},"modified":"2024-02-05T14:40:55","modified_gmt":"2024-02-05T13:40:55","slug":"o-mapeador-de-ausencias-um-serao-com-mia-couto","status":"publish","type":"termin","link":"https:\/\/www.lusofonia-muenchen.de\/pt\/programacao\/o-mapeador-de-ausencias-um-serao-com-mia-couto\/","title":{"rendered":"&#8220;O Mapeador de Aus\u00eancias&#8221; \u2013 Um ser\u00e3o com Mia Couto"},"content":{"rendered":"\n<p>Um romance mo\u00e7ambicano que entrela\u00e7a a hist\u00f3ria contempor\u00e2nea e os destinos individuais de forma espantosa: &#8220;um fogo de artif\u00edcio po\u00e9tico de imagens luminosas que por muito tempo permanecem sob o nosso olhar&#8221;. (<em>Lire<\/em>)<\/p>\n\n\n\n<p>O reconhecido poeta Diogo Santiago regressa \u00e0 sua cidade natal, a Beira. A sua fam\u00edlia pertencia \u00e0 minoria branca dominante antes da independ\u00eancia de Mo\u00e7ambique. Enquanto o ciclone Idai paira amea\u00e7adoramente sobre a Beira, Diogo acede inesperadamente, atrav\u00e9s de Liana Campos, neta de um inspetor da pol\u00edcia, a documentos secretos (di\u00e1rios, atas de interrogat\u00f3rios e ficheiros da pol\u00edcia) que questionam a hist\u00f3ria da sua fam\u00edlia.<\/p>\n\n\n\n<p>No in\u00edcio da d\u00e9cada de 1970, durante a luta de liberta\u00e7\u00e3o de Mo\u00e7ambique contra as tropas coloniais portuguesas, os militares portugueses e os servi\u00e7os secretos da PIDE perpetraram cru\u00e9is massacres da popula\u00e7\u00e3o no interior do pa\u00eds. Entre eles, a aldeia de Inhaminga, onde mais de 3.000 pessoas foram assassinadas em 1973. O pai de Diogo, Adriano, tamb\u00e9m poeta, tentou documentar, na altura e secretamente, esse crime, mas acabou por ser preso, torturado e morreu. Pouco a pouco, os ficheiros v\u00e3o revelando o envolvimento da fam\u00edlia de Diogo e dos seus vizinhos no massacre: o primo de Adriano, que desapareceu de repente um dia, n\u00e3o era afinal quem todos julgavam que fosse? O que \u00e9 que o irm\u00e3o do amigo de inf\u00e2ncia de Diogo, Benedito, que vivia com os Santiagos como empregado dom\u00e9stico, teve a ver com os acontecimentos macabros? E como \u00e9 que tudo isto se relaciona com a tr\u00e1gica lenda da filha do vizinho, que amava um negro, o que n\u00e3o era permitido?<\/p>\n\n\n\n<p>Na tentativa de mapear a hist\u00f3ria do pa\u00eds e a sua pr\u00f3pria, Diogo depara-se com contradi\u00e7\u00f5es e m\u00faltiplas vers\u00f5es. Juntamente com Liana, a quem Diogo se sente misteriosamente ligado, parte em busca de respostas.<\/p>\n","protected":false},"excerpt":{"rendered":"<p>O mo\u00e7ambicano Mia Couto \u00e9 um dos escritores mais destacados da \u00c1frica lus\u00f3fona. No seu \u00faltimo romance, Mia Couto leva o poeta Diogo Santiago de volta \u00e0 sua cidade natal, a Beira. Todos lhe prestam homenagem, por\u00e9m, ao ter acesso a antigos ficheiros secretos da pol\u00edcia, o seu mundo \u00e9 abalado. O Mapeador de Aus\u00eancias (Unionsverlag, 2023) \u00e9 uma obra-prima p\u00f3s-colonial.<\/p>\n","protected":false},"author":5,"featured_media":2324,"template":"","meta":{"_acf_changed":false,"inline_featured_image":false},"categories":[33],"autor":[139,355,352,354],"land":[73],"jahr":[349],"acf":[],"_links":{"self":[{"href":"https:\/\/www.lusofonia-muenchen.de\/pt\/wp-json\/wp\/v2\/termin\/2325"}],"collection":[{"href":"https:\/\/www.lusofonia-muenchen.de\/pt\/wp-json\/wp\/v2\/termin"}],"about":[{"href":"https:\/\/www.lusofonia-muenchen.de\/pt\/wp-json\/wp\/v2\/types\/termin"}],"author":[{"embeddable":true,"href":"https:\/\/www.lusofonia-muenchen.de\/pt\/wp-json\/wp\/v2\/users\/5"}],"wp:featuredmedia":[{"embeddable":true,"href":"https:\/\/www.lusofonia-muenchen.de\/pt\/wp-json\/wp\/v2\/media\/2324"}],"wp:attachment":[{"href":"https:\/\/www.lusofonia-muenchen.de\/pt\/wp-json\/wp\/v2\/media?parent=2325"}],"wp:term":[{"taxonomy":"category","embeddable":true,"href":"https:\/\/www.lusofonia-muenchen.de\/pt\/wp-json\/wp\/v2\/categories?post=2325"},{"taxonomy":"autor","embeddable":true,"href":"https:\/\/www.lusofonia-muenchen.de\/pt\/wp-json\/wp\/v2\/autor?post=2325"},{"taxonomy":"land","embeddable":true,"href":"https:\/\/www.lusofonia-muenchen.de\/pt\/wp-json\/wp\/v2\/land?post=2325"},{"taxonomy":"jahr","embeddable":true,"href":"https:\/\/www.lusofonia-muenchen.de\/pt\/wp-json\/wp\/v2\/jahr?post=2325"}],"curies":[{"name":"wp","href":"https:\/\/api.w.org\/{rel}","templated":true}]}}

&#8220;O Mapeador de Ausências&#8221; – Um serão com Mia Couto

<p>Um romance moçambicano que entrelaça a história contemporânea e os destinos individuais de forma espantosa: &#8220;um fogo de artifício poético de imagens luminosas que por muito tempo permanecem sob o nosso olhar&#8221;. (<em>Lire</em>)</p>



<p>O reconhecido poeta Diogo Santiago regressa à sua cidade natal, a Beira. A sua família pertencia à minoria branca dominante antes da independência de Moçambique. Enquanto o ciclone Idai paira ameaçadoramente sobre a Beira, Diogo acede inesperadamente, através de Liana Campos, neta de um inspetor da polícia, a documentos secretos (diários, atas de interrogatórios e ficheiros da polícia) que questionam a história da sua família.</p>



<p>No início da década de 1970, durante a luta de libertação de Moçambique contra as tropas coloniais portuguesas, os militares portugueses e os serviços secretos da PIDE perpetraram cruéis massacres da população no interior do país. Entre eles, a aldeia de Inhaminga, onde mais de 3.000 pessoas foram assassinadas em 1973. O pai de Diogo, Adriano, também poeta, tentou documentar, na altura e secretamente, esse crime, mas acabou por ser preso, torturado e morreu. Pouco a pouco, os ficheiros vão revelando o envolvimento da família de Diogo e dos seus vizinhos no massacre: o primo de Adriano, que desapareceu de repente um dia, não era afinal quem todos julgavam que fosse? O que é que o irmão do amigo de infância de Diogo, Benedito, que vivia com os Santiagos como empregado doméstico, teve a ver com os acontecimentos macabros? E como é que tudo isto se relaciona com a trágica lenda da filha do vizinho, que amava um negro, o que não era permitido?</p>



<p>Na tentativa de mapear a história do país e a sua própria, Diogo depara-se com contradições e múltiplas versões. Juntamente com Liana, a quem Diogo se sente misteriosamente ligado, parte em busca de respostas.</p>

<p>O moçambicano Mia Couto é um dos escritores mais destacados da África lusófona. No seu último romance, Mia Couto leva o poeta Diogo Santiago de volta à sua cidade natal, a Beira. Todos lhe prestam homenagem, porém, ao ter acesso a antigos ficheiros secretos da polícia, o seu mundo é abalado. O Mapeador de Ausências (Unionsverlag, 2023) é uma obra-prima pós-colonial.</p>
