{"id":2347,"date":"2024-04-05T10:05:30","date_gmt":"2024-04-05T08:05:30","guid":{"rendered":"https:\/\/www.lusofonia-muenchen.de\/?post_type=termin&#038;p=2347"},"modified":"2024-04-09T11:28:32","modified_gmt":"2024-04-09T09:28:32","slug":"dandara-modesto-edwin-correia-poetico-tropical-concerto","status":"publish","type":"termin","link":"https:\/\/www.lusofonia-muenchen.de\/pt\/programacao\/dandara-modesto-edwin-correia-poetico-tropical-concerto\/","title":{"rendered":"Dandara Modesto &amp; Edwin Correia: Po\u00e9tico Tropical (concerto)"},"content":{"rendered":"\n<p><strong>Dandara Modesto<\/strong> \u00e9 uma artista brasileira que trabalha em v\u00e1rias disciplinas. A cantora, performer e produtora musical reflete uma m\u00fasica brasileira contempor\u00e2nea com ra\u00edzes na tradi\u00e7\u00e3o dos ritmos afro-brasileiros. Ao longo de sua carreira tem participado em diversos projetos nas \u00e1reas de m\u00fasica, dan\u00e7a, teatro, artes visuais e performance, no Brasil e na Europa. Dandara produziu, comp\u00f4s e dirigiu trilhas sonoras para filmes e performances, incluindo &#8220;Movimento III_Celebration, post tsunami foams&#8221; (Mario Lopes), &#8220;Afrotranstopia&#8221; (Mario Lopes, David Mu\u00f1oz, Mahal Pita), &#8220;Neon Bush Girl Society&#8221; (Latefa Wirsch, Rhoda Davis).<\/p>\n\n\n\n<p>Gravou o seu \u00e1lbum de estreia &#8220;Dois Tempos de Um Lugar&#8221; com Paulo Monarco, lan\u00e7ado em 2016. No seu \u00e1lbum &#8220;Estrangeira&#8221; (2022), que gravou na Su\u00ed\u00e7a, Portugal, Galiza e Brasil, canta sobre o corpo feminino em movimento, a migra\u00e7\u00e3o, o poder de ser diferente e a ancestralidade. Recebeu o Swiss Performance Award pela sua performance &#8220;Neon Bush Girl Society&#8221;. A pe\u00e7a &#8220;Die Schwarzen Br\u00fcder&#8221;, dirigida por Mbene Mwambene e baseada num romance de Lisa Tetzner, est\u00e1 atualmente em exibi\u00e7\u00e3o em Basileia, sendo Dandara respons\u00e1vel por composi\u00e7\u00e3o e pela dire\u00e7\u00e3o musical. A artista vive em Zurique.<\/p>\n\n\n\n<p><strong>Edwin Correia<\/strong>, guitarrista e compositor franco-brasileiro, apaixonado pelo cruzamento musical, transcende as fronteiras est\u00e9ticas.<br>Descobriu o jazz ainda muito jovem e mergulhou na m\u00fasica improvisada e no blues. Suas origens brasileiras lhe deram a oportunidade de mergulhar nas culturas populares de Pernambuco. A composi\u00e7\u00e3o surgiu naturalmente para ele como uma express\u00e3o de seu universo pessoal, tingida de blues, da m\u00fasica tradicional do Nordeste brasileiro e da heran\u00e7a do jazz. &nbsp;Gravou seu primeiro disco, &#8220;Brilhante&#8221; (2022), em trio com Matyas Szandai (contrabaixo) e Fran\u00e7ois Christe (bateria). Tocou tamb\u00e9m com Dandara Modesto, Los Duendes, King Louis Swing, Tinka, 10 seconds to Lift-Off e a cantora La Chica.<\/p>\n\n\n\n<p>Mais sobre Edwin Correia: <a href=\"http:\/\/edwincorreia.com\/\">http:\/\/edwincorreia.com\/<\/a><\/p>\n\n\n\n<p>Como antevis\u00e3o do concerto, aqui um v\u00eddeo da colabora\u00e7\u00e3o entre Dandara Modesto e Edwin Correia, live @ Kitchen Session: <a href=\"https:\/\/www.youtube.com\/watch?v=YPuJMtD5QEo\">https:\/\/www.youtube.com\/watch?v=YPuJMtD5QEo<\/a><\/p>\n","protected":false},"excerpt":{"rendered":"<p>Algum tempo se passou desde a \u00faltima atua\u00e7\u00e3o a solo da impactante cantora, performer e produtora musical brasileira Dandara Modesto no K\u00f6\u015fk em 2018. Agora ela a\u00ed est\u00e1, de regresso a Munique. E n\u00e3o est\u00e1 sozinha: vem acompanhada pelo guitarrista e compositor franco-brasileiro Edwin Correia. <\/p>\n<p>Este ser\u00e3o ser\u00e1 po\u00e9tico, expressivo e tropical!<\/p>\n","protected":false},"author":5,"featured_media":2344,"template":"","meta":{"_acf_changed":false,"inline_featured_image":false},"categories":[38],"autor":[61,363],"land":[72],"jahr":[349],"acf":[],"_links":{"self":[{"href":"https:\/\/www.lusofonia-muenchen.de\/pt\/wp-json\/wp\/v2\/termin\/2347"}],"collection":[{"href":"https:\/\/www.lusofonia-muenchen.de\/pt\/wp-json\/wp\/v2\/termin"}],"about":[{"href":"https:\/\/www.lusofonia-muenchen.de\/pt\/wp-json\/wp\/v2\/types\/termin"}],"author":[{"embeddable":true,"href":"https:\/\/www.lusofonia-muenchen.de\/pt\/wp-json\/wp\/v2\/users\/5"}],"wp:featuredmedia":[{"embeddable":true,"href":"https:\/\/www.lusofonia-muenchen.de\/pt\/wp-json\/wp\/v2\/media\/2344"}],"wp:attachment":[{"href":"https:\/\/www.lusofonia-muenchen.de\/pt\/wp-json\/wp\/v2\/media?parent=2347"}],"wp:term":[{"taxonomy":"category","embeddable":true,"href":"https:\/\/www.lusofonia-muenchen.de\/pt\/wp-json\/wp\/v2\/categories?post=2347"},{"taxonomy":"autor","embeddable":true,"href":"https:\/\/www.lusofonia-muenchen.de\/pt\/wp-json\/wp\/v2\/autor?post=2347"},{"taxonomy":"land","embeddable":true,"href":"https:\/\/www.lusofonia-muenchen.de\/pt\/wp-json\/wp\/v2\/land?post=2347"},{"taxonomy":"jahr","embeddable":true,"href":"https:\/\/www.lusofonia-muenchen.de\/pt\/wp-json\/wp\/v2\/jahr?post=2347"}],"curies":[{"name":"wp","href":"https:\/\/api.w.org\/{rel}","templated":true}]}}

Dandara Modesto &amp; Edwin Correia: Poético Tropical (concerto)

<p><strong>Dandara Modesto</strong> é uma artista brasileira que trabalha em várias disciplinas. A cantora, performer e produtora musical reflete uma música brasileira contemporânea com raízes na tradição dos ritmos afro-brasileiros. Ao longo de sua carreira tem participado em diversos projetos nas áreas de música, dança, teatro, artes visuais e performance, no Brasil e na Europa. Dandara produziu, compôs e dirigiu trilhas sonoras para filmes e performances, incluindo &#8220;Movimento III_Celebration, post tsunami foams&#8221; (Mario Lopes), &#8220;Afrotranstopia&#8221; (Mario Lopes, David Muñoz, Mahal Pita), &#8220;Neon Bush Girl Society&#8221; (Latefa Wirsch, Rhoda Davis).</p>



<p>Gravou o seu álbum de estreia &#8220;Dois Tempos de Um Lugar&#8221; com Paulo Monarco, lançado em 2016. No seu álbum &#8220;Estrangeira&#8221; (2022), que gravou na Suíça, Portugal, Galiza e Brasil, canta sobre o corpo feminino em movimento, a migração, o poder de ser diferente e a ancestralidade. Recebeu o Swiss Performance Award pela sua performance &#8220;Neon Bush Girl Society&#8221;. A peça &#8220;Die Schwarzen Brüder&#8221;, dirigida por Mbene Mwambene e baseada num romance de Lisa Tetzner, está atualmente em exibição em Basileia, sendo Dandara responsável por composição e pela direção musical. A artista vive em Zurique.</p>



<p><strong>Edwin Correia</strong>, guitarrista e compositor franco-brasileiro, apaixonado pelo cruzamento musical, transcende as fronteiras estéticas.<br>Descobriu o jazz ainda muito jovem e mergulhou na música improvisada e no blues. Suas origens brasileiras lhe deram a oportunidade de mergulhar nas culturas populares de Pernambuco. A composição surgiu naturalmente para ele como uma expressão de seu universo pessoal, tingida de blues, da música tradicional do Nordeste brasileiro e da herança do jazz. &nbsp;Gravou seu primeiro disco, &#8220;Brilhante&#8221; (2022), em trio com Matyas Szandai (contrabaixo) e François Christe (bateria). Tocou também com Dandara Modesto, Los Duendes, King Louis Swing, Tinka, 10 seconds to Lift-Off e a cantora La Chica.</p>



<p>Mais sobre Edwin Correia: <a href="http://edwincorreia.com/">http://edwincorreia.com/</a></p>



<p>Como antevisão do concerto, aqui um vídeo da colaboração entre Dandara Modesto e Edwin Correia, live @ Kitchen Session: <a href="https://www.youtube.com/watch?v=YPuJMtD5QEo">https://www.youtube.com/watch?v=YPuJMtD5QEo</a></p>

<p>Algum tempo se passou desde a última atuação a solo da impactante cantora, performer e produtora musical brasileira Dandara Modesto no Köşk em 2018. Agora ela aí está, de regresso a Munique. E não está sozinha: vem acompanhada pelo guitarrista e compositor franco-brasileiro Edwin Correia. </p>
<p>Este serão será poético, expressivo e tropical!</p>
