{"id":2388,"date":"2024-06-27T17:06:51","date_gmt":"2024-06-27T15:06:51","guid":{"rendered":"https:\/\/www.lusofonia-muenchen.de\/?post_type=termin&#038;p=2388"},"modified":"2024-06-27T17:12:06","modified_gmt":"2024-06-27T15:12:06","slug":"ceu","status":"publish","type":"termin","link":"https:\/\/www.lusofonia-muenchen.de\/pt\/programacao\/ceu\/","title":{"rendered":"C\u00e9u"},"content":{"rendered":"\n<p>C\u00e9u se descobriu como compositora durante uma passagem pelo Lower East Side de Nova Iorque. Come\u00e7ou sua carreira em 2005 com sua mistura po\u00e9tica de samba, trip-hop e eletr\u00f4nica. Ganhou uma nomea\u00e7\u00e3o para os Grammy americanos, pouco tempo depois de ter alterado a cena em seu pr\u00f3prio pa\u00eds como l\u00edder de uma nova gera\u00e7\u00e3o de cantoras que escrevem suas pr\u00f3prias can\u00e7\u00f5es.<\/p>\n\n\n\n<p>Em 2023, C\u00e9u regressou aos EUA, desta vez \u00e0 Costa Oeste, onde concebeu <em>Novela<\/em>, seu sexto \u00e1lbum, lan\u00e7ado em abril de 2024.<br>Desde o in\u00edcio, a artista paulistana fez turn\u00eas internacionais e tocou ao vivo em quatro continentes, incluindo os mais importantes festivais brasileiros, como o Rock in Rio e o Lollapalooza (BRA), al\u00e9m do Montreal Jazz Festival (CH), North Sea Jazz (NL), Coachella (EUA), Roskilde (DK), Jazzopen e Rudolstadt (DE). Seus \u00e1lbuns valeram-lhe tr\u00eas Grammys Latinos, bem como v\u00e1rios pr\u00eamios brasileiros. Em todo mundo, as composi\u00e7\u00f5es de C\u00e9u deram tamb\u00e9m entrada em filmes, s\u00e9ries de TV e comerciais. &nbsp;<\/p>\n","protected":false},"excerpt":{"rendered":"<p>A cantora e compositora Ce\u0301u e\u0301 considerada uma das mais importantes e influentes artistas brasileiras de sua gerac\u0327a\u0303o. Com sua mistura po\u00e9tica de samba, triphop e eletr\u00f4nica e os a\u0301lbuns Ce\u0301u, Tropix e APKA\u0301, ela abalou todos os estereo\u0301tipos do Pa\u0303o de Ac\u0327u\u0301car e ganhou tre\u0302s Grammys Latinos. Novela e\u0301 o nome do novo a\u0301lbum e confirma mais uma vez o destemor musical de Ce\u0301u, bela, poderosa e sempre focada na diversidade da mu\u0301sica brasileira. <\/p>\n","protected":false},"author":6,"featured_media":2386,"template":"","meta":{"_acf_changed":true,"inline_featured_image":false},"categories":[38],"autor":[174],"land":[72],"jahr":[349],"acf":[],"_links":{"self":[{"href":"https:\/\/www.lusofonia-muenchen.de\/pt\/wp-json\/wp\/v2\/termin\/2388"}],"collection":[{"href":"https:\/\/www.lusofonia-muenchen.de\/pt\/wp-json\/wp\/v2\/termin"}],"about":[{"href":"https:\/\/www.lusofonia-muenchen.de\/pt\/wp-json\/wp\/v2\/types\/termin"}],"author":[{"embeddable":true,"href":"https:\/\/www.lusofonia-muenchen.de\/pt\/wp-json\/wp\/v2\/users\/6"}],"wp:featuredmedia":[{"embeddable":true,"href":"https:\/\/www.lusofonia-muenchen.de\/pt\/wp-json\/wp\/v2\/media\/2386"}],"wp:attachment":[{"href":"https:\/\/www.lusofonia-muenchen.de\/pt\/wp-json\/wp\/v2\/media?parent=2388"}],"wp:term":[{"taxonomy":"category","embeddable":true,"href":"https:\/\/www.lusofonia-muenchen.de\/pt\/wp-json\/wp\/v2\/categories?post=2388"},{"taxonomy":"autor","embeddable":true,"href":"https:\/\/www.lusofonia-muenchen.de\/pt\/wp-json\/wp\/v2\/autor?post=2388"},{"taxonomy":"land","embeddable":true,"href":"https:\/\/www.lusofonia-muenchen.de\/pt\/wp-json\/wp\/v2\/land?post=2388"},{"taxonomy":"jahr","embeddable":true,"href":"https:\/\/www.lusofonia-muenchen.de\/pt\/wp-json\/wp\/v2\/jahr?post=2388"}],"curies":[{"name":"wp","href":"https:\/\/api.w.org\/{rel}","templated":true}]}}

Céu

<p>Céu se descobriu como compositora durante uma passagem pelo Lower East Side de Nova Iorque. Começou sua carreira em 2005 com sua mistura poética de samba, trip-hop e eletrônica. Ganhou uma nomeação para os Grammy americanos, pouco tempo depois de ter alterado a cena em seu próprio país como líder de uma nova geração de cantoras que escrevem suas próprias canções.</p>



<p>Em 2023, Céu regressou aos EUA, desta vez à Costa Oeste, onde concebeu <em>Novela</em>, seu sexto álbum, lançado em abril de 2024.<br>Desde o início, a artista paulistana fez turnês internacionais e tocou ao vivo em quatro continentes, incluindo os mais importantes festivais brasileiros, como o Rock in Rio e o Lollapalooza (BRA), além do Montreal Jazz Festival (CH), North Sea Jazz (NL), Coachella (EUA), Roskilde (DK), Jazzopen e Rudolstadt (DE). Seus álbuns valeram-lhe três Grammys Latinos, bem como vários prêmios brasileiros. Em todo mundo, as composições de Céu deram também entrada em filmes, séries de TV e comerciais. &nbsp;</p>

<p>A cantora e compositora Céu é considerada uma das mais importantes e influentes artistas brasileiras de sua geração. Com sua mistura poética de samba, triphop e eletrônica e os álbuns Céu, Tropix e APKÁ, ela abalou todos os estereótipos do Pão de Açúcar e ganhou três Grammys Latinos. Novela é o nome do novo álbum e confirma mais uma vez o destemor musical de Céu, bela, poderosa e sempre focada na diversidade da música brasileira. </p>
