{"id":2391,"date":"2024-09-30T11:59:09","date_gmt":"2024-09-30T09:59:09","guid":{"rendered":"https:\/\/www.lusofonia-muenchen.de\/?post_type=termin&#038;p=2391"},"modified":"2024-09-30T11:59:10","modified_gmt":"2024-09-30T09:59:10","slug":"miroca-paris-band-afro-latin-groove-tour","status":"publish","type":"termin","link":"https:\/\/www.lusofonia-muenchen.de\/pt\/programacao\/miroca-paris-band-afro-latin-groove-tour\/","title":{"rendered":"Miroca Paris &amp; Band \u2013 Afro-Latin Groove Tour"},"content":{"rendered":"\n<p>Depois da sua espetacular estreia em 2023, <strong>Miroca Paris<\/strong> regressa a Munique. Apresentar\u00e1 pela primeira vez ao vivo as suas \u00faltimas can\u00e7\u00f5es \u2013 verdadeira explos\u00e3o da alegria de viver crioula. O multi-instrumentalista cabo-verdiano tem inspirado audi\u00eancias em todo o mundo com a sua fabulosa percuss\u00e3o, uma guitarra de ritmos fren\u00e9ticos e uma voz que lhe valeu a alcunha de \u201cBlack Sting\u201d.<\/p>\n\n\n\n<p>Miroca Paris, o \u201cInovador do Ritmo\u201d cabo-verdiano, partilhou o palco com estrelas internacionais como Madonna e Ang\u00e9lique Kidjo e foi membro da banda de Ces\u00e1ria \u00c9vora, a rainha da m\u00fasica cabo-verdiana, durante mais de uma d\u00e9cada. O seu \u00e1lbum de estreia \u201cD&#8217;Alma\u201d (2017), gravado com m\u00fasicos de renome do Brasil e de Cuba, capta a diversidade cultural de Cabo Verde numa mistura poderosa de influ\u00eancias afro-luso-crioulas.<\/p>\n\n\n\n<p>Miroca Paris, o representante mais conhecido da lend\u00e1ria \u201cfam\u00edlia musical Paris\u201d de Cabo Verde, passou mais de duas d\u00e9cadas a aperfei\u00e7oar a sua arte. Com as suas sonoridades multifacetadas, batidas r\u00edtmicas e detalhes \u00fanicos, tem brilhado ao lado de estrelas internacionais como Sara Tavares, Bonga, Caman\u00e9, Mariza, Chico C\u00e9sar, Cuca Roseta, Nancy Vieira, Bitori e o seu tio Tito Paris em teatros, festivais e universidades de todo o mundo.<\/p>\n","protected":false},"excerpt":{"rendered":"<p>O m\u00fasico cabo-verdiano Miroca Paris e a sua banda garantem uma experi\u00eancia musical afro-luso-crioula. Com a sua voz cava, Miroca Paris confere \u00e0 m\u00fasica da saudade cabo-verdiana e \u00e0 emo\u00e7\u00e3o afro-latina uma intensidade inigual\u00e1vel. Conhecido como o \u201eRhythm Innovator\u201d, j\u00e1 viajou com estrelas como Ang\u00e9lique Kidjo e, durante mais de dez anos, andou em digress\u00e3o com a banda de Ces\u00e1ria \u00c9vora. Na digress\u00e3o deste outono, apresentar\u00e1 can\u00e7\u00f5es in\u00e9ditas, tocadas ao vivo pela primeira vez \u2013 verdadeira explos\u00e3o da alegria de viver crioula.<\/p>\n","protected":false},"author":5,"featured_media":2005,"template":"","meta":{"_acf_changed":true,"inline_featured_image":false},"categories":[38],"autor":[296],"land":[29],"jahr":[349],"acf":[],"_links":{"self":[{"href":"https:\/\/www.lusofonia-muenchen.de\/pt\/wp-json\/wp\/v2\/termin\/2391"}],"collection":[{"href":"https:\/\/www.lusofonia-muenchen.de\/pt\/wp-json\/wp\/v2\/termin"}],"about":[{"href":"https:\/\/www.lusofonia-muenchen.de\/pt\/wp-json\/wp\/v2\/types\/termin"}],"author":[{"embeddable":true,"href":"https:\/\/www.lusofonia-muenchen.de\/pt\/wp-json\/wp\/v2\/users\/5"}],"wp:featuredmedia":[{"embeddable":true,"href":"https:\/\/www.lusofonia-muenchen.de\/pt\/wp-json\/wp\/v2\/media\/2005"}],"wp:attachment":[{"href":"https:\/\/www.lusofonia-muenchen.de\/pt\/wp-json\/wp\/v2\/media?parent=2391"}],"wp:term":[{"taxonomy":"category","embeddable":true,"href":"https:\/\/www.lusofonia-muenchen.de\/pt\/wp-json\/wp\/v2\/categories?post=2391"},{"taxonomy":"autor","embeddable":true,"href":"https:\/\/www.lusofonia-muenchen.de\/pt\/wp-json\/wp\/v2\/autor?post=2391"},{"taxonomy":"land","embeddable":true,"href":"https:\/\/www.lusofonia-muenchen.de\/pt\/wp-json\/wp\/v2\/land?post=2391"},{"taxonomy":"jahr","embeddable":true,"href":"https:\/\/www.lusofonia-muenchen.de\/pt\/wp-json\/wp\/v2\/jahr?post=2391"}],"curies":[{"name":"wp","href":"https:\/\/api.w.org\/{rel}","templated":true}]}}

<p>Depois da sua espetacular estreia em 2023, <strong>Miroca Paris</strong> regressa a Munique. Apresentará pela primeira vez ao vivo as suas últimas canções – verdadeira explosão da alegria de viver crioula. O multi-instrumentalista cabo-verdiano tem inspirado audiências em todo o mundo com a sua fabulosa percussão, uma guitarra de ritmos frenéticos e uma voz que lhe valeu a alcunha de “Black Sting”.</p>



<p>Miroca Paris, o “Inovador do Ritmo” cabo-verdiano, partilhou o palco com estrelas internacionais como Madonna e Angélique Kidjo e foi membro da banda de Cesária Évora, a rainha da música cabo-verdiana, durante mais de uma década. O seu álbum de estreia “D&#8217;Alma” (2017), gravado com músicos de renome do Brasil e de Cuba, capta a diversidade cultural de Cabo Verde numa mistura poderosa de influências afro-luso-crioulas.</p>



<p>Miroca Paris, o representante mais conhecido da lendária “família musical Paris” de Cabo Verde, passou mais de duas décadas a aperfeiçoar a sua arte. Com as suas sonoridades multifacetadas, batidas rítmicas e detalhes únicos, tem brilhado ao lado de estrelas internacionais como Sara Tavares, Bonga, Camané, Mariza, Chico César, Cuca Roseta, Nancy Vieira, Bitori e o seu tio Tito Paris em teatros, festivais e universidades de todo o mundo.</p>

<p>O músico cabo-verdiano Miroca Paris e a sua banda garantem uma experiência musical afro-luso-crioula. Com a sua voz cava, Miroca Paris confere à música da saudade cabo-verdiana e à emoção afro-latina uma intensidade inigualável. Conhecido como o „Rhythm Innovator”, já viajou com estrelas como Angélique Kidjo e, durante mais de dez anos, andou em digressão com a banda de Cesária Évora. Na digressão deste outono, apresentará canções inéditas, tocadas ao vivo pela primeira vez – verdadeira explosão da alegria de viver crioula.</p>
