{"id":2396,"date":"2024-11-10T16:58:27","date_gmt":"2024-11-10T15:58:27","guid":{"rendered":"https:\/\/www.lusofonia-muenchen.de\/?post_type=termin&#038;p=2396"},"modified":"2024-11-22T09:22:56","modified_gmt":"2024-11-22T08:22:56","slug":"60-anos-de-emigracao-portuguesa-na-alemanha-exposicao","status":"publish","type":"termin","link":"https:\/\/www.lusofonia-muenchen.de\/pt\/programacao\/60-anos-de-emigracao-portuguesa-na-alemanha-exposicao\/","title":{"rendered":"60 anos de emigra\u00e7\u00e3o portuguesa na Alemanha (exposi\u00e7\u00e3o)"},"content":{"rendered":"\n<p>Sob a responsabilidade dos historiadores <strong>N\u00e9lson Pereira Pinto<\/strong> e <strong>Anna-Katharina Glettenberg<\/strong> e com o apoio da associa\u00e7\u00e3o Grupo de Reflex\u00e3o e Interven\u00e7\u00e3o \u2013 Di\u00e1spora Portuguesa na Alemanha (GRI-DPA; https:\/\/www.gri-dpa.de\/), levaram-se a cabo pesquisas visando a di\u00e1spora portuguesa na Alemanha. A inten\u00e7\u00e3o foi abordar cronologicamente a hist\u00f3ria da emigra\u00e7\u00e3o portuguesa na Alemanha desde o contrato de recrutamento laboral de 1964, uma hist\u00f3ria que abrange n\u00e3o s\u00f3 a problem\u00e1tica da sa\u00edda de gente dum Portugal pobre e de regime autorit\u00e1rio, mas tamb\u00e9m a necessidade de a Rep\u00fablica Federal da Alemanha contratar trabalhadores de outros pa\u00edses. E, como \u00e9 sabido, n\u00e3o vieram s\u00f3 os trabalhadores recrutados, vierem as suas fam\u00edlias que superaram in\u00fameras dificuldades e por c\u00e1 ficaram, integrando-se e dando provas de grande mobilidade e flexibilidade em rela\u00e7\u00e3o ao pa\u00eds de acolhimento.<\/p>\n\n\n\n<p>A exposi\u00e7\u00e3o explora tamb\u00e9m o papel preponderante do associativismo, dos sindicatos e dos centros e miss\u00f5es cat\u00f3licas.<\/p>\n\n\n\n<p>A exposi\u00e7\u00e3o tem sido apresentada em muitos lugares, por toda a Alemanha. Munique ser\u00e1 em 2024 uma das \u00faltimas esta\u00e7\u00f5es desta itiner\u00e2ncia: neste sentido a comunidade desta cidade e da sua regi\u00e3o junta-se a todos os protagonistas de uma hist\u00f3ria europeia de seis d\u00e9cadas.<\/p>\n\n\n\n<p>Exposi\u00e7\u00e3o \u201c60 anos de emigra\u00e7\u00e3o Portuguesa na Alemanha\u201d:<br>19 pain\u00e9is, curadoria de <strong>N\u00e9lson Pereira Pinto<\/strong>, historiador (Hist\u00f3ria Ib\u00e9rica e Latino-Americana) e de <strong>Anna-Katharina Glettenberg<\/strong>, formada em Hist\u00f3ria e Filologia Rom\u00e2nica<\/p>\n","protected":false},"excerpt":{"rendered":"<p>A associa\u00e7\u00e3o Lusofonia e.V. junta-se \u00e0s comemora\u00e7\u00f5es dos 60 anos de emigra\u00e7\u00e3o portuguesa na Alemanha e tem o prazer de apresentar uma exposi\u00e7\u00e3o com esta tem\u00e1tica em Munique.<br \/>\nO espa\u00e7o da Comunidade Cat\u00f3lica de L\u00edngua Portuguesa em Munique \u00e9 um lugar privilegiado para receber esta exposi\u00e7\u00e3o, para que os passados 60 anos sejam refletidos e lembrados. Iremos festejar com alegria e boa disposi\u00e7\u00e3o, entre emigrantes e seus descendentes, familiares e amigos alem\u00e3es, o facto de termos chegado aqui e termos contribu\u00eddo para o chamado milagre alem\u00e3o e para uma sociedade mais rica na sua diversidade.<\/p>\n","protected":false},"author":5,"featured_media":2395,"template":"","meta":{"_acf_changed":false,"inline_featured_image":false},"categories":[28],"autor":[374,373],"land":[43],"jahr":[349],"acf":[],"_links":{"self":[{"href":"https:\/\/www.lusofonia-muenchen.de\/pt\/wp-json\/wp\/v2\/termin\/2396"}],"collection":[{"href":"https:\/\/www.lusofonia-muenchen.de\/pt\/wp-json\/wp\/v2\/termin"}],"about":[{"href":"https:\/\/www.lusofonia-muenchen.de\/pt\/wp-json\/wp\/v2\/types\/termin"}],"author":[{"embeddable":true,"href":"https:\/\/www.lusofonia-muenchen.de\/pt\/wp-json\/wp\/v2\/users\/5"}],"wp:featuredmedia":[{"embeddable":true,"href":"https:\/\/www.lusofonia-muenchen.de\/pt\/wp-json\/wp\/v2\/media\/2395"}],"wp:attachment":[{"href":"https:\/\/www.lusofonia-muenchen.de\/pt\/wp-json\/wp\/v2\/media?parent=2396"}],"wp:term":[{"taxonomy":"category","embeddable":true,"href":"https:\/\/www.lusofonia-muenchen.de\/pt\/wp-json\/wp\/v2\/categories?post=2396"},{"taxonomy":"autor","embeddable":true,"href":"https:\/\/www.lusofonia-muenchen.de\/pt\/wp-json\/wp\/v2\/autor?post=2396"},{"taxonomy":"land","embeddable":true,"href":"https:\/\/www.lusofonia-muenchen.de\/pt\/wp-json\/wp\/v2\/land?post=2396"},{"taxonomy":"jahr","embeddable":true,"href":"https:\/\/www.lusofonia-muenchen.de\/pt\/wp-json\/wp\/v2\/jahr?post=2396"}],"curies":[{"name":"wp","href":"https:\/\/api.w.org\/{rel}","templated":true}]}}

60 anos de emigração portuguesa na Alemanha (exposição)

<p>Sob a responsabilidade dos historiadores <strong>Nélson Pereira Pinto</strong> e <strong>Anna-Katharina Glettenberg</strong> e com o apoio da associação Grupo de Reflexão e Intervenção – Diáspora Portuguesa na Alemanha (GRI-DPA; https://www.gri-dpa.de/), levaram-se a cabo pesquisas visando a diáspora portuguesa na Alemanha. A intenção foi abordar cronologicamente a história da emigração portuguesa na Alemanha desde o contrato de recrutamento laboral de 1964, uma história que abrange não só a problemática da saída de gente dum Portugal pobre e de regime autoritário, mas também a necessidade de a República Federal da Alemanha contratar trabalhadores de outros países. E, como é sabido, não vieram só os trabalhadores recrutados, vierem as suas famílias que superaram inúmeras dificuldades e por cá ficaram, integrando-se e dando provas de grande mobilidade e flexibilidade em relação ao país de acolhimento.</p>



<p>A exposição explora também o papel preponderante do associativismo, dos sindicatos e dos centros e missões católicas.</p>



<p>A exposição tem sido apresentada em muitos lugares, por toda a Alemanha. Munique será em 2024 uma das últimas estações desta itinerância: neste sentido a comunidade desta cidade e da sua região junta-se a todos os protagonistas de uma história europeia de seis décadas.</p>



<p>Exposição “60 anos de emigração Portuguesa na Alemanha”:<br>19 painéis, curadoria de <strong>Nélson Pereira Pinto</strong>, historiador (História Ibérica e Latino-Americana) e de <strong>Anna-Katharina Glettenberg</strong>, formada em História e Filologia Românica</p>

<p>A associação Lusofonia e.V. junta-se às comemorações dos 60 anos de emigração portuguesa na Alemanha e tem o prazer de apresentar uma exposição com esta temática em Munique.<br />
O espaço da Comunidade Católica de Língua Portuguesa em Munique é um lugar privilegiado para receber esta exposição, para que os passados 60 anos sejam refletidos e lembrados. Iremos festejar com alegria e boa disposição, entre emigrantes e seus descendentes, familiares e amigos alemães, o facto de termos chegado aqui e termos contribuído para o chamado milagre alemão e para uma sociedade mais rica na sua diversidade.</p>
