{"id":2472,"date":"2025-05-14T09:00:41","date_gmt":"2025-05-14T07:00:41","guid":{"rendered":"https:\/\/www.lusofonia-muenchen.de\/?post_type=termin&#038;p=2472"},"modified":"2025-05-14T09:00:43","modified_gmt":"2025-05-14T07:00:43","slug":"lia-rodrigues-companhia-de-dancas-borda","status":"publish","type":"termin","link":"https:\/\/www.lusofonia-muenchen.de\/pt\/programacao\/lia-rodrigues-companhia-de-dancas-borda\/","title":{"rendered":"Lia Rodrigues Companhia de Dan\u00e7as: Borda"},"content":{"rendered":"\n<p><strong>Lia Rodrigues<\/strong> \u00e9 uma das vozes art\u00edsticas mais importantes do Brasil e do mundo da dan\u00e7a. Suas pe\u00e7as mostram a luta dura e existencialista da conviv\u00eancia humana. Emocionante e extremamente f\u00edsica, com uma linguagem visual impressionante e multifacetada, reflete sobre quest\u00f5es globais como a intera\u00e7\u00e3o do ser humano com a natureza ou as altera\u00e7\u00f5es clim\u00e1ticas. Sendo n\u00f3s seres sociais (e ao mesmo tempo negando isso), as suas obras questionam a nossa capacidade de restaurar a harmonia.<\/p>\n\n\n\n<p><strong>Seu novo trabalho, \u201cBorda\u201d,<\/strong> que ter\u00e1 a sua estreia no Kunstenfestivaldesarts em Bruxelas, em maio, se foca sobre o que nos separa, tanto no sentido geogr\u00e1fico como pol\u00edtico. Em portugu\u00eas, a palavra \u201cborda\u201d pode significar margem, fronteira, limite, barreira, limiar, e, nestes m\u00faltiplos sentidos, coloca quest\u00f5es relacionadas com diversos aspectos: Quem pode atravessar a borda? Quem fica? Quem \u00e9 exclu\u00eddo? Quem pertence e quem n\u00e3o pertence? Quem tem o direito de existir? Como transportar conosco o mundo de nossas vis\u00f5es, de anseios, mem\u00f3rias e futuros?<\/p>\n\n\n\n<p><strong>Lia Rodrigues<\/strong> nasceu em S\u00e3o Paulo em 1956, onde se formou em bal\u00e9 cl\u00e1ssico e estudou hist\u00f3ria na Universidade de S\u00e3o Paulo. Ap\u00f3s participar do movimento de dan\u00e7a contempor\u00e2nea em S\u00e3o Paulo na d\u00e9cada de 1970, integrou a companhia Maguy Marin (Fran\u00e7a) entre 1980 e 1982. Retornou ao Brasil em 1990 e fundou a Lia Rodrigues Companhia de Dan\u00e7as, no Rio de Janeiro. Em 1992, fundou o festival de dan\u00e7a Panorama, que dirigiu at\u00e9 2005.<\/p>\n\n\n\n<p>Desde 2004, desenvolve projetos art\u00edsticos e educacionais na favela da Mar\u00e9, no Rio de Janeiro, em colabora\u00e7\u00e3o com a ONG Redes da Mar\u00e9. Em 2009, fundou o Centro de Arte da Mar\u00e9 e, em 2011, a escola independente de dan\u00e7a Mar\u00e9. Em 2005, recebeu a Ordem Chevalier de l&#8217;Ordre des Arts et des Lettres do governo franc\u00eas, em 2014 o Pr\u00e9mio da Funda\u00e7\u00e3o Prince Claus dos Pa\u00edses Baixos e em 2016 o Pr\u00e9mio de Coreografia SACD (Fran\u00e7a). Lia Rodrigues \u00e9 artista associada do Th\u00e9\u00e2tre National de Chaillot e do Th\u00e9\u00e2tre LE CENQUATRE em Paris.<\/p>\n\n\n\n<p><strong>\u201cBorda\u201d<\/strong><\/p>\n\n\n\n<p>Dire\u00e7\u00e3o art\u00edstica e conceito: Lia Rodrigues<br>Dan\u00e7ado por e criado em estreita colabora\u00e7\u00e3o com: Leonardo Nunes, Valentina Fittipaldi, Andrey da Silva, David Abreu, Raquel Alexandre, Daline Ribeiro, Jo\u00e3o Alves, Cayo Almeida, Vitor de Abreu<br>Assist\u00eancia coreogr\u00e1fica: Am\u00e1lia Lima<br>Dramaturgia: Silvia Soter<br>Colabora\u00e7\u00e3o art\u00edstica e imagens: Sammi Landweer<br>Design de luz: Nicolas Boudier<br>Dire\u00e7\u00e3o de cena: Magali Foubert e Baptistine M\u00e9ral<\/p>\n\n\n\n<p>Produ\u00e7\u00e3o: Lia Rodrigues Companhia de Dan\u00e7as<br>Coprodu\u00e7\u00e3o: Le Kunstenfestivaldesarts \u2013 Bruxelas \/ Maison de la danse, Lyon \/ P\u00f4le europ\u00e9en de cr\u00e9ation, com o apoio da Biennale de la danse 2025, Chaillot, Th\u00e9\u00e2tre National de la Danse, Paris \/ Le CENTQUATRE, Paris \/ Festival d&#8217;Automne \u00e0 Paris \/ Wiener Festwochen, Viena \/ Festival La Batie, Com\u00e9die de Gen\u00e8ve, Genebra \/ Romaeuropa, Roma \/ Pact Zollverein, Essen \/ One Dance Festival, Plovdiv \/ Theater Freiburg \/ Muffatwerk, Munique \/ Passages Transfestival, Metz \/ Festival Perspectives, Saarbr\u00fccken, Le Parvis sc\u00e8ne nationale Tarbes Pyr\u00e9n\u00e9es, Tanz im August \/ HAU Hebbel am Ufer, Berlim, com o apoio da Redes da Mar\u00e9 e do Centro de Artes da Mar\u00e9<\/p>\n","protected":false},"excerpt":{"rendered":"<p>Lia Rodrigues \u00e9 uma das vozes art\u00edsticas mais importantes do Brasil e do mundo da dan\u00e7a. Em seu novo espet\u00e1culo \u201cBorda\u201d, ela trata do que nos divide tanto no sentido geogr\u00e1fico quanto pol\u00edtico: quem tem direito a atravessar fronteiras? Quem fica? Quem \u00e9 exclu\u00eddo? <\/p>\n<p>Dan\u00e7ado por e criado em estreita colabora\u00e7\u00e3o com: Leonardo Nunes, Valentina Fittipaldi, Andrey da Silva, David Abreu, Raquel Alexandre, Daline Ribeiro, Jo\u00e3o Alves, Cayo Almeida e Vitor de Abreu<\/p>\n","protected":false},"author":5,"featured_media":2469,"template":"","meta":{"_acf_changed":true,"inline_featured_image":false},"categories":[67],"autor":[395,400,398,396,399,393,180,397,394,401],"land":[72],"jahr":[379],"acf":[],"_links":{"self":[{"href":"https:\/\/www.lusofonia-muenchen.de\/pt\/wp-json\/wp\/v2\/termin\/2472"}],"collection":[{"href":"https:\/\/www.lusofonia-muenchen.de\/pt\/wp-json\/wp\/v2\/termin"}],"about":[{"href":"https:\/\/www.lusofonia-muenchen.de\/pt\/wp-json\/wp\/v2\/types\/termin"}],"author":[{"embeddable":true,"href":"https:\/\/www.lusofonia-muenchen.de\/pt\/wp-json\/wp\/v2\/users\/5"}],"wp:featuredmedia":[{"embeddable":true,"href":"https:\/\/www.lusofonia-muenchen.de\/pt\/wp-json\/wp\/v2\/media\/2469"}],"wp:attachment":[{"href":"https:\/\/www.lusofonia-muenchen.de\/pt\/wp-json\/wp\/v2\/media?parent=2472"}],"wp:term":[{"taxonomy":"category","embeddable":true,"href":"https:\/\/www.lusofonia-muenchen.de\/pt\/wp-json\/wp\/v2\/categories?post=2472"},{"taxonomy":"autor","embeddable":true,"href":"https:\/\/www.lusofonia-muenchen.de\/pt\/wp-json\/wp\/v2\/autor?post=2472"},{"taxonomy":"land","embeddable":true,"href":"https:\/\/www.lusofonia-muenchen.de\/pt\/wp-json\/wp\/v2\/land?post=2472"},{"taxonomy":"jahr","embeddable":true,"href":"https:\/\/www.lusofonia-muenchen.de\/pt\/wp-json\/wp\/v2\/jahr?post=2472"}],"curies":[{"name":"wp","href":"https:\/\/api.w.org\/{rel}","templated":true}]}}

Lia Rodrigues Companhia de Danças: Borda

<p><strong>Lia Rodrigues</strong> é uma das vozes artísticas mais importantes do Brasil e do mundo da dança. Suas peças mostram a luta dura e existencialista da convivência humana. Emocionante e extremamente física, com uma linguagem visual impressionante e multifacetada, reflete sobre questões globais como a interação do ser humano com a natureza ou as alterações climáticas. Sendo nós seres sociais (e ao mesmo tempo negando isso), as suas obras questionam a nossa capacidade de restaurar a harmonia.</p>



<p><strong>Seu novo trabalho, “Borda”,</strong> que terá a sua estreia no Kunstenfestivaldesarts em Bruxelas, em maio, se foca sobre o que nos separa, tanto no sentido geográfico como político. Em português, a palavra “borda” pode significar margem, fronteira, limite, barreira, limiar, e, nestes múltiplos sentidos, coloca questões relacionadas com diversos aspectos: Quem pode atravessar a borda? Quem fica? Quem é excluído? Quem pertence e quem não pertence? Quem tem o direito de existir? Como transportar conosco o mundo de nossas visões, de anseios, memórias e futuros?</p>



<p><strong>Lia Rodrigues</strong> nasceu em São Paulo em 1956, onde se formou em balé clássico e estudou história na Universidade de São Paulo. Após participar do movimento de dança contemporânea em São Paulo na década de 1970, integrou a companhia Maguy Marin (França) entre 1980 e 1982. Retornou ao Brasil em 1990 e fundou a Lia Rodrigues Companhia de Danças, no Rio de Janeiro. Em 1992, fundou o festival de dança Panorama, que dirigiu até 2005.</p>



<p>Desde 2004, desenvolve projetos artísticos e educacionais na favela da Maré, no Rio de Janeiro, em colaboração com a ONG Redes da Maré. Em 2009, fundou o Centro de Arte da Maré e, em 2011, a escola independente de dança Maré. Em 2005, recebeu a Ordem Chevalier de l&#8217;Ordre des Arts et des Lettres do governo francês, em 2014 o Prémio da Fundação Prince Claus dos Países Baixos e em 2016 o Prémio de Coreografia SACD (França). Lia Rodrigues é artista associada do Théâtre National de Chaillot e do Théâtre LE CENQUATRE em Paris.</p>



<p><strong>“Borda”</strong></p>



<p>Direção artística e conceito: Lia Rodrigues<br>Dançado por e criado em estreita colaboração com: Leonardo Nunes, Valentina Fittipaldi, Andrey da Silva, David Abreu, Raquel Alexandre, Daline Ribeiro, João Alves, Cayo Almeida, Vitor de Abreu<br>Assistência coreográfica: Amália Lima<br>Dramaturgia: Silvia Soter<br>Colaboração artística e imagens: Sammi Landweer<br>Design de luz: Nicolas Boudier<br>Direção de cena: Magali Foubert e Baptistine Méral</p>



<p>Produção: Lia Rodrigues Companhia de Danças<br>Coprodução: Le Kunstenfestivaldesarts – Bruxelas / Maison de la danse, Lyon / Pôle européen de création, com o apoio da Biennale de la danse 2025, Chaillot, Théâtre National de la Danse, Paris / Le CENTQUATRE, Paris / Festival d&#8217;Automne à Paris / Wiener Festwochen, Viena / Festival La Batie, Comédie de Genève, Genebra / Romaeuropa, Roma / Pact Zollverein, Essen / One Dance Festival, Plovdiv / Theater Freiburg / Muffatwerk, Munique / Passages Transfestival, Metz / Festival Perspectives, Saarbrücken, Le Parvis scène nationale Tarbes Pyrénées, Tanz im August / HAU Hebbel am Ufer, Berlim, com o apoio da Redes da Maré e do Centro de Artes da Maré</p>

<p>Lia Rodrigues é uma das vozes artísticas mais importantes do Brasil e do mundo da dança. Em seu novo espetáculo “Borda”, ela trata do que nos divide tanto no sentido geográfico quanto político: quem tem direito a atravessar fronteiras? Quem fica? Quem é excluído? </p>
<p>Dançado por e criado em estreita colaboração com: Leonardo Nunes, Valentina Fittipaldi, Andrey da Silva, David Abreu, Raquel Alexandre, Daline Ribeiro, João Alves, Cayo Almeida e Vitor de Abreu</p>
