{"id":2477,"date":"2025-05-14T09:11:48","date_gmt":"2025-05-14T07:11:48","guid":{"rendered":"https:\/\/www.lusofonia-muenchen.de\/?post_type=termin&#038;p=2477"},"modified":"2025-05-14T09:11:50","modified_gmt":"2025-05-14T07:11:50","slug":"joao-selva-tournee-onda","status":"publish","type":"termin","link":"https:\/\/www.lusofonia-muenchen.de\/pt\/programacao\/joao-selva-tournee-onda\/","title":{"rendered":"Jo\u00e3o Selva: Tourn\u00e9e Onda"},"content":{"rendered":"\n<p><strong>Jo\u00e3o Selva<\/strong>, cantor, compositor e produtor, \u00e9 natural do Rio de Janeiro, onde cresceu, rodeado de m\u00fasica desde muito cedo, pois o seu pai, pastor duma comunidade alternativa crist\u00e3 sempre deu \u00e0 m\u00fasica um papel vital, tendo por exemplo permitido que ex-presidi\u00e1rios se reabilitassem atrav\u00e9s de um programa musical. Jo\u00e3o Selva aprendeu a tocar viol\u00e3o com a famosa violonista e cantora de bossa nova Wanda S\u00e1, amiga de seu pai. Aos 18 anos, come\u00e7ou a dar concertos para crian\u00e7as em \u00c1frica, na Am\u00e9rica do Sul e no Caribe. Radicado em Lyon, Fran\u00e7a, desde 2010, a\u00ed gravou o seu primeiro disco. O seu \u00e1lbum de estreia \u201cNatureza\u201d foi lan\u00e7ado em 2017, seguido de \u201cNavegar\u201d, 2021 e \u201cPassarinho\u201d em 2023, que aborda a destrui\u00e7\u00e3o do meio ambiente, com o p\u00e1ssaro a simbolizar as criaturas amea\u00e7adas do Brasil.<\/p>\n\n\n\n<p>Nos seus \u00e1lbuns, Jo\u00e3o Selva cultiva e divulga o rico patrim\u00f3nio musical brasileiro. O artista tamb\u00e9m gosta de expandir as tradi\u00e7\u00f5es musicais da sua terra natal para incluir estilos de outras partes do mundo, desde o cosmic jazz, soul, disco e funk a g\u00e9neros provindos de Angola ou de Cabo Verde.<\/p>\n","protected":false},"excerpt":{"rendered":"<p>A m\u00fasica de Jo\u00e3o Selva viaja do samba brasileiro, passando pelo semba angolano e pelo funan\u00e1 cabo-verdiano, at\u00e9 ao zouk caribenho, com desvios pela rumba congolesa e pelo funk americano. O seu novo \u00e1lbum \u201cOnda\u201d \u00e9 uma obra de arte transatl\u00e2ntica ensolarada, imbu\u00edda de sensualidade e alegria de viver. Irradia uma energia exuberante, o brilho e as cores do carnaval brasileiro, simbolizando aquilo em que Jo\u00e3o Selva acredita: nenhuma tristeza sobrevive perante tanta alegria. Revigorante e hedonista!<\/p>\n","protected":false},"author":5,"featured_media":2474,"template":"","meta":{"_acf_changed":true,"inline_featured_image":false},"categories":[38],"autor":[402],"land":[72],"jahr":[379],"acf":[],"_links":{"self":[{"href":"https:\/\/www.lusofonia-muenchen.de\/pt\/wp-json\/wp\/v2\/termin\/2477"}],"collection":[{"href":"https:\/\/www.lusofonia-muenchen.de\/pt\/wp-json\/wp\/v2\/termin"}],"about":[{"href":"https:\/\/www.lusofonia-muenchen.de\/pt\/wp-json\/wp\/v2\/types\/termin"}],"author":[{"embeddable":true,"href":"https:\/\/www.lusofonia-muenchen.de\/pt\/wp-json\/wp\/v2\/users\/5"}],"wp:featuredmedia":[{"embeddable":true,"href":"https:\/\/www.lusofonia-muenchen.de\/pt\/wp-json\/wp\/v2\/media\/2474"}],"wp:attachment":[{"href":"https:\/\/www.lusofonia-muenchen.de\/pt\/wp-json\/wp\/v2\/media?parent=2477"}],"wp:term":[{"taxonomy":"category","embeddable":true,"href":"https:\/\/www.lusofonia-muenchen.de\/pt\/wp-json\/wp\/v2\/categories?post=2477"},{"taxonomy":"autor","embeddable":true,"href":"https:\/\/www.lusofonia-muenchen.de\/pt\/wp-json\/wp\/v2\/autor?post=2477"},{"taxonomy":"land","embeddable":true,"href":"https:\/\/www.lusofonia-muenchen.de\/pt\/wp-json\/wp\/v2\/land?post=2477"},{"taxonomy":"jahr","embeddable":true,"href":"https:\/\/www.lusofonia-muenchen.de\/pt\/wp-json\/wp\/v2\/jahr?post=2477"}],"curies":[{"name":"wp","href":"https:\/\/api.w.org\/{rel}","templated":true}]}}

João Selva: Tournée Onda

<p><strong>João Selva</strong>, cantor, compositor e produtor, é natural do Rio de Janeiro, onde cresceu, rodeado de música desde muito cedo, pois o seu pai, pastor duma comunidade alternativa cristã sempre deu à música um papel vital, tendo por exemplo permitido que ex-presidiários se reabilitassem através de um programa musical. João Selva aprendeu a tocar violão com a famosa violonista e cantora de bossa nova Wanda Sá, amiga de seu pai. Aos 18 anos, começou a dar concertos para crianças em África, na América do Sul e no Caribe. Radicado em Lyon, França, desde 2010, aí gravou o seu primeiro disco. O seu álbum de estreia “Natureza” foi lançado em 2017, seguido de “Navegar”, 2021 e “Passarinho” em 2023, que aborda a destruição do meio ambiente, com o pássaro a simbolizar as criaturas ameaçadas do Brasil.</p>



<p>Nos seus álbuns, João Selva cultiva e divulga o rico património musical brasileiro. O artista também gosta de expandir as tradições musicais da sua terra natal para incluir estilos de outras partes do mundo, desde o cosmic jazz, soul, disco e funk a géneros provindos de Angola ou de Cabo Verde.</p>

<p>A música de João Selva viaja do samba brasileiro, passando pelo semba angolano e pelo funaná cabo-verdiano, até ao zouk caribenho, com desvios pela rumba congolesa e pelo funk americano. O seu novo álbum “Onda” é uma obra de arte transatlântica ensolarada, imbuída de sensualidade e alegria de viver. Irradia uma energia exuberante, o brilho e as cores do carnaval brasileiro, simbolizando aquilo em que João Selva acredita: nenhuma tristeza sobrevive perante tanta alegria. Revigorante e hedonista!</p>
