{"id":2490,"date":"2025-07-09T14:00:00","date_gmt":"2025-07-09T12:00:00","guid":{"rendered":"https:\/\/www.lusofonia-muenchen.de\/?post_type=termin&#038;p=2490"},"modified":"2026-01-25T12:40:01","modified_gmt":"2026-01-25T11:40:01","slug":"bavaschoro-feat-dandara-modesto-choros-brasileiros-fusionam-com-sons-bavaros","status":"publish","type":"termin","link":"https:\/\/www.lusofonia-muenchen.de\/pt\/programacao\/bavaschoro-feat-dandara-modesto-choros-brasileiros-fusionam-com-sons-bavaros\/","title":{"rendered":"Bavasch\u00f4ro feat. Dandara Modesto \u2013 choros brasileiros fusionam com sons b\u00e1varos"},"content":{"rendered":"\n<p><strong>Bavasch\u00f4ro<\/strong> de Munique realiza a fus\u00e3o de g\u00eaneros musicais brasileiros com a m\u00fasica da Baviera. Os quatro m\u00fasicos profissionais, provindos de v\u00e1rios g\u00eaneros e diferentes tradi\u00e7\u00f5es musicais, apresentam o choro, m\u00fasica brasileira de barzinho, fus\u00e3o entre ritmos africanos e as polcas. Com Bavasch\u00f4ro esta mescla charmosa e leve retorna \u00e0 Europa e \u00e9 apimentada com m\u00fasica folcl\u00f3rica b\u00e1vara, interpretada em instrumentos at\u00edpicos do choro como trompa, guitarra portuguesa ou tuba e acrescentada de novos arranjos.<\/p>\n\n\n\n<p>A sonoridade da banda se encontra com a voz \u00fanica e a brilhante presen\u00e7a de <strong>Dandara Modesto<\/strong>. A cantora, performer e produtora musical reflete uma m\u00fasica brasileira contempor\u00e2nea com ra\u00edzes na tradi\u00e7\u00e3o dos ritmos afro-brasileiros. Ao longo de sua carreira tem participado em diversos projetos nas \u00e1reas de m\u00fasica, dan\u00e7a, teatro, artes visuais e performance, no Brasil e na Europa. Dandara produziu, comp\u00f4s e dirigiu trilhas sonoras para filmes e performances. No seu \u00e1lbum &#8220;Estrangeira&#8221; (2022) canta sobre o corpo feminino em movimento, a migra\u00e7\u00e3o, o poder de ser diferente e a ancestralidade. Gravou seu \u00faltimo disco &#8220;Trinka&#8221; em 2024. A artista paulistana vive em Zurique.<\/p>\n\n\n\n<p>Com:<br>Dandara Modesto (voz)<br>Ludwig Himpsl (percuss\u00e3o\/pandeiro, trompa, tuba)<br>Xaver Himpsl (fliscorne, trompete, trompete piccolo)<br>Lu\u00eds Maria H\u00f6lzl (violino, guitarra portuguesa, cavaquinho)<br>Henrique de Miranda Rebou\u00e7as (viol\u00e3o de 7 cordas) <\/p>\n\n\n\n<p>Mais de Dandara Modesto<br>Instagram: <a href=\"https:\/\/www.instagram.com\/dandaramodesto\/\">https:\/\/www.instagram.com\/dandaramodesto\/<\/a><br>Trinka no Instagram: <a href=\"https:\/\/www.instagram.com\/trinkamusic\/?hl=de\">https:\/\/www.instagram.com\/trinkamusic\/?hl=de<\/a><br>V\u00eddeos: <a href=\"https:\/\/www.youtube.com\/c\/DandaraModesto\">https:\/\/www.youtube.com\/c\/DandaraModesto<\/a><\/p>\n\n\n\n<p>Mais de Bavasch\u00f4ro<br>Website: <a href=\"http:\/\/www.bavaschoro.de\">www.bavaschoro.de<\/a><br>Facebook: <a href=\"https:\/\/www.facebook.com\/bavaschoro\">https:\/\/www.facebook.com\/bavaschoro<\/a><\/p>\n\n\n\n<p>V\u00eddeos: <a href=\"https:\/\/www.youtube.com\/channel\/UCrKqEbKf1NfQiLC-Y_x9EtQ\">https:\/\/www.youtube.com\/channel\/UCrKqEbKf1NfQiLC-Y_x9EtQ<\/a><\/p>\n","protected":false},"excerpt":{"rendered":"<p>Bavasch\u00f4ro de Munique realiza a fus\u00e3o de g\u00eaneros musicais brasileiros com a m\u00fasica da Baviera. Os quatro multi-instrumentistas do Brasil, de Portugal e da Baviera apresentam o choro, apimentado com m\u00fasica folcl\u00f3rica b\u00e1vara, instrumentos pouco t\u00edpicos do choro e novos arranjos. A sonoridade da banda se encontra com a voz \u00fanica e a brilhante presen\u00e7a da cantora, performer e produtora musical Dandara Modesto que reflete uma m\u00fasica brasileira contempor\u00e2nea com ra\u00edzes na tradi\u00e7\u00e3o dos ritmos afro-brasileiros. <\/p>\n<p>Uma fascinante fus\u00e3o musical feita de m\u00fasica brasileira, charme b\u00e1varo e uma voz sedutora.<\/p>\n","protected":false},"author":5,"featured_media":2481,"template":"","meta":{"_acf_changed":true,"inline_featured_image":false},"categories":[38],"autor":[62,389,15,235,16,236],"land":[72],"jahr":[379],"acf":[],"_links":{"self":[{"href":"https:\/\/www.lusofonia-muenchen.de\/pt\/wp-json\/wp\/v2\/termin\/2490"}],"collection":[{"href":"https:\/\/www.lusofonia-muenchen.de\/pt\/wp-json\/wp\/v2\/termin"}],"about":[{"href":"https:\/\/www.lusofonia-muenchen.de\/pt\/wp-json\/wp\/v2\/types\/termin"}],"author":[{"embeddable":true,"href":"https:\/\/www.lusofonia-muenchen.de\/pt\/wp-json\/wp\/v2\/users\/5"}],"wp:featuredmedia":[{"embeddable":true,"href":"https:\/\/www.lusofonia-muenchen.de\/pt\/wp-json\/wp\/v2\/media\/2481"}],"wp:attachment":[{"href":"https:\/\/www.lusofonia-muenchen.de\/pt\/wp-json\/wp\/v2\/media?parent=2490"}],"wp:term":[{"taxonomy":"category","embeddable":true,"href":"https:\/\/www.lusofonia-muenchen.de\/pt\/wp-json\/wp\/v2\/categories?post=2490"},{"taxonomy":"autor","embeddable":true,"href":"https:\/\/www.lusofonia-muenchen.de\/pt\/wp-json\/wp\/v2\/autor?post=2490"},{"taxonomy":"land","embeddable":true,"href":"https:\/\/www.lusofonia-muenchen.de\/pt\/wp-json\/wp\/v2\/land?post=2490"},{"taxonomy":"jahr","embeddable":true,"href":"https:\/\/www.lusofonia-muenchen.de\/pt\/wp-json\/wp\/v2\/jahr?post=2490"}],"curies":[{"name":"wp","href":"https:\/\/api.w.org\/{rel}","templated":true}]}}

Bavaschôro feat. Dandara Modesto – choros brasileiros fusionam com sons bávaros

<p><strong>Bavaschôro</strong> de Munique realiza a fusão de gêneros musicais brasileiros com a música da Baviera. Os quatro músicos profissionais, provindos de vários gêneros e diferentes tradições musicais, apresentam o choro, música brasileira de barzinho, fusão entre ritmos africanos e as polcas. Com Bavaschôro esta mescla charmosa e leve retorna à Europa e é apimentada com música folclórica bávara, interpretada em instrumentos atípicos do choro como trompa, guitarra portuguesa ou tuba e acrescentada de novos arranjos.</p>



<p>A sonoridade da banda se encontra com a voz única e a brilhante presença de <strong>Dandara Modesto</strong>. A cantora, performer e produtora musical reflete uma música brasileira contemporânea com raízes na tradição dos ritmos afro-brasileiros. Ao longo de sua carreira tem participado em diversos projetos nas áreas de música, dança, teatro, artes visuais e performance, no Brasil e na Europa. Dandara produziu, compôs e dirigiu trilhas sonoras para filmes e performances. No seu álbum &#8220;Estrangeira&#8221; (2022) canta sobre o corpo feminino em movimento, a migração, o poder de ser diferente e a ancestralidade. Gravou seu último disco &#8220;Trinka&#8221; em 2024. A artista paulistana vive em Zurique.</p>



<p>Com:<br>Dandara Modesto (voz)<br>Ludwig Himpsl (percussão/pandeiro, trompa, tuba)<br>Xaver Himpsl (fliscorne, trompete, trompete piccolo)<br>Luís Maria Hölzl (violino, guitarra portuguesa, cavaquinho)<br>Henrique de Miranda Rebouças (violão de 7 cordas) </p>



<p>Mais de Dandara Modesto<br>Instagram: <a href="https://www.instagram.com/dandaramodesto/">https://www.instagram.com/dandaramodesto/</a><br>Trinka no Instagram: <a href="https://www.instagram.com/trinkamusic/?hl=de">https://www.instagram.com/trinkamusic/?hl=de</a><br>Vídeos: <a href="https://www.youtube.com/c/DandaraModesto">https://www.youtube.com/c/DandaraModesto</a></p>



<p>Mais de Bavaschôro<br>Website: <a href="http://www.bavaschoro.de">www.bavaschoro.de</a><br>Facebook: <a href="https://www.facebook.com/bavaschoro">https://www.facebook.com/bavaschoro</a></p>



<p>Vídeos: <a href="https://www.youtube.com/channel/UCrKqEbKf1NfQiLC-Y_x9EtQ">https://www.youtube.com/channel/UCrKqEbKf1NfQiLC-Y_x9EtQ</a></p>

<p>Bavaschôro de Munique realiza a fusão de gêneros musicais brasileiros com a música da Baviera. Os quatro multi-instrumentistas do Brasil, de Portugal e da Baviera apresentam o choro, apimentado com música folclórica bávara, instrumentos pouco típicos do choro e novos arranjos. A sonoridade da banda se encontra com a voz única e a brilhante presença da cantora, performer e produtora musical Dandara Modesto que reflete uma música brasileira contemporânea com raízes na tradição dos ritmos afro-brasileiros. </p>
<p>Uma fascinante fusão musical feita de música brasileira, charme bávaro e uma voz sedutora.</p>
