{"id":2495,"date":"2025-07-09T13:00:00","date_gmt":"2025-07-09T11:00:00","guid":{"rendered":"https:\/\/www.lusofonia-muenchen.de\/?post_type=termin&#038;p=2495"},"modified":"2026-01-25T12:40:14","modified_gmt":"2026-01-25T11:40:14","slug":"bia-ferreira","status":"publish","type":"termin","link":"https:\/\/www.lusofonia-muenchen.de\/pt\/programacao\/bia-ferreira\/","title":{"rendered":"Bia Ferreira"},"content":{"rendered":"\n<p>Die S\u00e4ngerin, Songwriterin und Aktivistin <strong>Bia Ferreira<\/strong> ist eine der Offenbarungen der zeitgen\u00f6ssischen brasilianischen Musik. Sie wurde 1993 in Minas Gerais geboren und wuchs in Alagoas, Sergipe, auf. Als Tochter einer traditionell evangelikalen Familie machte sie ihre ersten musikalischen Erfahrungen in der Kirche, und seit sie 15 ist, macht sie Musik.<\/p>\n\n<p>In ihren scharfen, queer-feministischen Texten bezieht sie Stellung gegen rassistische Vorurteile, ihre Musik nennt sie MMP: M\u00fasica de Mulher Preta (Musik Schwarzer Frauen). So nutzt Bia Ferreira ihre Kunst, um \u00fcber strukturellen Rassismus aufzukl\u00e4ren und das Bewusstsein f\u00fcr Diskriminierung gegen die LGBTQIA+-Bewegung und alle anderen Arten von Diskriminierung zu sch\u00e4rfen.<\/p>\n\n<p>In ihrer Musik verbindet die Multiinstrumentalistin afrodiasporische Rhythmen wie Soul, Rhythm &amp; Blues, Reggae und Rap mit brasilianischer Musik wie Samba und Repente. Im Jahr 2018 tourte sie zum ersten Mal durch Europa. Nach mehreren erfolgreichen Singles ver\u00f6ffentlichte sie 2019 ihr Deb\u00fctalbum <em>Igreja LisbeterianaI<\/em>, gefolgt von <em>Faminta<\/em> im Jahr 2022.<\/p>\n\n<p>Die Konzerte mit ihrem Trio sind bekannt f\u00fcr ihre gro\u00dfe Intensit\u00e4t, die Einbeziehung des Publikums und ihre emotionale Wirkung. Bia Ferreira hinterl\u00e4sst bleibende Eindr\u00fccke, wo immer sie auftritt, mit einem kraftvollen Sound, facettenreicher Stimme und starkem politischen Pl\u00e4doyer: Nein zu jeder Form von Diskriminierung und Ja zur Liebe!<\/p>\n\n<p><br\/><strong>Er\u00f6ffnungsact Kokonelle, Waseem, Taiga Trece &amp; Malcom R:<\/strong><br\/>Urbane Musik aus M\u00fcnchen mit der S\u00e4ngerin und MC Kokonelle (Kongo), die Rap, RnB, Afro und Soul mit reflektierten Reimen mixt, sowie mit den HipHop-K\u00fcnstler*innen Waseem, Taiga Trece, und Malcolm R, deren Wurzeln in \u00c4gypten, Mexiko und in Chile liegen. Globale Musik &amp; Empowerment treffen auf verschiedene Geschichten, Perspektiven und Sprachen \u2013 gemeinsam engagiert sich das Quartett f\u00fcr Peace, Love &amp; Unity.\u201c<\/p>\n\n<p>Mehr:<br\/>Bia Ferreira auf <a href=\"https:\/\/www.instagram.com\/ferreirabiaoficial\/?hl=de\">Instagram<\/a><br\/>Bia Ferreira auf <a href=\"https:\/\/www.youtube.com\/channel\/UC1NOrgdZHbGGzkecdUM4zGg\">Youtube<\/a><\/p>\n\n<p>Kokonelle auf <a href=\"https:\/\/www.instagram.com\/kokonelle\/?hl=de\">Instagram<\/a><br\/>Kokonelle auf <a href=\"https:\/\/www.youtube.com\/watch?v=ofYyCINeW6c&amp;list=RDofYyCINeW6c&amp;start_radio=1\">Youtube<\/a><br\/>Waseem auf <a href=\"https:\/\/www.youtube.com\/watch?v=jcSbd4giI74\">Youtube<\/a><br\/>Taiga Trece auf <a href=\"https:\/\/www.youtube.com\/channel\/UCK8zhdalJz4LBNCmItazlbQ\">Youtube<\/a><br\/>Malcolm R (und Waseem) auf <a href=\"https:\/\/www.youtube.com\/watch?v=vY40D5PTuC0&amp;list=RDvY40D5PTuC0&amp;start_radio=1\">Youtube<\/a><\/p>\n","protected":false},"excerpt":{"rendered":"<p>Bia Ferreira \u00e9 uma das revela\u00e7\u00f5es da m\u00fasica contempor\u00e2nea brasileira. Traz para o palco textos provocadores, feministas e queer, aliados a um som muito pr\u00f3prio que mescla ritmos afro-diasp\u00f3ricos como soul, ritmo&#038;blues, reggae e rap \u00e0 m\u00fasica brasileira como samba e repente. Um concerto com uma sonoridade plena de energia, uma voz multifacetada e um forte apelo pol\u00edtico contra racismo, homofobia e qualquer forma de discrimina\u00e7\u00e3o!<br \/>\nAbertura: Kokonelle, Waseem, Taiga Trece &#038; Malcom R:<br \/>\nM\u00fasica urbana de Munique, global e empoderante: paz, amor &#038; unidade!<\/p>\n","protected":false},"author":5,"featured_media":2494,"template":"","meta":{"_acf_changed":true,"inline_featured_image":false},"categories":[38],"autor":[403,404,407,406,405],"land":[72],"jahr":[379],"acf":[],"_links":{"self":[{"href":"https:\/\/www.lusofonia-muenchen.de\/pt\/wp-json\/wp\/v2\/termin\/2495"}],"collection":[{"href":"https:\/\/www.lusofonia-muenchen.de\/pt\/wp-json\/wp\/v2\/termin"}],"about":[{"href":"https:\/\/www.lusofonia-muenchen.de\/pt\/wp-json\/wp\/v2\/types\/termin"}],"author":[{"embeddable":true,"href":"https:\/\/www.lusofonia-muenchen.de\/pt\/wp-json\/wp\/v2\/users\/5"}],"wp:featuredmedia":[{"embeddable":true,"href":"https:\/\/www.lusofonia-muenchen.de\/pt\/wp-json\/wp\/v2\/media\/2494"}],"wp:attachment":[{"href":"https:\/\/www.lusofonia-muenchen.de\/pt\/wp-json\/wp\/v2\/media?parent=2495"}],"wp:term":[{"taxonomy":"category","embeddable":true,"href":"https:\/\/www.lusofonia-muenchen.de\/pt\/wp-json\/wp\/v2\/categories?post=2495"},{"taxonomy":"autor","embeddable":true,"href":"https:\/\/www.lusofonia-muenchen.de\/pt\/wp-json\/wp\/v2\/autor?post=2495"},{"taxonomy":"land","embeddable":true,"href":"https:\/\/www.lusofonia-muenchen.de\/pt\/wp-json\/wp\/v2\/land?post=2495"},{"taxonomy":"jahr","embeddable":true,"href":"https:\/\/www.lusofonia-muenchen.de\/pt\/wp-json\/wp\/v2\/jahr?post=2495"}],"curies":[{"name":"wp","href":"https:\/\/api.w.org\/{rel}","templated":true}]}}

<p>Die Sängerin, Songwriterin und Aktivistin <strong>Bia Ferreira</strong> ist eine der Offenbarungen der zeitgenössischen brasilianischen Musik. Sie wurde 1993 in Minas Gerais geboren und wuchs in Alagoas, Sergipe, auf. Als Tochter einer traditionell evangelikalen Familie machte sie ihre ersten musikalischen Erfahrungen in der Kirche, und seit sie 15 ist, macht sie Musik.</p>

<p>In ihren scharfen, queer-feministischen Texten bezieht sie Stellung gegen rassistische Vorurteile, ihre Musik nennt sie MMP: Música de Mulher Preta (Musik Schwarzer Frauen). So nutzt Bia Ferreira ihre Kunst, um über strukturellen Rassismus aufzuklären und das Bewusstsein für Diskriminierung gegen die LGBTQIA+-Bewegung und alle anderen Arten von Diskriminierung zu schärfen.</p>

<p>In ihrer Musik verbindet die Multiinstrumentalistin afrodiasporische Rhythmen wie Soul, Rhythm &amp; Blues, Reggae und Rap mit brasilianischer Musik wie Samba und Repente. Im Jahr 2018 tourte sie zum ersten Mal durch Europa. Nach mehreren erfolgreichen Singles veröffentlichte sie 2019 ihr Debütalbum <em>Igreja LisbeterianaI</em>, gefolgt von <em>Faminta</em> im Jahr 2022.</p>

<p>Die Konzerte mit ihrem Trio sind bekannt für ihre große Intensität, die Einbeziehung des Publikums und ihre emotionale Wirkung. Bia Ferreira hinterlässt bleibende Eindrücke, wo immer sie auftritt, mit einem kraftvollen Sound, facettenreicher Stimme und starkem politischen Plädoyer: Nein zu jeder Form von Diskriminierung und Ja zur Liebe!</p>

<p><br/><strong>Eröffnungsact Kokonelle, Waseem, Taiga Trece &amp; Malcom R:</strong><br/>Urbane Musik aus München mit der Sängerin und MC Kokonelle (Kongo), die Rap, RnB, Afro und Soul mit reflektierten Reimen mixt, sowie mit den HipHop-Künstler*innen Waseem, Taiga Trece, und Malcolm R, deren Wurzeln in Ägypten, Mexiko und in Chile liegen. Globale Musik &amp; Empowerment treffen auf verschiedene Geschichten, Perspektiven und Sprachen – gemeinsam engagiert sich das Quartett für Peace, Love &amp; Unity.“</p>

<p>Mehr:<br/>Bia Ferreira auf <a href="https://www.instagram.com/ferreirabiaoficial/?hl=de">Instagram</a><br/>Bia Ferreira auf <a href="https://www.youtube.com/channel/UC1NOrgdZHbGGzkecdUM4zGg">Youtube</a></p>

<p>Kokonelle auf <a href="https://www.instagram.com/kokonelle/?hl=de">Instagram</a><br/>Kokonelle auf <a href="https://www.youtube.com/watch?v=ofYyCINeW6c&amp;list=RDofYyCINeW6c&amp;start_radio=1">Youtube</a><br/>Waseem auf <a href="https://www.youtube.com/watch?v=jcSbd4giI74">Youtube</a><br/>Taiga Trece auf <a href="https://www.youtube.com/channel/UCK8zhdalJz4LBNCmItazlbQ">Youtube</a><br/>Malcolm R (und Waseem) auf <a href="https://www.youtube.com/watch?v=vY40D5PTuC0&amp;list=RDvY40D5PTuC0&amp;start_radio=1">Youtube</a></p>

<p>Bia Ferreira é uma das revelações da música contemporânea brasileira. Traz para o palco textos provocadores, feministas e queer, aliados a um som muito próprio que mescla ritmos afro-diaspóricos como soul, ritmo&#038;blues, reggae e rap à música brasileira como samba e repente. Um concerto com uma sonoridade plena de energia, uma voz multifacetada e um forte apelo político contra racismo, homofobia e qualquer forma de discriminação!<br />
Abertura: Kokonelle, Waseem, Taiga Trece &#038; Malcom R:<br />
Música urbana de Munique, global e empoderante: paz, amor &#038; unidade!</p>
